000
CXUS53 KMKX 230649
CF6MSN
PRELIMINARY LOCAL CLIMATOLOGICAL DATA (WS FORM: F-6)

                                          STATION:   MADISON WI
                                          MONTH:     APRIL
                                          YEAR:      2014
                                          LATITUDE:   43  7 N
                                          LONGITUDE:  89 20 W

  TEMPERATURE IN F:       :PCPN:    SNOW:  WIND      :SUNSHINE: SKY     :PK WND
================================================================================
1   2   3   4   5  6A  6B    7    8   9   10  11  12  13   14  15   16   17  18
                                     12Z  AVG MX 2MIN
DY MAX MIN AVG DEP HDD CDD  WTR  SNW DPTH SPD SPD DIR MIN PSBL S-S WX    SPD DR
================================================================================

 1  50  26  38  -2  27   0    T    T    0 10.7 22 230   M    M   7        36 220
 2  51  22  37  -4  28   0    T    T    0  7.4 20  90   M    M   5 1      25 190
 3  39  36  38  -3  27   0    T    T    0 16.2 26  90   M    M  10 1      35  80
 4  39  33  36  -6  29   0 0.14    T    0 10.7 25 330   M    M  10 13     35 320
 5  52  24  38  -4  27   0 0.00  0.0    0  4.6 12 220   M    M   1        16 220
 6  59  32  46   3  19   0 0.00  0.0    0  8.6 20 190   M    M   6        24 190
 7  63  38  51   8  14   0 0.13  0.0    0  5.0 16 350   M    M   9 1      20 340
 8  60  38  49   5  16   0    T  0.0    0  8.5 17 350   M    M   6        24 350
 9  64  28  46   2  19   0 0.00  0.0    0  8.1 21 200   M    M   2        27 180
10  64  38  51   7  14   0    T  0.0    0  8.2 21 340   M    M   5        27 350
11  69  36  53   8  12   0    T  0.0    0  5.8 17 230   M    M   4         M  M
12  62  43  53   8  12   0 0.07  0.0    0 10.1 25  10   M    M   6 13     32  10
13  53  42  48   2  17   0 2.63  0.0    0 11.1 31  40   M    M  10 13     43  20
14  42  26  34 -12  31   0 0.38  1.0    1 13.7 26  10   M    M  10 1      32 350
15  37  18  28 -18  37   0    T    T    T  4.6 16 290   M    M   4        21 290
16  52  27  40  -7  25   0 0.00  0.0    0 17.5 35 160   M    M   8        44 170
17  56  33  45  -2  20   0 0.00  0.0    0 10.0 26 170   M    M   8        45 200
18  56  27  42  -6  23   0 0.00  0.0    0  6.2 15 110   M    M   1 1      19 110
19  67  32  50   2  15   0 0.00  0.0    0 10.9 23 170   M    M   4        29 160
20  78  52  65  17   0   0 0.01  0.0    0  7.4 16 190   M    M   6 1      21 180
21  70  50  60  11   5   0 0.05  0.0    0  6.1 23 330   M    M   6 13     32 330
22  59  36  48  -1  17   0 0.00  0.0    0 11.4 22 320   M    M   1        29 310
================================================================================
SM 1242  737       434   0  3.41     1.0 202.8          M      129
================================================================================
AV 56.5 33.5                               9.2 FASTST   M    M   6    MAX(MPH)
                                 MISC ---->  # 35 160               # 45  200
================================================================================
NOTES:
# LAST OF SEVERAL OCCURRENCES

COLUMN 17 PEAK WIND IN M.P.H.

PRELIMINARY LOCAL CLIMATOLOGICAL DATA (WS FORM: F-6) , PAGE 2

                                          STATION:  MADISON WI
                                          MONTH:    APRIL
                                          YEAR:     2014
                                          LATITUDE:   43  7 N
                                          LONGITUDE:  89 20 W

[TEMPERATURE DATA]      [PRECIPITATION DATA]       SYMBOLS USED IN COLUMN 16

AVERAGE MONTHLY: 45.0   TOTAL FOR MONTH:   3.41    1 = FOG OR MIST
DPTR FM NORMAL:   0.1   DPTR FM NORMAL:    0.93    2 = FOG REDUCING VISIBILITY
HIGHEST:    78 ON 20    GRTST 24HR  2.63 ON 13-13      TO 1/4 MILE OR LESS
LOWEST:     18 ON 15                               3 = THUNDER
                        SNOW, ICE PELLETS, HAIL    4 = ICE PELLETS
                        TOTAL MONTH:   1.0 INCH    5 = HAIL
                        GRTST 24HR   1.0 ON 14-14  6 = FREEZING RAIN OR DRIZZLE
                        GRTST DEPTH:   1 ON 14     7 = DUSTSTORM OR SANDSTORM:
                                                       VSBY 1/2 MILE OR LESS
                                                   8 = SMOKE OR HAZE
[NO. OF DAYS WITH]      [WEATHER - DAYS WITH]      9 = BLOWING SNOW
                                                   X = TORNADO
MAX 32 OR BELOW:   0    0.01 INCH OR MORE:   7
MAX 90 OR ABOVE:   0    0.10 INCH OR MORE:   4
MIN 32 OR BELOW:  10    0.50 INCH OR MORE:   1
MIN  0 OR BELOW:   0    1.00 INCH OR MORE:   1

[HDD (BASE 65) ]
TOTAL THIS MO.   434    CLEAR  (SCALE 0-3)   4
DPTR FM NORMAL    -9    PTCLDY (SCALE 4-7)  13
TOTAL FM JUL 1  7694    CLOUDY (SCALE 8-10)  5
DPTR FM NORMAL   802

[CDD (BASE 65) ]
TOTAL THIS MO.     0
DPTR FM NORMAL     0    [PRESSURE DATA]
TOTAL FM JAN 1     0    HIGHEST SLP M ON M
DPTR FM NORMAL     0    LOWEST  SLP 29.47 ON  4

[REMARKS]
