000
CXUS53 KMKX 190900
CF6MSN
PRELIMINARY LOCAL CLIMATOLOGICAL DATA (WS FORM: F-6)

                                          STATION:   MADISON WI
                                          MONTH:     AUGUST
                                          YEAR:      2017
                                          LATITUDE:   43  7 N
                                          LONGITUDE:  89 20 W

  TEMPERATURE IN F:       :PCPN:    SNOW:  WIND      :SUNSHINE: SKY     :PK WND
================================================================================
1   2   3   4   5  6A  6B    7    8   9   10  11  12  13   14  15   16   17  18
                                     12Z  AVG MX 2MIN
DY MAX MIN AVG DEP HDD CDD  WTR  SNW DPTH SPD SPD DIR MIN PSBL S-S WX    SPD DR
================================================================================

 1  83  59  71   0   0   6 0.00  0.0    0  2.0  9 210   M    M   2 1      14 220
 2  85  62  74   3   0   9 0.00  0.0    0  4.4 20 110   M    M   5        23 100
 3  76  55  66  -4   0   1 0.43  0.0    0  6.9 17 290   M    M   9 13     27 270
 4  71  53  62  -8   3   0 0.03  0.0    0  9.6 23 320   M    M   6 1      32 320
 5  77  53  65  -5   0   0 0.00  0.0    0  3.0 10 310   M    M   6        16 280
 6  76  59  68  -2   0   3    T  0.0    0  2.4 17  20   M    M   8        19  20
 7  77  57  67  -3   0   2 0.00  0.0    0  3.8 13  40   M    M   5        17  10
 8  80  54  67  -3   0   2 0.00  0.0    0  3.7 13 290   M    M   3        18 280
 9  79  57  68  -2   0   3 0.00  0.0    0  5.9 15 180   M    M   6        20 180
10  82  64  73   3   0   8 1.04  0.0    0  7.0 15 200   M    M   7 138    22 250
11  73  56  65  -5   0   0    T  0.0    0  5.8 16 360   M    M   6 1      21 330
12  77  51  64  -6   1   0 0.00  0.0    0  4.1 13 350   M    M   2        16 350
13  75  51  63  -7   2   0 0.00  0.0    0  2.6 12 170   M    M   6 1      15 180
14  78  56  67  -3   0   2    T  0.0    0  4.5 15 190   M    M   7 1      30  90
15  77  61  69  -1   0   4 0.00  0.0    0  6.0 13  20   M    M   7 1      15  30
16  85  61  73   3   0   8 1.68  0.0    0  8.8 26 130   M    M   7 13     35 130
17  77  66  72   3   0   7 0.16  0.0    0  8.5 17 300   M    M   8 1      26 270
18  77  61  69   0   0   4 0.00  0.0    0  6.8 18 320   M    M   8        26 310
================================================================================
SM 1405 1036         6  59  3.34     0.0  95.8          M      108
================================================================================
AV 78.1 57.6                               5.3 FASTST   M    M   6    MAX(MPH)
                                 MISC ---->  # 26 130               # 35  130
================================================================================
NOTES:
# LAST OF SEVERAL OCCURRENCES

COLUMN 17 PEAK WIND IN M.P.H.

PRELIMINARY LOCAL CLIMATOLOGICAL DATA (WS FORM: F-6) , PAGE 2

                                          STATION:  MADISON WI
                                          MONTH:    AUGUST
                                          YEAR:     2017
                                          LATITUDE:   43  7 N
                                          LONGITUDE:  89 20 W

[TEMPERATURE DATA]      [PRECIPITATION DATA]       SYMBOLS USED IN COLUMN 16

AVERAGE MONTHLY: 67.8   TOTAL FOR MONTH:   3.34    1 = FOG OR MIST
DPTR FM NORMAL:  -2.2   DPTR FM NORMAL:    0.79    2 = FOG REDUCING VISIBILITY
HIGHEST:    85 ON 16, 2 GRTST 24HR  1.68 ON 16-16      TO 1/4 MILE OR LESS
LOWEST:     51 ON 13,12                            3 = THUNDER
                        SNOW, ICE PELLETS, HAIL    4 = ICE PELLETS
                        TOTAL MONTH:   0.0 INCH    5 = HAIL
                        GRTST 24HR     0.0         6 = FREEZING RAIN OR DRIZZLE
                        GRTST DEPTH:   0           7 = DUSTSTORM OR SANDSTORM:
                                                       VSBY 1/2 MILE OR LESS
                                                   8 = SMOKE OR HAZE
[NO. OF DAYS WITH]      [WEATHER - DAYS WITH]      9 = BLOWING SNOW
                                                   X = TORNADO
MAX 32 OR BELOW:   0    0.01 INCH OR MORE:   5
MAX 90 OR ABOVE:   0    0.10 INCH OR MORE:   4
MIN 32 OR BELOW:   0    0.50 INCH OR MORE:   2
MIN  0 OR BELOW:   0    1.00 INCH OR MORE:   2

[HDD (BASE 65) ]
TOTAL THIS MO.     6    CLEAR  (SCALE 0-3)   3
DPTR FM NORMAL    -9    PTCLDY (SCALE 4-7)  12
TOTAL FM JUL 1     6    CLOUDY (SCALE 8-10)  3
DPTR FM NORMAL   -19

[CDD (BASE 65) ]
TOTAL THIS MO.    59
DPTR FM NORMAL   -43    [PRESSURE DATA]
TOTAL FM JAN 1   433    HIGHEST SLP M ON M
DPTR FM NORMAL   -25    LOWEST  SLP 29.64 ON 17

[REMARKS]
