000
CXUS51 KBTV 250700
CF6MSS
PRELIMINARY LOCAL CLIMATOLOGICAL DATA (WS FORM: F-6)

                                          STATION:   MASSENA NY
                                          MONTH:     OCTOBER
                                          YEAR:      2014
                                          LATITUDE:   44 55 N
                                          LONGITUDE:  74 51 W

  TEMPERATURE IN F:       :PCPN:    SNOW:  WIND      :SUNSHINE: SKY     :PK WND
================================================================================
1   2   3   4   5  6A  6B    7    8   9   10  11  12  13   14  15   16   17  18
                                     12Z  AVG MX 2MIN
DY MAX MIN AVG DEP HDD CDD  WTR  SNW DPTH SPD SPD DIR MIN PSBL S-S WX    SPD DR
================================================================================

 1  63  52  58   6   7   0 0.00  0.0    0 10.7 17  40   M    M   6 1      23  60
 2  70  43  57   5   8   0 0.00  0.0    0  5.6 13  30   M    M   2 128    16  30
 3  78  49  64  13   1   0 0.03    M    0  7.5 17 160   M    M   2 1      23 170
 4  62  48  55   4  10   0 0.34    M    0  7.5 22 230   M    M   9 1      28 230
 5  57  42  50   0  15   0    T    M    0  9.8 21 220   M    M   5        27 220
 6  63  37  50   0  15   0 0.02    M    0  5.9 20 190   M    M   6 1      26 210
 7  69  51  60  10   5   0 0.26  0.0    0  7.9 22 200   M    M   6 1      29 260
 8  64  48  56   7   9   0 0.34    M    0 12.7 36 270   M    M   9 1      44 270
 9  55  38  47  -2  18   0 0.08    M    0 11.4 25 220   M    M   5 1      34 240
10  53  37  45  -3  20   0 0.01    M    0  7.3 18 270   M    M   7        23 270
11  57  41  49   1  16   0    T    M    0  1.7  9 270   M    M  10        12 310
12  59  31  45  -3  20   0 0.00  0.0    0  0.9  8 300   M    M   1 12     11 300
13  66  30  48   1  17   0 0.00  0.0    0  1.8 14 180   M    M   5 1      17 180
14  82  47  65  18   0   0 0.01    M    0  7.5 26 210   M    M   2 12     34 220
15  79  64  72  26   0   7 0.09  0.0    0  5.8 17 210   M    M   6 1      23 200
16  71  55  63  17   2   0 0.43  0.0    0  7.1 13 210   M    M   8 1      16 230
17  64  54  59  13   6   0 0.03  0.0    0 11.5 25 220   M    M   7 1      35 220
18  61  44  53   8  12   0 0.07    M    0 11.5 20 300   M    M   8 1      26 300
19  44  35  40  -5  25   0    T    M    0 11.0 16 290   M    M   9        23 290
20  47  29  38  -7  27   0 0.07    M    0  2.7  9 200   M    M   7 1      12 190
21  46  43  45   1  20   0 0.02    M    0 12.9 21  60   M    M  10 1      26  50
22  52  44  48   4  17   0 0.00  0.0    0 13.5 20  30   M    M   9        26  30
23  52  43  48   4  17   0 0.02    M    0 12.5 23  30   M    M   9 1      27  40
24  60  44  52   9  13   0 0.00  0.0    0  3.1 13 230   M    M   9        17 230
================================================================================
SM 1474 1049       300   7  1.82     0.0 189.8          M      157
================================================================================
AV 61.4 43.7                               7.9 FASTST   M    M   7    MAX(MPH)
                                 MISC ---->  # 36 270               # 44  270
================================================================================
NOTES:
# LAST OF SEVERAL OCCURRENCES

COLUMN 17 PEAK WIND IN M.P.H.

PRELIMINARY LOCAL CLIMATOLOGICAL DATA (WS FORM: F-6) , PAGE 2

                                          STATION:  MASSENA NY
                                          MONTH:    OCTOBER
                                          YEAR:     2014
                                          LATITUDE:   44 55 N
                                          LONGITUDE:  74 51 W

[TEMPERATURE DATA]      [PRECIPITATION DATA]       SYMBOLS USED IN COLUMN 16

AVERAGE MONTHLY: 52.6   TOTAL FOR MONTH:   1.82    1 = FOG OR MIST
DPTR FM NORMAL:   5.1   DPTR FM NORMAL:   -0.76    2 = FOG REDUCING VISIBILITY
HIGHEST:    82 ON 14    GRTST 24HR  0.52 ON 15-16      TO 1/4 MILE OR LESS
LOWEST:     29 ON 20                               3 = THUNDER
                        SNOW, ICE PELLETS, HAIL    4 = ICE PELLETS
                        TOTAL MONTH:   0.0 INCH    5 = HAIL
                        GRTST 24HR     0.0         6 = FREEZING RAIN OR DRIZZLE
                        GRTST DEPTH:   0           7 = DUSTSTORM OR SANDSTORM:
                                                       VSBY 1/2 MILE OR LESS
                                                   8 = SMOKE OR HAZE
[NO. OF DAYS WITH]      [WEATHER - DAYS WITH]      9 = BLOWING SNOW
                                                   X = TORNADO
MAX 32 OR BELOW:   0    0.01 INCH OR MORE:  15
MAX 90 OR ABOVE:   0    0.10 INCH OR MORE:   4
MIN 32 OR BELOW:   3    0.50 INCH OR MORE:   0
MIN  0 OR BELOW:   0    1.00 INCH OR MORE:   0

[HDD (BASE 65) ]
TOTAL THIS MO.   300    CLEAR  (SCALE 0-3)   4
DPTR FM NORMAL  -122    PTCLDY (SCALE 4-7)  12
TOTAL FM JUL 1   567    CLOUDY (SCALE 8-10)  8
DPTR FM NORMAL  -155

[CDD (BASE 65) ]
TOTAL THIS MO.     7
DPTR FM NORMAL     7    [PRESSURE DATA]
TOTAL FM JAN 1   336    HIGHEST SLP M ON M
DPTR FM NORMAL   -25    LOWEST  SLP 29.52 ON 18

[REMARKS]
