000
CXUS55 KGJT 011000
CF6MTJ
PRELIMINARY LOCAL CLIMATOLOGICAL DATA (WS FORM: F-6)

                                          STATION:   MONTROSE CO
                                          MONTH:     JUNE
                                          YEAR:      2015
                                          LATITUDE:   38 30 N
                                          LONGITUDE: 107 53 W

  TEMPERATURE IN F:       :PCPN:    SNOW:  WIND      :SUNSHINE: SKY     :PK WND
================================================================================
1   2   3   4   5  6A  6B    7    8   9   10  11  12  13   14  15   16   17  18
                                     12Z  AVG MX 2MIN
DY MAX MIN AVG DEP HDD CDD  WTR  SNW DPTH SPD SPD DIR MIN PSBL S-S WX    SPD DR
================================================================================

 1  89  53  71   7   0   6    T    M    M 11.4 24 240   M    M   2 3      30 240
 2  87  57  72   8   0   7 0.00    M    M 10.5 23 210   M    M   0 8      31 230
 3  86  52  69   5   0   4 0.00    M    M 12.3 26 240   M    M   0 8      34 250
 4  88  53  71   6   0   6 0.00    M    M  8.4 22 240   M    M   0        28 240
 5  72  54  63  -2   2   0 0.12    M    M  6.6 17  40   M    M   4 1      22  50
 6  61  48  55 -10  10   0 0.33    M    M  7.3 20 140   M    M   7 13     24 150
 7  76  43  60  -6   5   0    T    M    M  8.0 21 320   M    M   0        25 310
 8  82  46  64  -2   1   0 0.00    M    M  6.4 14 330   M    M   0        16 320
 9  88  51  70   4   0   5 0.00    M    M  6.2 25 320   M    M   1        39 320
10  73  57  65  -2   0   0 0.23    M    M  5.2 14 320   M    M   7 1      17 130
11  72  54  63  -4   2   0 0.16    M    M  6.0 22 320   M    M   8 13     28 270
12  77  50  64  -3   1   0 0.00    M    M  6.0 16 150   M    M   3        19 150
13  82  53  68   0   0   3 0.00    M    M  7.1 21 260   M    M   1 3      27 280
14  85  51  68   0   0   3 0.00    M    M  6.9 24 110   M    M   0        33 110
15  88  55  72   4   0   7 0.00    M    M  6.7 25 210   M    M   0        33 220
16  89  60  75   7   0  10    T    M    M  8.8 21 110   M    M   2 3      33 350
17  92  62  77   8   0  12 0.00    M    M  8.1 18 270   M    M   0        24 270
18  95  55  75   6   0  10 0.00    M    M  8.7 16 130   M    M   0        27 250
19  95  58  77   8   0  12 0.00    M    M 10.0 20 250   M    M   0        26 240
20  97  63  80  10   0  15 0.00    M    M  8.4 18 250   M    M   0        27 220
21  98  60  79   9   0  14 0.00    M    M 10.6 23 220   M    M   0        30 220
22  97  60  79   9   0  14 0.00    M    M  8.9 18 230   M    M   0        25 230
23  97  63  80  10   0  15    T    M    M  8.4 35 230   M    M   0 8      53 220
24  92  58  75   4   0  10 0.05    M    M  7.4 33 110   M    M   1 3      41 170
25  94  54  74   3   0   9 0.00    M    M  6.6 16 290   M    M   0        20 290
26  95  58  77   6   0  12 0.00    M    M  6.9 16 290   M    M   0        20 310
27  95  59  77   5   0  12 0.00    M    M  8.2 18 310   M    M   0 3      29 320
28  95  60  78   6   0  13    T    M    M  8.8 29 110   M    M   0        36 120
29  96  65  81   9   0  16 0.00    M    M  5.7 24 110   M    M   0        32 120
30  98  61  80   8   0  15 0.00    M    M  6.7 29 310   M    M   0 8      35 300
================================================================================
SM 2631 1673        21 230  0.89    M    237.2          M       36
================================================================================
AV 87.7 55.8                               7.9 FASTST   M    M   1    MAX(MPH)
                                 MISC ---->  # 35 230               # 53  220
================================================================================
NOTES:
# LAST OF SEVERAL OCCURRENCES

COLUMN 17 PEAK WIND IN M.P.H.

PRELIMINARY LOCAL CLIMATOLOGICAL DATA (WS FORM: F-6) , PAGE 2

                                          STATION:  MONTROSE CO
                                          MONTH:    JUNE
                                          YEAR:     2015
                                          LATITUDE:   38 30 N
                                          LONGITUDE: 107 53 W

[TEMPERATURE DATA]      [PRECIPITATION DATA]       SYMBOLS USED IN COLUMN 16

AVERAGE MONTHLY: 71.7   TOTAL FOR MONTH:   0.89    1 = FOG OR MIST
DPTR FM NORMAL:   3.5   DPTR FM NORMAL:    0.12    2 = FOG REDUCING VISIBILITY
HIGHEST:    98 ON 30,21 GRTST 24HR  0.39 ON  5- 6      TO 1/4 MILE OR LESS
LOWEST:     43 ON  7                               3 = THUNDER
                        SNOW, ICE PELLETS, HAIL    4 = ICE PELLETS
                        TOTAL MONTH:    M          5 = HAIL
                        GRTST 24HR    M  ON   M    6 = FREEZING RAIN OR DRIZZLE
                        GRTST DEPTH:  M  ON   M    7 = DUSTSTORM OR SANDSTORM:
                                                       VSBY 1/2 MILE OR LESS
                                                   8 = SMOKE OR HAZE
[NO. OF DAYS WITH]      [WEATHER - DAYS WITH]      9 = BLOWING SNOW
                                                   X = TORNADO
MAX 32 OR BELOW:   0    0.01 INCH OR MORE:   5
MAX 90 OR ABOVE:  14    0.10 INCH OR MORE:   4
MIN 32 OR BELOW:   0    0.50 INCH OR MORE:   0
MIN  0 OR BELOW:   0    1.00 INCH OR MORE:   0

[HDD (BASE 65) ]
TOTAL THIS MO.    21    CLEAR  (SCALE 0-3)  26
DPTR FM NORMAL   -18    PTCLDY (SCALE 4-7)   4
TOTAL FM JUL 1  5414    CLOUDY (SCALE 8-10)  0
DPTR FM NORMAL  -789

[CDD (BASE 65) ]
TOTAL THIS MO.   230
DPTR FM NORMAL    95    [PRESSURE DATA]
TOTAL FM JAN 1   234    HIGHEST SLP 30.16 ON  6
DPTR FM NORMAL    82    LOWEST  SLP 29.64 ON  3

[REMARKS]
#FINAL-06-15#
