000
CXUS53 KILX 250900
CF6MTO
PRELIMINARY LOCAL CLIMATOLOGICAL DATA (WS FORM: F-6)

                                          STATION:   MATTOON IL AIRPORT
                                          MONTH:     FEBRUARY
                                          YEAR:      2018
                                          LATITUDE:   39 28 N
                                          LONGITUDE:  88 17 W

  TEMPERATURE IN F:       :PCPN:    SNOW:  WIND      :SUNSHINE: SKY     :PK WND
================================================================================
1   2   3   4   5  6A  6B    7    8   9   10  11  12  13   14  15   16   17  18
                                     12Z  AVG MX 2MIN
DY MAX MIN AVG DEP HDD CDD  WTR  SNW DPTH SPD SPD DIR MIN PSBL S-S WX    SPD DR
================================================================================

 1  36  13  25  -3  40   0 0.00    M    M 15.3 25 320   M    M   4        31 320
 2  23   6  15 -13  50   0 0.00    M    M  8.1 16 330   M    M   2        20 330
 3  37  21  29   1  36   0    T    M    M 14.6 25 190   M    M  10        36 180
 4  38   7  23  -6  42   0    T    M    M 14.3 31 320   M    M   8 18     39 330
 5  23  -1  11 -18  54   0 0.03    M    M  4.8 12 130   M    M   3 1      16 200
 6  22   7  15 -14  50   0 0.00    M    M  8.3 14  20   M    M   4 1      17  20
 7  28  14  21  -8  44   0 0.00    M    M 11.1 17 330   M    M   7 18     28  70
 8  36  11  24  -6  41   0 0.00    M    M  8.0 17 160   M    M   7 1      27 190
 9  54  29  42  12  23   0 0.00    M    M 11.5 18 340   M    M   5 18     28  30
10  29  24  27  -3  38   0    T    M    M 16.5 24  30   M    M   9 1      29  40
11  27  15  21  -9  44   0 0.01    M    M 13.8 22 310   M    M   8 16     31  60
12  36  10  23  -8  42   0 0.00    M    M  9.2 17  20   M    M   0        20  10
13  42  18  30  -1  35   0 0.00    M    M  8.6 15 150   M    M   4 1      21 200
14  54  35  45  14  20   0 0.05    M    M  9.5 20 200   M    M   9 12     25 210
15  69  46  58  26   7   0 0.05    M    M  9.4 18 290   M    M   8 13     30 170
16  46  25  36   4  29   0 0.01    M    M 11.7 25 330   M    M   7 1      31 330
17  37  23  30  -2  35   0    M    M    M  7.3 23 290   M    M   5 1      31 270
18  47  23  35   2  30   0 0.00    M    M 11.7 23 160   M    M   1 1      29 160
19  63  47  55  22  10   0 0.45    M    M 14.2 26 200   M    M  10 13     36 200
20  69  38  54  20  11   0 0.87    M    M 15.4 24 340   M    M   8 13     33 170
21  36  31  34   0  31   0 0.50    M    M 15.5 24 340   M    M  10 16     30 360
22  45  34  40   6  25   0    T    M    M 12.0 23  60   M    M  10 1      26  60
23  48  38  43   8  22   0 0.03    M    M  9.5 18 280   M    M  10 1      22 280
24  57  38  48  13  17   0 0.80    M    M 12.3 36 270   M    M  10 1      48 280
================================================================================
SM 1002  552       776   0  2.80    M    272.6          M      159
================================================================================
AV 41.8 23.0                              11.4 FASTST   M    M   7    MAX(MPH)
                                 MISC ---->  # 36 270               # 48  280
================================================================================
NOTES:
# LAST OF SEVERAL OCCURRENCES

COLUMN 17 PEAK WIND IN M.P.H.

PRELIMINARY LOCAL CLIMATOLOGICAL DATA (WS FORM: F-6) , PAGE 2

                                          STATION:  MATTOON IL AIRPORT
                                          MONTH:    FEBRUARY
                                          YEAR:     2018
                                          LATITUDE:   39 28 N
                                          LONGITUDE:  88 17 W

[TEMPERATURE DATA]      [PRECIPITATION DATA]       SYMBOLS USED IN COLUMN 16

AVERAGE MONTHLY: 32.4   TOTAL FOR MONTH:   2.80    1 = FOG OR MIST
DPTR FM NORMAL:   1.2   DPTR FM NORMAL:    1.24    2 = FOG REDUCING VISIBILITY
HIGHEST:    69 ON 20,15 GRTST 24HR  0.87 ON 20-20      TO 1/4 MILE OR LESS
LOWEST:     -1 ON  5                               3 = THUNDER
                        SNOW, ICE PELLETS, HAIL    4 = ICE PELLETS
                        TOTAL MONTH:    M          5 = HAIL
                        GRTST 24HR    M  ON   M    6 = FREEZING RAIN OR DRIZZLE
                        GRTST DEPTH:  M  ON   M    7 = DUSTSTORM OR SANDSTORM:
                                                       VSBY 1/2 MILE OR LESS
                                                   8 = SMOKE OR HAZE
[NO. OF DAYS WITH]      [WEATHER - DAYS WITH]      9 = BLOWING SNOW
                                                   X = TORNADO
MAX 32 OR BELOW:   6    0.01 INCH OR MORE:  10
MAX 90 OR ABOVE:   0    0.10 INCH OR MORE:   4
MIN 32 OR BELOW:  17    0.50 INCH OR MORE:   3
MIN  0 OR BELOW:   1    1.00 INCH OR MORE:   0

[HDD (BASE 65) ]
TOTAL THIS MO.   776    CLEAR  (SCALE 0-3)   4
DPTR FM NORMAL   -36    PTCLDY (SCALE 4-7)  12
TOTAL FM JUL 1  4015    CLOUDY (SCALE 8-10)  8
DPTR FM NORMAL   -73

[CDD (BASE 65) ]
TOTAL THIS MO.     0
DPTR FM NORMAL     0    [PRESSURE DATA]
TOTAL FM JAN 1     0    HIGHEST SLP M ON M
DPTR FM NORMAL     0    LOWEST  SLP 29.57 ON 24

[REMARKS]
