000
CXUS56 KOTX 201500
CF6MWH
PRELIMINARY LOCAL CLIMATOLOGICAL DATA (WS FORM: F-6)

                                          STATION:   MOSES LAKE WA AIRPORT
                                          MONTH:     OCTOBER
                                          YEAR:      2014
                                          LATITUDE:   47 12 N
                                          LONGITUDE: 119 19 W

  TEMPERATURE IN F:       :PCPN:    SNOW:  WIND      :SUNSHINE: SKY     :PK WND
================================================================================
1   2   3   4   5  6A  6B    7    8   9   10  11  12  13   14  15   16   17  18
                                     12Z  AVG MX 2MIN
DY MAX MIN AVG DEP HDD CDD  WTR  SNW DPTH SPD SPD DIR MIN PSBL S-S WX    SPD DR
================================================================================

 1  71  41  56   0   9   0 0.00    M    M  8.5 21 290   M    M   0        26 290
 2  69  43  56   1   9   0 0.00    M    M  6.1 21 330   M    M   0        26 330
 3  71  38  55   0  10   0 0.00    M    M  4.6 10  20   M    M   0        12 130
 4  73  44  59   5   6   0 0.00    M    M  4.0  9 360   M    M   1        10  70
 5  79  44  62   8   3   0 0.00    M    M  3.7  8 210   M    M   0        11 190
 6  86  45  66  13   0   1 0.00    M    M  6.0 15 180   M    M   0        18 180
 7  84  51  68  15   0   3 0.00    M    M  4.7 12 360   M    M   0 8      14 360
 8  78  48  63  11   2   0 0.00    M    M  2.4  7  30   M    M   1         9 320
 9  78  43  61   9   4   0 0.00    M    M  3.9 10  50   M    M   0        16  30
10  77  40  59   7   6   0 0.00    M    M  6.5 14 180   M    M   1        19 170
11  76  52  64  13   1   0    T    M    M 15.2 36 320   M    M   3 8      44 320
12  68  43  56   5   9   0 0.00    M    M  7.0 14 210   M    M   1        17 230
13  73  43  58   8   7   0 0.00    M    M  6.0 17 180   M    M   3        21 170
14  67  52  60  10   5   0 0.06    M    M  9.5 21 160   M    M   5        24 210
15  62  49  56   6   9   0 0.05    M    M  9.6 26 210   M    M   5 1      35 220
16  64  38  51   2  14   0 0.00    M    M  4.7 10  30   M    M   2        14  60
17  60  44  52   3  13   0 0.05    M    M  5.1 12  40   M    M   7        14  30
18  67  44  56   8   9   0 0.03    M    M  3.7 12 360   M    M   4 1      13 360
19  69  45  57   9   8   0 0.00    M    M  5.7 13  10   M    M   0 1      15  10
================================================================================
SM 1372  847       124   4  0.19    M    116.9          M       33
================================================================================
AV 72.2 44.6                               6.2 FASTST   M    M   2    MAX(MPH)
                                 MISC ---->  # 36 320               # 44  320
================================================================================
NOTES:
# LAST OF SEVERAL OCCURRENCES

COLUMN 17 PEAK WIND IN M.P.H.

PRELIMINARY LOCAL CLIMATOLOGICAL DATA (WS FORM: F-6) , PAGE 2

                                          STATION:  MOSES LAKE WA AIRPORT
                                          MONTH:    OCTOBER
                                          YEAR:     2014
                                          LATITUDE:   47 12 N
                                          LONGITUDE: 119 19 W

[TEMPERATURE DATA]      [PRECIPITATION DATA]       SYMBOLS USED IN COLUMN 16

AVERAGE MONTHLY: 58.4   TOTAL FOR MONTH:   0.19    1 = FOG OR MIST
DPTR FM NORMAL:   6.7   DPTR FM NORMAL:   -0.17    2 = FOG REDUCING VISIBILITY
HIGHEST:    86 ON  6    GRTST 24HR  0.11 ON 14-15      TO 1/4 MILE OR LESS
LOWEST:     38 ON 16, 3                            3 = THUNDER
                        SNOW, ICE PELLETS, HAIL    4 = ICE PELLETS
                        TOTAL MONTH:    M          5 = HAIL
                        GRTST 24HR    M  ON   M    6 = FREEZING RAIN OR DRIZZLE
                        GRTST DEPTH:  M  ON   M    7 = DUSTSTORM OR SANDSTORM:
                                                       VSBY 1/2 MILE OR LESS
                                                   8 = SMOKE OR HAZE
[NO. OF DAYS WITH]      [WEATHER - DAYS WITH]      9 = BLOWING SNOW
                                                   X = TORNADO
MAX 32 OR BELOW:   0    0.01 INCH OR MORE:   4
MAX 90 OR ABOVE:   0    0.10 INCH OR MORE:   0
MIN 32 OR BELOW:   0    0.50 INCH OR MORE:   0
MIN  0 OR BELOW:   0    1.00 INCH OR MORE:   0

[HDD (BASE 65) ]
TOTAL THIS MO.   124    CLEAR  (SCALE 0-3)  15
DPTR FM NORMAL  -128    PTCLDY (SCALE 4-7)   4
TOTAL FM JUL 1   176    CLOUDY (SCALE 8-10)  0
DPTR FM NORMAL  -226

[CDD (BASE 65) ]
TOTAL THIS MO.     4
DPTR FM NORMAL     4    [PRESSURE DATA]
TOTAL FM JAN 1   952    HIGHEST SLP M ON M
DPTR FM NORMAL   338    LOWEST  SLP  0.00 ON M

[REMARKS]
