767
CXUS54 KFWD 310730
CF6MWL
PRELIMINARY LOCAL CLIMATOLOGICAL DATA (WS FORM: F-6)

                                          STATION:   MINERAL WELLS
                                          MONTH:     MAY
                                          YEAR:      2016
                                          LATITUDE:   32 46 N
                                          LONGITUDE:  98  4 W

  TEMPERATURE IN F:       :PCPN:    SNOW:  WIND      :SUNSHINE: SKY     :PK WND
================================================================================
1   2   3   4   5  6A  6B    7    8   9   10  11  12  13   14  15   16   17  18
                                     12Z  AVG MX 2MIN
DY MAX MIN AVG DEP HDD CDD  WTR  SNW DPTH SPD SPD DIR MIN PSBL S-S WX    SPD DR
================================================================================

 1  74  54  64  -4   1   0 0.00  0.0    0 12.3 21  10   M    M   3        29  10
 2  68  50  59 -10   6   0 0.32  0.0    0  9.4 20 350   M    M   6 13     25 350
 3  75  44  60  -9   5   0 0.03  0.0    0  3.5 23 350   M    M   1 12     30 340
 4  81  50  66  -3   0   1 0.00  0.0    0  6.3 18 330   M    M   0 1      25 320
 5  84  52  68  -2   0   3 0.00  0.0    0  3.0 10  90   M    M   0        14  50
 6  84  51  68  -2   0   3 0.00  0.0    0  6.0 15 120   M    M   0 8      20 120
 7  84  57  71   1   0   6 0.00  0.0    0 12.1 24 160   M    M   0        32 170
 8  78  62  70   0   0   5 0.57  0.0    0 12.8 25 140   M    M   4 13     33 170
 9  88  61  75   4   0  10 0.05  0.0    0 14.5 24 230   M    M   4 13     30 220
10  94  61  78   7   0  13    T  0.0    0 10.7 30 170   M    M   0 13     37 170
11  90  62  76   5   0  11 0.87  0.0    0  8.6 29 300   M    M   1 13     40 320
12  82  63  73   2   0   8 0.05  0.0    0  9.5 31 190   M    M   1 3      43 180
13  83  59  71  -1   0   6 0.00  0.0    0  6.3 15 120   M    M   2        20 200
14  72  57  65  -7   0   0 0.00  0.0    0 10.2 22  30   M    M   2        28  20
15  74  56  65  -7   0   0 0.00  0.0    0  8.0 17 130   M    M   9        22 130
16  80  64  72   0   0   7 0.00  0.0    0 10.1 20 140   M    M   7 1      24 130
17  79  60  70  -3   0   5 0.07  0.0    0 12.4 25 360   M    M   7 1      35  30
18  62  54  58 -15   7   0 0.48  0.0    0  8.4 20 300   M    M  10 13     26 310
19  65  57  61 -12   4   0 0.38  0.0    0  4.3 16 110   M    M  10 13     21 110
20  79  58  69  -4   0   4 0.00  0.0    0  4.5 10 140   M    M   5 1      13 120
21  84  61  73  -1   0   8 0.00  0.0    0  9.9 18 120   M    M   2 1      23 120
22  86  68  77   3   0  12 0.00  0.0    0 10.6 20 110   M    M   5 1      26 130
23  78  69  74   0   0   9 0.00  0.0    0 12.0 21 150   M    M   7        25 140
24  87  73  80   6   0  15    T  0.0    0 11.1 20 160   M    M   9        24 170
25  88  74  81   7   0  16 0.00  0.0    0 12.4 22 210   M    M   7 18     28 190
26  82  64  73  -2   0   8 0.97  0.0    0 14.4 31 230   M    M   6 13     37 230
27  81  63  72  -3   0   7 0.78  0.0    0 11.4 28 260   M    M   4 13     37 260
28  89  63  76   1   0  11    T  0.0    0  8.5 14 150   M    M   3 13     17 160
29  88  63  76   0   0  11 0.26  0.0    0  7.7 37 350   M    M   1 13     41 350
30  82  65  74  -2   0   9 1.56  0.0    0  6.5 26 120   M    M   5 13     32 130
================================================================================
SM 2421 1795        23 188  6.39     0.0 277.4          M      121
================================================================================
AV 80.7 59.8                               9.2 FASTST   M    M   4    MAX(MPH)
                                 MISC ---->  # 37 350               # 43  180
================================================================================
NOTES:
# LAST OF SEVERAL OCCURRENCES

COLUMN 17 PEAK WIND IN M.P.H.

PRELIMINARY LOCAL CLIMATOLOGICAL DATA (WS FORM: F-6) , PAGE 2

                                          STATION:  MINERAL WELLS
                                          MONTH:    MAY
                                          YEAR:     2016
                                          LATITUDE:   32 46 N
                                          LONGITUDE:  98  4 W

[TEMPERATURE DATA]      [PRECIPITATION DATA]       SYMBOLS USED IN COLUMN 16

AVERAGE MONTHLY: 70.3   TOTAL FOR MONTH:   6.39    1 = FOG OR MIST
DPTR FM NORMAL:  -1.9   DPTR FM NORMAL:    2.58    2 = FOG REDUCING VISIBILITY
HIGHEST:    94 ON 10    GRTST 24HR  1.75 ON 26-27      TO 1/4 MILE OR LESS
LOWEST:     44 ON  3                               3 = THUNDER
                        SNOW, ICE PELLETS, HAIL    4 = ICE PELLETS
                        TOTAL MONTH:   0.0 INCH    5 = HAIL
                        GRTST 24HR     0.0         6 = FREEZING RAIN OR DRIZZLE
                        GRTST DEPTH:   0           7 = DUSTSTORM OR SANDSTORM:
                                                       VSBY 1/2 MILE OR LESS
                                                   8 = SMOKE OR HAZE
[NO. OF DAYS WITH]      [WEATHER - DAYS WITH]      9 = BLOWING SNOW
                                                   X = TORNADO
MAX 32 OR BELOW:   0    0.01 INCH OR MORE:  13
MAX 90 OR ABOVE:   2    0.10 INCH OR MORE:   9
MIN 32 OR BELOW:   0    0.50 INCH OR MORE:   5
MIN  0 OR BELOW:   0    1.00 INCH OR MORE:   1

[HDD (BASE 65) ]
TOTAL THIS MO.    23    CLEAR  (SCALE 0-3)  14
DPTR FM NORMAL    11    PTCLDY (SCALE 4-7)  12
TOTAL FM JUL 1  1931    CLOUDY (SCALE 8-10)  4
DPTR FM NORMAL  -558

[CDD (BASE 65) ]
TOTAL THIS MO.   188
DPTR FM NORMAL   -43    [PRESSURE DATA]
TOTAL FM JAN 1   290    HIGHEST SLP M ON M
DPTR FM NORMAL   -67    LOWEST  SLP 29.57 ON  9

[REMARKS]
