000
CXUS54 KLZK 201130
CF6MWT
PRELIMINARY LOCAL CLIMATOLOGICAL DATA (WS FORM: F-6)

                                          STATION:   Mount Ida
                                          MONTH:     JANUARY
                                          YEAR:      2018
                                          LATITUDE:   34 32 N
                                          LONGITUDE:  93 35 W

  TEMPERATURE IN F:       :PCPN:    SNOW:  WIND      :SUNSHINE: SKY     :PK WND
================================================================================
1   2   3   4   5  6A  6B    7    8   9   10  11  12  13   14  15   16   17  18
                                     12Z  AVG MX 2MIN
DY MAX MIN AVG DEP HDD CDD  WTR  SNW DPTH SPD SPD DIR MIN PSBL S-S WX    SPD DR
================================================================================

 1  27  12  20 -20  45   0    T    M    0  2.9  9 330   M    M   0        14  20
 2  26  14  20 -20  45   0 0.00  0.0    0  1.1  7  20   M    M   3         9  10
 3  44   9  27 -13  38   0 0.00  0.0    0  3.2 12 330   M    M   0        20 330
 4  45  20  33  -7  32   0 0.00  0.0    0  0.6  6  90   M    M   0         9 210
 5  56  16  36  -4  29   0 0.00  0.0    0  1.2 10 150   M    M   0        14 130
 6  48  22  35  -5  30   0 0.00  0.0    0  1.8 10 150   M    M   0        13 140
 7  50  30  40   0  25   0 0.09    M    0  1.4 10 130   M    M   8 1      14 100
 8  49  43  46   6  19   0 0.19    M    0  3.0  9 340   M    M  10 1      16 330
 9  46  40  43   3  22   0    T    M    0  2.0  9 140   M    M  10 1      11 140
10  59  46  53  13  12   0 0.01    M    0  3.3 12 190   M    M  10 1      20 170
11  63  27  45   5  20   0 0.01    M    0  6.2 16 330   M    M   9        31 360
12  40  20  30 -10  35   0 0.00  0.0    0  8.6 20 320   M    M   1        30 320
13  41  23  32  -8  33   0 0.00  0.0    0  2.1  9 350   M    M   2         M  M
14  37  25  31  -9  34   0    T    M    0  3.1  9 200   M    M   4        14 210
15  54  20  37  -3  28   0 0.05  0.5    0  2.8  9 320   M    M   4         M  M
16  24  10  17 -23  48   0    T    T    1  6.7 14 340   M    M   2        22 350
17  35   3  19 -21  46   0 0.00  0.0    T  1.2  5  10   M    M   0         7 170
18  46   9  28 -13  37   0 0.00  0.0    0  1.7  9 190   M    M   0        14 200
19  51  20  36  -5  29   0 0.00  0.0    0  2.9 13 230   M    M   7        19 250
================================================================================
SM  841  409       607   0  0.35     0.5  55.8          M       70
================================================================================
AV 44.3 21.5                               2.9 FASTST   M    M   4    MAX(MPH)
                                 MISC ---->  # 20 320               # 31  360
================================================================================
NOTES:
# LAST OF SEVERAL OCCURRENCES

COLUMN 17 PEAK WIND IN M.P.H.

PRELIMINARY LOCAL CLIMATOLOGICAL DATA (WS FORM: F-6) , PAGE 2

                                          STATION:  Mount Ida
                                          MONTH:    JANUARY
                                          YEAR:     2018
                                          LATITUDE:   34 32 N
                                          LONGITUDE:  93 35 W

[TEMPERATURE DATA]      [PRECIPITATION DATA]       SYMBOLS USED IN COLUMN 16

AVERAGE MONTHLY: 32.9   TOTAL FOR MONTH:   0.35    1 = FOG OR MIST
DPTR FM NORMAL:  -7.2   DPTR FM NORMAL:   -1.84    2 = FOG REDUCING VISIBILITY
HIGHEST:    63 ON 11    GRTST 24HR  0.19 ON  8- 8      TO 1/4 MILE OR LESS
LOWEST:      3 ON 17                               3 = THUNDER
                        SNOW, ICE PELLETS, HAIL    4 = ICE PELLETS
                        TOTAL MONTH:   0.5 INCH    5 = HAIL
                        GRTST 24HR   0.5 ON 15-15  6 = FREEZING RAIN OR DRIZZLE
                        GRTST DEPTH:   1 ON 16     7 = DUSTSTORM OR SANDSTORM:
                                                       VSBY 1/2 MILE OR LESS
                                                   8 = SMOKE OR HAZE
[NO. OF DAYS WITH]      [WEATHER - DAYS WITH]      9 = BLOWING SNOW
                                                   X = TORNADO
MAX 32 OR BELOW:   3    0.01 INCH OR MORE:   5
MAX 90 OR ABOVE:   0    0.10 INCH OR MORE:   1
MIN 32 OR BELOW:  16    0.50 INCH OR MORE:   0
MIN  0 OR BELOW:   0    1.00 INCH OR MORE:   0

[HDD (BASE 65) ]
TOTAL THIS MO.   607    CLEAR  (SCALE 0-3)  11
DPTR FM NORMAL   136    PTCLDY (SCALE 4-7)   4
TOTAL FM JUL 1  1727    CLOUDY (SCALE 8-10)  4
DPTR FM NORMAL   -79

[CDD (BASE 65) ]
TOTAL THIS MO.     0
DPTR FM NORMAL     0    [PRESSURE DATA]
TOTAL FM JAN 1     0    HIGHEST SLP M ON M
DPTR FM NORMAL     0    LOWEST  SLP 29.77 ON 10

[REMARKS]
ALL SNOWFALL DATA IS FROM THE MT IDA 4 S COOPERATIVE OBSERVER SITE
