000
CXUS56 KSTO 301455
CF6MYV
PRELIMINARY LOCAL CLIMATOLOGICAL DATA (WS FORM: F-6)

                                          STATION:   MARYSVILLE AIRPORT CA
                                          MONTH:     MAY
                                          YEAR:      2015
                                          LATITUDE:   39  5 N
                                          LONGITUDE: 121 34 W

  TEMPERATURE IN F:       :PCPN:    SNOW:  WIND      :SUNSHINE: SKY     :PK WND
================================================================================
1   2   3   4   5  6A  6B    7    8   9   10  11  12  13   14  15   16   17  18
                                     12Z  AVG MX 2MIN
DY MAX MIN AVG DEP HDD CDD  WTR  SNW DPTH SPD SPD DIR MIN PSBL S-S WX    SPD DR
================================================================================

 1  92  52  72   9   0   7 0.00  0.0    0  4.2 12 150   M    M   0        15 150
 2  87  55  71   8   0   6 0.00  0.0    0  9.3 15 160   M    M   0        31 190
 3  86  53  70   6   0   5 0.00  0.0    0 10.5 18 150   M    M   0        23 160
 4  82  50  66   2   0   1 0.00  0.0    0  9.5 17 150   M    M   2        25 120
 5  79  50  65   1   0   0 0.00  0.0    0  7.4 14 150   M    M   0        20 180
 6  81  51  66   2   0   1 0.00  0.0    0  5.4 14 270   M    M   1 8      20 290
 7  77  51  64   0   1   0    T  0.0    0 10.4 25 140   M    M   5 8      35  20
 8  76  45  61  -4   4   0 0.00  0.0    0  6.8 16 160   M    M   0        21 160
 9  81  50  66   1   0   1 0.00  0.0    0  6.5 14 150   M    M   0        17 150
10  82  52  67   2   0   2 0.00  0.0    0  9.8 16 180   M    M   0        23 190
11  77  55  66   0   0   1 0.00  0.0    0 13.6 22 160   M    M   0        28 170
12  72  51  62  -4   3   0 0.00  0.0    0  8.6 17 160   M    M   3        24 150
13  73  51  62  -4   3   0 0.00  0.0    0 11.8 22 160   M    M   0        28 150
14  74  49  62  -4   3   0 0.01    M    0  6.6 22 140   M    M   1 3      30 130
15  75  51  63  -3   2   0 0.00  0.0    0  9.7 16 130   M    M   4        26  90
16  79  51  65  -2   0   0 0.00  0.0    0  8.7 15 150   M    M   0        20 150
17  75  53  64  -3   1   0 0.00  0.0    0  9.5 16 170   M    M   1        19 160
18  78  52  65  -2   0   0 0.00  0.0    0  9.9 16 150   M    M   0        21 150
19  79  52  66  -1   0   1 0.00  0.0    0  8.0 15 150   M    M   1        19 160
20  81  52  67  -1   0   2 0.00  0.0    0 10.8 20 170   M    M   1        23 170
21  77  52  65  -3   0   0 0.00  0.0    0 10.4 22 180   M    M   0        26 180
22  79  57  68   0   0   3 0.00  0.0    0 10.4 20 160   M    M   5        24 150
23  78  56  67  -1   0   2 0.00  0.0    0  7.0 17 140   M    M   4        21 130
24  86  53  70   2   0   5 0.00  0.0    0  8.3 18 150   M    M   0        27 180
25  84  53  69   0   0   4 0.00  0.0    0 11.2 18 170   M    M   1        23 180
26  84  53  69   0   0   4 0.00  0.0    0 10.3 17 170   M    M   1        24 170
27  86  52  69   0   0   4 0.00  0.0    0  7.6 16 150   M    M   1        21 150
28  88  53  71   2   0   6 0.00  0.0    0  5.9 10 150   M    M   0        15 240
29  91  55  73   3   0   8 0.00  0.0    0  5.5 10 160   M    M   0        15 210
================================================================================
SM 2339 1510        17  63  0.01     0.0 253.6          M       31
================================================================================
AV 80.7 52.1                               8.7 FASTST   M    M   1    MAX(MPH)
                                 MISC ---->  # 25 140               # 35   20
================================================================================
NOTES:
# LAST OF SEVERAL OCCURRENCES

COLUMN 17 PEAK WIND IN M.P.H.

PRELIMINARY LOCAL CLIMATOLOGICAL DATA (WS FORM: F-6) , PAGE 2

                                          STATION:  MARYSVILLE AIRPORT CA
                                          MONTH:    MAY
                                          YEAR:     2015
                                          LATITUDE:   39  5 N
                                          LONGITUDE: 121 34 W

[TEMPERATURE DATA]      [PRECIPITATION DATA]       SYMBOLS USED IN COLUMN 16

AVERAGE MONTHLY: 66.4   TOTAL FOR MONTH:   0.01    1 = FOG OR MIST
DPTR FM NORMAL:  -0.0   DPTR FM NORMAL:   -1.02    2 = FOG REDUCING VISIBILITY
HIGHEST:    92 ON  1    GRTST 24HR  0.01 ON 14-14      TO 1/4 MILE OR LESS
LOWEST:     45 ON  8                               3 = THUNDER
                        SNOW, ICE PELLETS, HAIL    4 = ICE PELLETS
                        TOTAL MONTH:   0.0 INCH    5 = HAIL
                        GRTST 24HR     0.0         6 = FREEZING RAIN OR DRIZZLE
                        GRTST DEPTH:   0           7 = DUSTSTORM OR SANDSTORM:
                                                       VSBY 1/2 MILE OR LESS
                                                   8 = SMOKE OR HAZE
[NO. OF DAYS WITH]      [WEATHER - DAYS WITH]      9 = BLOWING SNOW
                                                   X = TORNADO
MAX 32 OR BELOW:   0    0.01 INCH OR MORE:   1
MAX 90 OR ABOVE:   2    0.10 INCH OR MORE:   0
MIN 32 OR BELOW:   0    0.50 INCH OR MORE:   0
MIN  0 OR BELOW:   0    1.00 INCH OR MORE:   0

[HDD (BASE 65) ]
TOTAL THIS MO.    17    CLEAR  (SCALE 0-3)  25
DPTR FM NORMAL   -38    PTCLDY (SCALE 4-7)   4
TOTAL FM JUL 1  1798    CLOUDY (SCALE 8-10)  0
DPTR FM NORMAL  -932

[CDD (BASE 65) ]
TOTAL THIS MO.    63
DPTR FM NORMAL   -34    [PRESSURE DATA]
TOTAL FM JAN 1   105    HIGHEST SLP M ON M
DPTR FM NORMAL   -10    LOWEST  SLP 30.11 ON 14

[REMARKS]
