000
CXUS53 KBIS 010724
CF6N60
PRELIMINARY LOCAL CLIMATOLOGICAL DATA (WS FORM: F-6)

                                          STATION:   GARRISON (AMOS) ND
                                          MONTH:     FEBRUARY
                                          YEAR:      2015
                                          LATITUDE:   47 39 N
                                          LONGITUDE: 101 23 W

  TEMPERATURE IN F:       :PCPN:    SNOW:  WIND      :SUNSHINE: SKY     :PK WND
================================================================================
1   2   3   4   5  6A  6B    7    8   9   10  11  12  13   14  15   16   17  18
                                     12Z  AVG MX 2MIN
DY MAX MIN AVG DEP HDD CDD  WTR  SNW DPTH SPD SPD DIR MIN PSBL S-S WX    SPD DR
================================================================================

 1   3 -16  -6   M  71   0 0.00    M    M  6.7 13 360   M    M   0        16  20
 2  15  -3   6   M  59   0 0.00    M    M  6.3 21 340   M    M   0        23 340
 3  10  -5   3   M  62   0 0.19    M    M  7.4 16 300   M    M   0        20 310
 4   9 -14  -2   M  67   0 0.00    M    M 10.4 20 300   M    M   0        27 300
 5  28   1  15   M  50   0 0.00    M    M  4.3 15 200   M    M   0        18 200
 6  24  13  19   M  46   0 0.00    M    M 11.9 20  90   M    M   0        23  90
 7  42   9  26   M  39   0 0.00    M    M  6.4 14  30   M    M   0        20  40
 8  20  13  17   M  48   0 0.02    M    M  7.1 13 110   M    M   0        15 100
 9  25  17  21   M  44   0 0.03    M    M 11.3 21 110   M    M   0        26 100
10  30   8  19   M  46   0 0.01    M    M 19.5 36 320   M    M   0        42 320
11  10 -11   0   M  65   0 0.00    M    M 13.4 28 340   M    M   0        34 330
12  18 -11   4   M  61   0 0.01    M    M  8.6 18 180   M    M   0        23 180
13  33   9  21   M  44   0 0.03    M    M  9.3 20  30   M    M   0        25  30
14  15  -7   4   M  61   0 0.00    M    M 14.5 22  70   M    M   0        31  70
15  25   4  15   M  50   0 0.01    M    M 11.1 21 320   M    M   0        25 160
16  23  -4  10   M  55   0 0.00    M    M 10.4 29 340   M    M   0        33 340
17   7  -9  -1   M  66   0 0.00    M    M 20.2 37 320   M    M   0        46 310
18   9 -13  -2   M  67   0 0.00    M    M  7.9 16 320   M    M   0        19 330
19  26  -3  12   M  53   0 0.04    M    M  9.2 18 180   M    M   0        23 170
20  35  15  25   M  40   0 0.05    M    M  8.7 17 340   M    M   0        21 300
21  16 -14   1   M  64   0 0.04    M    M 12.6 26 320   M    M   0        31 330
22  -2 -23 -12   M  77   0 0.00    M    M  7.5 15 320   M    M   0        18 320
23  33 -17   8   M  57   0 0.03    M    M 17.9 36 330   M    M   0        44 310
24  31  17  24   M  41   0 0.02    M    M 12.7 32 340   M    M   M        38 340
25  17 -10   4   M  61   0 0.05    M    M 12.7 21 340   M    M   M        26  80
26   6 -17  -5   M  70   0 0.00    M    M 10.2 18 310   M    M   M        20 330
27  19 -19   0   M  65   0 0.00    M    M  6.5 17 180   M    M   M        21 190
28  13  -4   5   M  60   0 0.00    M    M 10.4 25 300   M    M   M        31 310
================================================================================
SM  540  -94      1589   0  0.53    M    295.1          M        0
================================================================================
AV 19.3 -3.4                              10.5 FASTST   M    M   0    MAX(MPH)
                                 MISC ---->  # 37 320               # 46  310
================================================================================
NOTES:
# LAST OF SEVERAL OCCURRENCES

COLUMN 17 PEAK WIND IN M.P.H.

PRELIMINARY LOCAL CLIMATOLOGICAL DATA (WS FORM: F-6) , PAGE 2

                                          STATION:  GARRISON (AMOS) ND
                                          MONTH:    FEBRUARY
                                          YEAR:     2015
                                          LATITUDE:   47 39 N
                                          LONGITUDE: 101 23 W

[TEMPERATURE DATA]      [PRECIPITATION DATA]       SYMBOLS USED IN COLUMN 16

AVERAGE MONTHLY:  8.0   TOTAL FOR MONTH:   0.53    1 = FOG OR MIST
DPTR FM NORMAL:     M   DPTR FM NORMAL:       M    2 = FOG REDUCING VISIBILITY
HIGHEST:    42 ON  7    GRTST 24HR  0.19 ON  3- 3      TO 1/4 MILE OR LESS
LOWEST:    -23 ON 22                               3 = THUNDER
                        SNOW, ICE PELLETS, HAIL    4 = ICE PELLETS
                        TOTAL MONTH:    M          5 = HAIL
                        GRTST 24HR    M  ON   M    6 = FREEZING RAIN OR DRIZZLE
                        GRTST DEPTH:  M  ON   M    7 = DUSTSTORM OR SANDSTORM:
                                                       VSBY 1/2 MILE OR LESS
                                                   8 = SMOKE OR HAZE
[NO. OF DAYS WITH]      [WEATHER - DAYS WITH]      9 = BLOWING SNOW
                                                   X = TORNADO
MAX 32 OR BELOW:  24    0.01 INCH OR MORE:  13
MAX 90 OR ABOVE:   0    0.10 INCH OR MORE:   1
MIN 32 OR BELOW:  28    0.50 INCH OR MORE:   0
MIN  0 OR BELOW:  18    1.00 INCH OR MORE:   0

[HDD (BASE 65) ]
TOTAL THIS MO.  1589    CLEAR  (SCALE 0-3)  23
DPTR FM NORMAL     M    PTCLDY (SCALE 4-7)   0
TOTAL FM JUL 1  6668    CLOUDY (SCALE 8-10)  0
DPTR FM NORMAL     M

[CDD (BASE 65) ]
TOTAL THIS MO.     0
DPTR FM NORMAL     M    [PRESSURE DATA]
TOTAL FM JAN 1     0    HIGHEST SLP M ON M
DPTR FM NORMAL     M    LOWEST  SLP 29.57 ON  7

[REMARKS]
#FINAL-02-15#
