000
CXHW50 PHFO 271250
CF6NGF
PRELIMINARY LOCAL CLIMATOLOGICAL DATA (WS FORM: F-6)

                                          STATION:   KANEOHE BAY MCAS HI
                                          MONTH:     DECEMBER
                                          YEAR:      2014
                                          LATITUDE:   21 25 N
                                          LONGITUDE: 157 46 W

  TEMPERATURE IN F:       :PCPN:    SNOW:  WIND      :SUNSHINE: SKY     :PK WND
================================================================================
1   2   3   4   5  6A  6B    7    8   9   10  11  12  13   14  15   16   17  18
                                     12Z  AVG MX 2MIN
DY MAX MIN AVG DEP HDD CDD  WTR  SNW DPTH SPD SPD DIR MIN PSBL S-S WX    SPD DR
================================================================================

 1  78  71  75   0   0  10 0.01  0.0    0 12.5 17  40   M    M   6        24  50
 2  79  71  75   0   0  10    T  0.0    0 10.1 13  50   M    M   5        24  60
 3  74  68  71  -4   0   6 0.82  0.0    0  8.1 13  50   M    M  10 1      20  60
 4  77  68  73  -2   0   8 0.05  0.0    0  7.8 12  80   M    M   9        17  70
 5  80  71  76   1   0  11    T  0.0    0  7.4 13  70   M    M   5        18  70
 6  81  68  75   0   0  10 0.00  0.0    0  7.6 10  30   M    M   2         M  M
 7  82  66  74  -1   0   9    T  0.0    0  3.0  8  40   M    M   4         M  M
 8  85  65  75   1   0  10 0.00  0.0    0  2.3  9 350   M    M   1         M  M
 9  83  64  74   0   0   9 0.00  0.0    0  2.9  8 110   M    M   1         M  M
10  84  65  75   1   0  10 0.02  0.0    0  4.0 13  50   M    M   5 1      20  50
11  78  73  76   2   0  11    T  0.0    0 10.3 15  40   M    M  10        22  40
12  82  71  77   3   0  12 0.10  0.0    0  6.3 10  40   M    M   7 1       M  M
13  80  71  76   2   0  11 0.01  0.0    0 11.2 16  50   M    M   5        23  50
14  75  70  73  -1   0   8 0.13  0.0    0 15.2 23  50   M    M  10        32  40
15  78  70  74   0   0   9 0.02  0.0    0 11.6 16  70   M    M   8        30  60
16  80  71  76   2   0  11 0.01  0.0    0 12.2 16  90   M    M   7        30  60
17  80  73  77   3   0  12 0.01  0.0    0 10.0 15  80   M    M   5        24  80
18  79  72  76   2   0  11 0.06  0.0    0 11.6 17  80   M    M   8 1      23  80
19  81  74  78   4   0  13    T  0.0    0  9.7 14 100   M    M   5        32  80
20  82  75  79   5   0  14 0.00  0.0    0  6.8 10  60   M    M   6        17  70
21  82  71  77   3   0  12 0.31  0.0    0  5.2 14 310   M    M   5         M  M
22  75  69  72  -2   0   7 0.97  0.0    0 18.3 30  20   M    M   9 18     38  10
23  76  68  72  -2   0   7 0.36  0.0    0 20.1 23  20   M    M   8        31  20
24  77  66  72  -2   0   7 0.06  0.0    0  4.1 10  50   M    M   7 1       M  M
25  79  61  70  -4   0   5    T  0.0    0  3.1  7 290   M    M   1         M  M
26  81  64  73  -1   0   8 0.00  0.0    0  5.0 14 340   M    M   3         M  M
================================================================================
SM 2068 1796         0 251  2.94     0.0 226.4          M      152
================================================================================
AV 79.5 69.1                               8.7 FASTST   M    M   6    MAX(MPH)
                                 MISC ---->    30   M               # 38   10
================================================================================
NOTES:
# LAST OF SEVERAL OCCURRENCES

COLUMN 17 PEAK WIND IN M.P.H.

PRELIMINARY LOCAL CLIMATOLOGICAL DATA (WS FORM: F-6) , PAGE 2

                                          STATION:  KANEOHE BAY MCAS HI
                                          MONTH:    DECEMBER
                                          YEAR:     2014
                                          LATITUDE:   21 25 N
                                          LONGITUDE: 157 46 W

[TEMPERATURE DATA]      [PRECIPITATION DATA]       SYMBOLS USED IN COLUMN 16

AVERAGE MONTHLY: 74.3   TOTAL FOR MONTH:   2.94    1 = FOG OR MIST
DPTR FM NORMAL:   0.0   DPTR FM NORMAL:   -0.69    2 = FOG REDUCING VISIBILITY
HIGHEST:    85 ON  8    GRTST 24HR  0.97 ON 22-22      TO 1/4 MILE OR LESS
LOWEST:     61 ON 25                               3 = THUNDER
                        SNOW, ICE PELLETS, HAIL    4 = ICE PELLETS
                        TOTAL MONTH:   0.0 INCH    5 = HAIL
                        GRTST 24HR     0.0         6 = FREEZING RAIN OR DRIZZLE
                        GRTST DEPTH:   0           7 = DUSTSTORM OR SANDSTORM:
                                                       VSBY 1/2 MILE OR LESS
                                                   8 = SMOKE OR HAZE
[NO. OF DAYS WITH]      [WEATHER - DAYS WITH]      9 = BLOWING SNOW
                                                   X = TORNADO
MAX 32 OR BELOW:   0    0.01 INCH OR MORE:  15
MAX 90 OR ABOVE:   0    0.10 INCH OR MORE:   6
MIN 32 OR BELOW:   0    0.50 INCH OR MORE:   2
MIN  0 OR BELOW:   0    1.00 INCH OR MORE:   0

[HDD (BASE 65) ]
TOTAL THIS MO.     0    CLEAR  (SCALE 0-3)   5
DPTR FM NORMAL     0    PTCLDY (SCALE 4-7)  16
TOTAL FM JUL 1     0    CLOUDY (SCALE 8-10)  5
DPTR FM NORMAL     0

[CDD (BASE 65) ]
TOTAL THIS MO.   251
DPTR FM NORMAL     9    [PRESSURE DATA]
TOTAL FM JAN 1  3701    HIGHEST SLP M ON M
DPTR FM NORMAL  -268    LOWEST  SLP M ON M

[REMARKS]
