028
CXUS56 KMTR 221000
CF6OAK
PRELIMINARY LOCAL CLIMATOLOGICAL DATA (WS FORM: F-6)

                                          STATION:   OAKLAND AIRPORT
                                          MONTH:     MAY
                                          YEAR:      2015
                                          LATITUDE:   37 43 N
                                          LONGITUDE: 122 13 W

  TEMPERATURE IN F:       :PCPN:    SNOW:  WIND      :SUNSHINE: SKY     :PK WND
================================================================================
1   2   3   4   5  6A  6B    7    8   9   10  11  12  13   14  15   16   17  18
                                     12Z  AVG MX 2MIN
DY MAX MIN AVG DEP HDD CDD  WTR  SNW DPTH SPD SPD DIR MIN PSBL S-S WX    SPD DR
================================================================================

 1  76  53  65   6   0   0 0.00  0.0    0  9.3 20 300   M    M   2        23 310
 2  65  52  59   0   6   0 0.00  0.0    0  9.1 20 310   M    M   5        24 300
 3  64  52  58  -1   7   0 0.00  0.0    0 10.6 20 280   M    M   6        23 290
 4  59  51  55  -4  10   0 0.00  0.0    0 11.4 20 280   M    M   9        23 280
 5  62  51  57  -2   8   0 0.00  0.0    0 11.3 18 230   M    M   6        25 230
 6  66  50  58  -1   7   0 0.00  0.0    0  9.2 17 250   M    M   4        20 250
 7  67  47  57  -2   8   0    T  0.0    0  6.3 17 160   M    M   6        20 150
 8  65  46  56  -3   9   0 0.00  0.0    0  9.0 18 290   M    M   4        22 290
 9  63  52  58  -1   7   0 0.00  0.0    0 11.2 21 280   M    M   8        23 270
10  62  51  57  -2   8   0 0.00  0.0    0  9.2 16 270   M    M   8        20 240
11  62  52  57  -2   8   0 0.00  0.0    0 14.4 28 260   M    M   7        31 250
12  65  51  58  -1   7   0 0.00  0.0    0 18.3 28 280   M    M   4        33 270
13  63  51  57  -2   8   0 0.00  0.0    0 12.0 21 280   M    M   7        24 270
14  66  53  60   1   5   0    T  0.0    0  8.9 18 240   M    M   8        24 220
15  62  52  57  -2   8   0 0.00  0.0    0 12.8 26 270   M    M   7        32 270
16  61  53  57  -2   8   0 0.00  0.0    0 11.8 18 260   M    M   9        26 310
17  64  54  59   0   6   0 0.00  0.0    0 13.4 22 270   M    M   9        24 270
18  60  54  57  -2   8   0 0.00  0.0    0 12.7 22 260   M    M  10        25 270
19  63  54  59  -1   6   0    T  0.0    0 11.8 21 270   M    M   9        23 270
20  68  54  61   1   4   0    T  0.0    0 10.6 16 280   M    M  10 1      21 270
21  66  54  60   0   5   0    T  0.0    0 10.3 18 270   M    M   9 1      21 260
================================================================================
SM 1349 1087       143   0    T      0.0 233.6          M      147
================================================================================
AV 64.2 51.8                              11.1 FASTST   M    M   7    MAX(MPH)
                                 MISC ---->  # 28 260               # 33  270
================================================================================
NOTES:
# LAST OF SEVERAL OCCURRENCES

COLUMN 17 PEAK WIND IN M.P.H.

PRELIMINARY LOCAL CLIMATOLOGICAL DATA (WS FORM: F-6) , PAGE 2

                                          STATION:  OAKLAND AIRPORT
                                          MONTH:    MAY
                                          YEAR:     2015
                                          LATITUDE:   37 43 N
                                          LONGITUDE: 122 13 W

[TEMPERATURE DATA]      [PRECIPITATION DATA]       SYMBOLS USED IN COLUMN 16

AVERAGE MONTHLY: 58.0   TOTAL FOR MONTH:      T    1 = FOG OR MIST
DPTR FM NORMAL:  -1.1   DPTR FM NORMAL:   -0.55    2 = FOG REDUCING VISIBILITY
HIGHEST:    76 ON  1    GRTST 24HR    T  ON 21-21      TO 1/4 MILE OR LESS
LOWEST:     46 ON  8                               3 = THUNDER
                        SNOW, ICE PELLETS, HAIL    4 = ICE PELLETS
                        TOTAL MONTH:   0.0 INCH    5 = HAIL
                        GRTST 24HR     0.0         6 = FREEZING RAIN OR DRIZZLE
                        GRTST DEPTH:   0           7 = DUSTSTORM OR SANDSTORM:
                                                       VSBY 1/2 MILE OR LESS
                                                   8 = SMOKE OR HAZE
[NO. OF DAYS WITH]      [WEATHER - DAYS WITH]      9 = BLOWING SNOW
                                                   X = TORNADO
MAX 32 OR BELOW:   0    0.01 INCH OR MORE:   0
MAX 90 OR ABOVE:   0    0.10 INCH OR MORE:   0
MIN 32 OR BELOW:   0    0.50 INCH OR MORE:   0
MIN  0 OR BELOW:   0    1.00 INCH OR MORE:   0

[HDD (BASE 65) ]
TOTAL THIS MO.   143    CLEAR  (SCALE 0-3)   1
DPTR FM NORMAL    14    PTCLDY (SCALE 4-7)  12
TOTAL FM JUL 1  1864    CLOUDY (SCALE 8-10)  8
DPTR FM NORMAL  -851

[CDD (BASE 65) ]
TOTAL THIS MO.     0
DPTR FM NORMAL     0    [PRESSURE DATA]
TOTAL FM JAN 1     4    HIGHEST SLP 30.12 ON 18
DPTR FM NORMAL    -2    LOWEST  SLP 29.73 ON  7

[REMARKS]
