000
CXUS53 KOAX 171000
CF6OAX
PRELIMINARY LOCAL CLIMATOLOGICAL DATA (WS FORM: F-6)

                                          STATION:   VALLEY  NWS, NEBRASKA
                                          MONTH:     JANUARY
                                          YEAR:      2017
                                          LATITUDE:   41 19 N
                                          LONGITUDE:  96 22 W

  TEMPERATURE IN F:       :PCPN:    SNOW:  WIND      :SUNSHINE: SKY     :PK WND
================================================================================
1   2   3   4   5  6A  6B    7    8   9   10  11  12  13   14  15   16   17  18
                                     12Z  AVG MX 2MIN
DY MAX MIN AVG DEP HDD CDD  WTR  SNW DPTH SPD SPD DIR MIN PSBL S-S WX    SPD DR
================================================================================

 1  39  23  31   8  34   0    T    T    0   M   M   M   M    M   M        22  M
 2  37  30  34  11  31   0 0.02  0.0    0   M   M   M   M    M   M 1      31  M
 3  30   8  19  -4  46   0 0.00  0.0    0   M   M   M   M    M   M        40  M
 4  13   6  10 -13  55   0 0.02  0.3    0   M   M   M   M    M   M 1      23  M
 5  10   1   6 -17  59   0 0.00  0.0    T   M   M   M   M    M   M        25  M
 6  17  -3   7 -16  58   0 0.00  0.0    T   M   M   M   M    M   M        16  M
 7  21   6  14  -9  51   0 0.00  0.0    T   M   M   M   M    M   M        22  M
 8  30   7  19  -4  46   0 0.00  0.0    T   M   M   M   M    M   M        33  M
 9  35  15  25   2  40   0 0.00  0.0    T   M   M   M   M    M   M        25  M
10  35  24  30   7  35   0 0.05    T    0   M   M   M   M    M   M 46     44  M
11  33  12  23   0  42   0    T    T    0   M   M   M   M    M   M        39  M
12  21  10  16  -7  49   0 0.01  0.2    T   M   M   M   M    M   M        23  M
13  24  13  19  -4  46   0 0.00  0.0    T   M   M   M   M    M   M        15  M
14  35  16  26   3  39   0 0.00  0.0    T   M   M   M   M    M   M         8  M
15  34  28  31   8  34   0 0.20    T    0   M   M   M   M    M   M 16     13  M
16  33  31  32   9  33   0 0.49  0.0    0   M   M   M   M    M   M 16     18  M
================================================================================
SM  447  227       698   0  0.79     0.5     M          M        M
================================================================================
AV 27.9 14.2                                 M FASTST   M    M   7    MAX(MPH)
                                 MISC ---->     M   M                 44    M
================================================================================
NOTES:
# LAST OF SEVERAL OCCURRENCES

COLUMN 17 PEAK WIND IN M.P.H.

PRELIMINARY LOCAL CLIMATOLOGICAL DATA (WS FORM: F-6) , PAGE 2

                                          STATION:  VALLEY  NWS, NEBRASKA
                                          MONTH:    JANUARY
                                          YEAR:     2017
                                          LATITUDE:   41 19 N
                                          LONGITUDE:  96 22 W

[TEMPERATURE DATA]      [PRECIPITATION DATA]       SYMBOLS USED IN COLUMN 16

AVERAGE MONTHLY: 21.1   TOTAL FOR MONTH:   0.79    1 = FOG OR MIST
DPTR FM NORMAL:  -1.9   DPTR FM NORMAL:    0.42    2 = FOG REDUCING VISIBILITY
HIGHEST:    39 ON  1    GRTST 24HR  0.49 ON 16-16      TO 1/4 MILE OR LESS
LOWEST:     -3 ON  6                               3 = THUNDER
                        SNOW, ICE PELLETS, HAIL    4 = ICE PELLETS
                        TOTAL MONTH:   0.5 INCH    5 = HAIL
                        GRTST 24HR   0.3 ON   M    6 = FREEZING RAIN OR DRIZZLE
                        GRTST DEPTH:   0           7 = DUSTSTORM OR SANDSTORM:
                                                       VSBY 1/2 MILE OR LESS
                                                   8 = SMOKE OR HAZE
[NO. OF DAYS WITH]      [WEATHER - DAYS WITH]      9 = BLOWING SNOW
                                                   X = TORNADO
MAX 32 OR BELOW:   8    0.01 INCH OR MORE:   6
MAX 90 OR ABOVE:   0    0.10 INCH OR MORE:   2
MIN 32 OR BELOW:  16    0.50 INCH OR MORE:   0
MIN  0 OR BELOW:   1    1.00 INCH OR MORE:   0

[HDD (BASE 65) ]
TOTAL THIS MO.   698    CLEAR  (SCALE 0-3)   0
DPTR FM NORMAL    26    PTCLDY (SCALE 4-7)   0
TOTAL FM JUL 1  2665    CLOUDY (SCALE 8-10)  0
DPTR FM NORMAL  -487

[CDD (BASE 65) ]
TOTAL THIS MO.     0
DPTR FM NORMAL     0    [PRESSURE DATA]
TOTAL FM JAN 1     0    HIGHEST SLP M ON M
DPTR FM NORMAL     0    LOWEST  SLP M ON M

[REMARKS]
