000
CXUS54 KMAF 011100
CF6ODO
PRELIMINARY LOCAL CLIMATOLOGICAL DATA (WS FORM: F-6)

                                          STATION:   Odessa Schleymeyer
                                          MONTH:     APRIL
                                          YEAR:      2016
                                          LATITUDE:   31 55 N
                                          LONGITUDE: 102 23 W

  TEMPERATURE IN F:       :PCPN:    SNOW:  WIND      :SUNSHINE: SKY     :PK WND
================================================================================
1   2   3   4   5  6A  6B    7    8   9   10  11  12  13   14  15   16   17  18
                                     12Z  AVG MX 2MIN
DY MAX MIN AVG DEP HDD CDD  WTR  SNW DPTH SPD SPD DIR MIN PSBL S-S WX    SPD DR
================================================================================

 1  64  38  51 -10  14   0 0.52    M    0 12.5 24  80   M    M   9 1      27  70
 2  65  35  50 -12  15   0 0.00  0.0    0  5.2 13 330   M    M   0        16 330
 3  75  42  59  -3   6   0 0.00  0.0    0  8.4 20 220   M    M   0        24 190
 4  85  50  68   6   0   3 0.00  0.0    0  7.8 18 200   M    M   0        25 200
 5  87  59  73  11   0   8 0.00  0.0    0 17.6 29 180   M    M   0        33 200
 6  76  53  65   3   0   0 0.00  0.0    0 10.9 30  30   M    M   0 8      42  30
 7  87  50  69   6   0   4 0.00  0.0    0 10.4 22  70   M    M   0        27  70
 8  74  58  66   3   0   1    T  0.0    0 15.2 24 130   M    M   4        29 130
 9  80  54  67   4   0   2 0.32  0.0    0  9.9 23 170   M    M   1 13     31 170
10  87  61  74  10   0   9    T  0.0    0 14.7 33 280   M    M   3 18     47 240
11  81  53  67   3   0   2 0.00  0.0    0 16.7 37 290   M    M   0        45 290
12  54  50  52 -12  13   0 0.07  0.0    0 12.0 24  70   M    M  10 138    29  70
13  75  51  63  -1   2   0 0.00  0.0    0  5.9 14 140   M    M   3 18     18 140
14  83  52  68   3   0   3 0.00  0.0    0 11.3 20 180   M    M   0        28 170
15  87  59  73   8   0   8 0.00  0.0    0 19.4 31 150   M    M   0        40 160
16  83  57  70   5   0   5 0.00  0.0    0 12.9 25 190   M    M   2        32 160
17  77  57  67   1   0   2    T  0.0    0 10.5 20  10   M    M   4        25 360
18  69  51  60  -6   5   0 0.01  0.0    0 14.2 25  50   M    M   8        31  40
19  78  57  68   2   0   3 0.04  0.0    0  9.4 32 330   M    M   6 138    45 310
20  83  56  70   4   0   5 0.01  0.0    0  9.2 22 120   M    M   5 138    27 120
21  80  55  68   1   0   3 0.00  0.0    0 11.4 22 200   M    M   2        27 200
22  82  53  68   1   0   3 0.00  0.0    0  9.7 18 100   M    M   0        23 110
23  86  60  73   6   0   8 0.00  0.0    0 14.9 26 190   M    M   1        32 180
24  91  59  75   7   0  10 0.00  0.0    0 14.3 30 250   M    M   0        37 260
25  92  60  76   8   0  11 0.00  0.0    0 13.8 23 270   M    M   0        30 240
26  91  63  77   9   0  12 0.00  0.0    0 15.1 38 270   M    M   0 38     52 270
27  85  54  70   1   0   5 0.00  0.0    0 11.1 21 260   M    M   0        31 240
28  92  59  76   7   0  11 0.00  0.0    0 14.8 28 190   M    M   0 8      33 220
29  86  63  75   6   0  10 0.00  0.0    0 17.8 35 280   M    M   1 8      44 270
30  82  48  65  -5   0   0 0.00  0.0    0  9.4 22 110   M    M   1        29 100
================================================================================
SM 2417 1617        55 128  0.97     0.0 366.4          M       60
================================================================================
AV 80.6 53.9                              12.2 FASTST   M    M   2    MAX(MPH)
                                 MISC ---->  # 38 270               # 52  270
================================================================================
NOTES:
# LAST OF SEVERAL OCCURRENCES

COLUMN 17 PEAK WIND IN M.P.H.

PRELIMINARY LOCAL CLIMATOLOGICAL DATA (WS FORM: F-6) , PAGE 2

                                          STATION:  Odessa Schleymeyer
                                          MONTH:    APRIL
                                          YEAR:     2016
                                          LATITUDE:   31 55 N
                                          LONGITUDE: 102 23 W

[TEMPERATURE DATA]      [PRECIPITATION DATA]       SYMBOLS USED IN COLUMN 16

AVERAGE MONTHLY: 67.2   TOTAL FOR MONTH:   0.97    1 = FOG OR MIST
DPTR FM NORMAL:   1.9   DPTR FM NORMAL:    0.22    2 = FOG REDUCING VISIBILITY
HIGHEST:    92 ON 28,25 GRTST 24HR  0.52 ON  1- 1      TO 1/4 MILE OR LESS
LOWEST:     35 ON  2                               3 = THUNDER
                        SNOW, ICE PELLETS, HAIL    4 = ICE PELLETS
                        TOTAL MONTH:   0.0 INCH    5 = HAIL
                        GRTST 24HR     0.0         6 = FREEZING RAIN OR DRIZZLE
                        GRTST DEPTH:   0           7 = DUSTSTORM OR SANDSTORM:
                                                       VSBY 1/2 MILE OR LESS
                                                   8 = SMOKE OR HAZE
[NO. OF DAYS WITH]      [WEATHER - DAYS WITH]      9 = BLOWING SNOW
                                                   X = TORNADO
MAX 32 OR BELOW:   0    0.01 INCH OR MORE:   6
MAX 90 OR ABOVE:   4    0.10 INCH OR MORE:   2
MIN 32 OR BELOW:   0    0.50 INCH OR MORE:   1
MIN  0 OR BELOW:   0    1.00 INCH OR MORE:   0

[HDD (BASE 65) ]
TOTAL THIS MO.    55    CLEAR  (SCALE 0-3)  22
DPTR FM NORMAL   -41    PTCLDY (SCALE 4-7)   6
TOTAL FM JUL 1  1951    CLOUDY (SCALE 8-10)  2
DPTR FM NORMAL  -520

[CDD (BASE 65) ]
TOTAL THIS MO.   128
DPTR FM NORMAL    24    [PRESSURE DATA]
TOTAL FM JAN 1   184    HIGHEST SLP 30.35 ON  2
DPTR FM NORMAL    53    LOWEST  SLP 29.46 ON 26

[REMARKS]
#FINAL-04-16#
