000
CXUS53 KOAX 251000
CF6OFK
PRELIMINARY LOCAL CLIMATOLOGICAL DATA (WS FORM: F-6)

                                          STATION:   NORFOLK, NEBRASKA
                                          MONTH:     JUNE
                                          YEAR:      2017
                                          LATITUDE:   41 58 N
                                          LONGITUDE:  97 26 W

  TEMPERATURE IN F:       :PCPN:    SNOW:  WIND      :SUNSHINE: SKY     :PK WND
================================================================================
1   2   3   4   5  6A  6B    7    8   9   10  11  12  13   14  15   16   17  18
                                     12Z  AVG MX 2MIN
DY MAX MIN AVG DEP HDD CDD  WTR  SNW DPTH SPD SPD DIR MIN PSBL S-S WX    SPD DR
================================================================================

 1  84  45  65  -1   0   0 0.00  0.0    0  8.5 17 170   M    M   1        23 160
 2  90  61  76  10   0  11 0.00  0.0    0 11.5 23 190   M    M   1        31 170
 3  88  62  75   9   0  10 0.00  0.0    0  8.2 17 340   M    M   1        21 330
 4  91  60  76   9   0  11 0.00  0.0    0  4.1 13  40   M    M   1        16  40
 5  92  57  75   8   0  10 0.00  0.0    0  4.5 15  60   M    M   1        19  50
 6  86  61  74   7   0   9 0.00  0.0    0  6.4 17 150   M    M   4        21 150
 7  85  60  73   5   0   8 0.00  0.0    0  9.7 17 190   M    M   3        20 190
 8  88  61  75   7   0  10 0.00  0.0    0  9.3 17 210   M    M   1        21 220
 9  89  65  77   9   0  12 0.00  0.0    0 13.0 25 180   M    M   0        32 210
10  92  70  81  12   0  16 0.00  0.0    0 17.5 29 200   M    M   2        37 180
11  89  73  81  12   0  16 0.00  0.0    0 12.7 28 180   M    M   6        36 160
12  89  71  80  11   0  15 0.00  0.0    0 11.6 24 130   M    M   2        30 110
13  94  66  80  10   0  15 0.12  0.0    0 17.9 44 160   M    M   2 3      61 160
14  88  61  75   5   0  10 0.01  0.0    0  8.7 21 290   M    M   1 3      29 270
15  90  54  72   2   0   7 0.00  0.0    0  3.5 13 340   M    M   0        15 350
16  91  58  75   4   0  10 1.41  0.0    0  6.4 60 350   M    M   0 13     74 350
17  74  59  67  -4   0   2 0.02  0.0    0  6.7 23 330   M    M   4 1      28 330
18  80  55  68  -3   0   3 0.00  0.0    0 12.0 24 330   M    M   1        33 320
19  84  56  70  -1   0   5 0.00  0.0    0  7.4 18 280   M    M   2        24 300
20  89  56  73   1   0   8 0.00  0.0    0  6.7 17 350   M    M   2        22 350
21  95  64  80   8   0  15 0.00  0.0    0 12.7 25 110   M    M   0        31 120
22  86  63  75   3   0  10 0.00  0.0    0 10.1 25 360   M    M   3        32 350
23  73  52  63  -9   2   0    T  0.0    0 14.0 30 320   M    M   3        42 320
24  79  45  62 -11   3   0 0.00  0.0    0 10.1 28 290   M    M   1        38 290
================================================================================
SM 2086 1435         5 213  1.56     0.0 233.2          M       42
================================================================================
AV 86.9 59.8                               9.7 FASTST   M    M   2    MAX(MPH)
                                 MISC ---->  # 60 350               # 74  350
================================================================================
NOTES:
# LAST OF SEVERAL OCCURRENCES

COLUMN 17 PEAK WIND IN M.P.H.

PRELIMINARY LOCAL CLIMATOLOGICAL DATA (WS FORM: F-6) , PAGE 2

                                          STATION:  NORFOLK, NEBRASKA
                                          MONTH:    JUNE
                                          YEAR:     2017
                                          LATITUDE:   41 58 N
                                          LONGITUDE:  97 26 W

[TEMPERATURE DATA]      [PRECIPITATION DATA]       SYMBOLS USED IN COLUMN 16

AVERAGE MONTHLY: 73.4   TOTAL FOR MONTH:   1.56    1 = FOG OR MIST
DPTR FM NORMAL:   4.0   DPTR FM NORMAL:   -1.88    2 = FOG REDUCING VISIBILITY
HIGHEST:    95 ON 21    GRTST 24HR  1.41 ON 16-16      TO 1/4 MILE OR LESS
LOWEST:     45 ON 24, 1                            3 = THUNDER
                        SNOW, ICE PELLETS, HAIL    4 = ICE PELLETS
                        TOTAL MONTH:   0.0 INCH    5 = HAIL
                        GRTST 24HR     0.0         6 = FREEZING RAIN OR DRIZZLE
                        GRTST DEPTH:   0           7 = DUSTSTORM OR SANDSTORM:
                                                       VSBY 1/2 MILE OR LESS
                                                   8 = SMOKE OR HAZE
[NO. OF DAYS WITH]      [WEATHER - DAYS WITH]      9 = BLOWING SNOW
                                                   X = TORNADO
MAX 32 OR BELOW:   0    0.01 INCH OR MORE:   4
MAX 90 OR ABOVE:   8    0.10 INCH OR MORE:   2
MIN 32 OR BELOW:   0    0.50 INCH OR MORE:   1
MIN  0 OR BELOW:   0    1.00 INCH OR MORE:   1

[HDD (BASE 65) ]
TOTAL THIS MO.     5    CLEAR  (SCALE 0-3)  20
DPTR FM NORMAL   -23    PTCLDY (SCALE 4-7)   4
TOTAL FM JUL 1  5901    CLOUDY (SCALE 8-10)  0
DPTR FM NORMAL  -740

[CDD (BASE 65) ]
TOTAL THIS MO.   213
DPTR FM NORMAL    80    [PRESSURE DATA]
TOTAL FM JAN 1   241    HIGHEST SLP M ON M
DPTR FM NORMAL    47    LOWEST  SLP 29.54 ON 13

[REMARKS]
