000
CXUS55 KCAE 261400
CF6OGB
PRELIMINARY LOCAL CLIMATOLOGICAL DATA (WS FORM: F-6)

                                          STATION:   ORANGEBURG AIRPORT SC
                                          MONTH:     DECEMBER
                                          YEAR:      2014
                                          LATITUDE:   33 27 N
                                          LONGITUDE:  80 51 W

  TEMPERATURE IN F:       :PCPN:    SNOW:  WIND      :SUNSHINE: SKY     :PK WND
================================================================================
1   2   3   4   5  6A  6B    7    8   9   10  11  12  13   14  15   16   17  18
                                     12Z  AVG MX 2MIN
DY MAX MIN AVG DEP HDD CDD  WTR  SNW DPTH SPD SPD DIR MIN PSBL S-S WX    SPD DR
================================================================================

 1  73  41  57   5   8   0 0.00    M    M  2.0 13 270   M    M   3 128    16 270
 2  74  44  59   8   6   0 0.00    M    M  2.8  9  70   M    M   6 1      14 130
 3  66  52  59   8   6   0 0.00    M    M  2.3  7 240   M    M   6 128    10  80
 4  59  51  55   4  10   0 0.00    M    M  3.0 10  30   M    M  10 12     17  40
 5  65  50  58   8   7   0 0.00    M    M  4.6 12  60   M    M   4 18     15  60
 6  66  50  58   8   7   0 0.01    M    M  5.1 16 340   M    M   9 18     21 340
 7  59  44  52   2  13   0 0.00    M    M 12.1 23  20   M    M   5        34  20
 8  50  41  46  -4  19   0 0.00    M    M 10.6 20  40   M    M   9 18     26  40
 9  56  41  49   0  16   0 0.00    M    M  7.5 15 290   M    M   8 1      19 330
10  57  34  46  -3  19   0 0.00    M    M  5.7 17 270   M    M   0        22 280
11  55  29  42  -7  23   0 0.00    M    M  1.3  9 270   M    M   0        11 240
12  62  28  45  -3  20   0 0.00    M    M  1.3 10 260   M    M   0        12 250
13  67  30  49   1  16   0 0.00    M    M  1.5 10 270   M    M   0        14 270
14  68  31  50   2  15   0 0.00    M    M  0.6  8 220   M    M   0 8      10 100
15  69  31  50   2  15   0 0.00    M    M  2.0 12 200   M    M   0 8      13 190
16  71  36  54   6  11   0 0.11    M    M  9.0 23 270   M    M   2 1      31 270
17  62  35  49   2  16   0 0.00    M    M  2.9 10 300   M    M   0        13 300
18  62  34  48   1  17   0 0.00    M    M  1.7 12  90   M    M   0 18     15  50
19  61  36  49   2  16   0 0.00    M    M  2.6  9  80   M    M   0        12  80
20  50  45  48   1  17   0 0.16    M    M  4.9 10  30   M    M  10 1      14  50
21  52  43  48   2  17   0 0.25    M    M  6.5 13  50   M    M  10 18     17  50
22  46  44  45  -1  20   0 0.42    M    M  7.2 13 350   M    M  10 13     19  90
23  54  44  49   3  16   0 0.57    M    M  5.2 15 130   M    M  10 1      22 120
24  70  54  62  16   3   0 1.75    M    M 11.4 25 200   M    M   9 1      33 200
25  62  40  51   5  14   0    T    M    M  8.0 20 270   M    M   1 1      27 270
================================================================================
SM 1536 1008       347   0  3.27    M    121.8          M      112
================================================================================
AV 61.4 40.3                               4.9 FASTST   M    M   4    MAX(MPH)
                                 MISC ---->  # 25 200               # 34   20
================================================================================
NOTES:
# LAST OF SEVERAL OCCURRENCES

COLUMN 17 PEAK WIND IN M.P.H.

PRELIMINARY LOCAL CLIMATOLOGICAL DATA (WS FORM: F-6) , PAGE 2

                                          STATION:  ORANGEBURG AIRPORT SC
                                          MONTH:    DECEMBER
                                          YEAR:     2014
                                          LATITUDE:   33 27 N
                                          LONGITUDE:  80 51 W

[TEMPERATURE DATA]      [PRECIPITATION DATA]       SYMBOLS USED IN COLUMN 16

AVERAGE MONTHLY: 50.9   TOTAL FOR MONTH:   3.27    1 = FOG OR MIST
DPTR FM NORMAL:   2.5   DPTR FM NORMAL:    0.49    2 = FOG REDUCING VISIBILITY
HIGHEST:    74 ON  2    GRTST 24HR  2.09 ON 23-24      TO 1/4 MILE OR LESS
LOWEST:     28 ON 12                               3 = THUNDER
                        SNOW, ICE PELLETS, HAIL    4 = ICE PELLETS
                        TOTAL MONTH:    M          5 = HAIL
                        GRTST 24HR    M  ON   M    6 = FREEZING RAIN OR DRIZZLE
                        GRTST DEPTH:  M  ON   M    7 = DUSTSTORM OR SANDSTORM:
                                                       VSBY 1/2 MILE OR LESS
                                                   8 = SMOKE OR HAZE
[NO. OF DAYS WITH]      [WEATHER - DAYS WITH]      9 = BLOWING SNOW
                                                   X = TORNADO
MAX 32 OR BELOW:   0    0.01 INCH OR MORE:   7
MAX 90 OR ABOVE:   0    0.10 INCH OR MORE:   6
MIN 32 OR BELOW:   5    0.50 INCH OR MORE:   2
MIN  0 OR BELOW:   0    1.00 INCH OR MORE:   1

[HDD (BASE 65) ]
TOTAL THIS MO.   347    CLEAR  (SCALE 0-3)  11
DPTR FM NORMAL   -73    PTCLDY (SCALE 4-7)   5
TOTAL FM JUL 1   819    CLOUDY (SCALE 8-10)  9
DPTR FM NORMAL    30

[CDD (BASE 65) ]
TOTAL THIS MO.     0
DPTR FM NORMAL     0    [PRESSURE DATA]
TOTAL FM JAN 1  2250    HIGHEST SLP M ON M
DPTR FM NORMAL   148    LOWEST  SLP 29.67 ON 24

[REMARKS]
