000
CXHW52 PHFO 221250
CF6OGG
PRELIMINARY LOCAL CLIMATOLOGICAL DATA (WS FORM: F-6)

                                          STATION:   KAHULUI HI
                                          MONTH:     NOVEMBER
                                          YEAR:      2017
                                          LATITUDE:   20 53 N
                                          LONGITUDE: 156 26 W

  TEMPERATURE IN F:       :PCPN:    SNOW:  WIND      :SUNSHINE: SKY     :PK WND
================================================================================
1   2   3   4   5  6A  6B    7    8   9   10  11  12  13   14  15   16   17  18
                                     12Z  AVG MX 2MIN
DY MAX MIN AVG DEP HDD CDD  WTR  SNW DPTH SPD SPD DIR MIN PSBL S-S WX    SPD DR
================================================================================

 1  89  68  79   2   0  14 0.00  0.0    M  7.0 16  30   M    M   M 1      20 340
 2  88  66  77   0   0  12 0.00  0.0    M  5.5 17  30   M    M   M 1      22  30
 3  87  66  77   0   0  12 0.00  0.0    M 15.2 29  50   M    M   M        39  60
 4  87  64  76  -1   0  11    T  0.0    M 14.7 29  40   M    M   M 1      34  40
 5  82  64  73  -4   0   8    T  0.0    M 16.1 30  50   M    M   M 8      39  50
 6  86  55  71  -6   0   6 0.00  0.0    M  9.2 21  60   M    M   M        27  50
 7   M   M   M   M   M   M    T    M    M 11.5 22  60   M    M   M        31  70
 8   M   M   M   M   M   M 0.00  0.0    M 12.9 23  60   M    M   M        30  70
 9  87  66  77   0   0  12 0.00  0.0    M 13.8 25  70   M    M   M        33  60
10  83  63  73  -4   0   8    T  0.0    M 10.4 22  50   M    M   M 1      29  50
11  84  70  77   0   0  12 0.06  0.0    M  9.9 23  50   M    M   M 1      31  80
12  85  72  79   3   0  14    T  0.0    M 10.0 21  40   M    M   M 1      23  20
13  85  63  74  -2   0   9 0.00  0.0    M 10.2 23  30   M    M   M        26  30
14  85  71  78   2   0  13 0.00  0.0    M 13.5 25  40   M    M   M        29  30
15  82  69  76   0   0  11 0.05  0.0    M 10.4 25  30   M    M   M 18     37  50
16  83  70  77   1   0  12 0.01  0.0    M 12.4 25  40   M    M   M        31  40
17  83  62  73  -3   0   8    T  0.0    M  7.4 16  30   M    M   M        21  20
18  83  61  72  -4   0   7 0.01  0.0    M  6.5 14 360   M    M   M        19  10
19  80  62  71  -5   0   6 0.01  0.0    M  8.4 22 320   M    M   M        28 340
20  82  58  70  -6   0   5 0.02  0.0    M  7.0 22 340   M    M   M 18     30 350
21  82  62  72  -4   0   7    T  0.0    M  7.0 20  20   M    M   M        24  30
================================================================================
SM 1603 1232         0 187  0.16     0.0 219.0          M        M
================================================================================
AV 84.4 64.8                              10.4 FASTST   M    M -nan   MAX(MPH)
                                 MISC ---->  # 30  50               # 39   60
================================================================================
NOTES:
# LAST OF SEVERAL OCCURRENCES

COLUMN 17 PEAK WIND IN M.P.H.

PRELIMINARY LOCAL CLIMATOLOGICAL DATA (WS FORM: F-6) , PAGE 2

                                          STATION:  KAHULUI HI
                                          MONTH:    NOVEMBER
                                          YEAR:     2017
                                          LATITUDE:   20 53 N
                                          LONGITUDE: 156 26 W

[TEMPERATURE DATA]      [PRECIPITATION DATA]       SYMBOLS USED IN COLUMN 16

AVERAGE MONTHLY: 74.6   TOTAL FOR MONTH:   0.16    1 = FOG OR MIST
DPTR FM NORMAL:  -1.9   DPTR FM NORMAL:   -1.22    2 = FOG REDUCING VISIBILITY
HIGHEST:    89 ON  1    GRTST 24HR  0.06 ON 11-11      TO 1/4 MILE OR LESS
LOWEST:     55 ON  6                               3 = THUNDER
                        SNOW, ICE PELLETS, HAIL    4 = ICE PELLETS
                        TOTAL MONTH:   0.0 INCH    5 = HAIL
                        GRTST 24HR     0.0         6 = FREEZING RAIN OR DRIZZLE
                        GRTST DEPTH:  M  ON   M    7 = DUSTSTORM OR SANDSTORM:
                                                       VSBY 1/2 MILE OR LESS
                                                   8 = SMOKE OR HAZE
[NO. OF DAYS WITH]      [WEATHER - DAYS WITH]      9 = BLOWING SNOW
                                                   X = TORNADO
MAX 32 OR BELOW:   0    0.01 INCH OR MORE:   6
MAX 90 OR ABOVE:   0    0.10 INCH OR MORE:   0
MIN 32 OR BELOW:   0    0.50 INCH OR MORE:   0
MIN  0 OR BELOW:   0    1.00 INCH OR MORE:   0

[HDD (BASE 65) ]
TOTAL THIS MO.     0    CLEAR  (SCALE 0-3)   0
DPTR FM NORMAL     0    PTCLDY (SCALE 4-7)   0
TOTAL FM JUL 1     0    CLOUDY (SCALE 8-10)  0
DPTR FM NORMAL     0

[CDD (BASE 65) ]
TOTAL THIS MO.   187
DPTR FM NORMAL   -54    [PRESSURE DATA]
TOTAL FM JAN 1  3859    HIGHEST SLP M ON M
DPTR FM NORMAL   242    LOWEST  SLP 29.85 ON 18

[REMARKS]
