000
CXHW52 PHFO 011250
CF6OGG
PRELIMINARY LOCAL CLIMATOLOGICAL DATA (WS FORM: F-6)

                                          STATION:   KAHULUI HI
                                          MONTH:     APRIL
                                          YEAR:      2016
                                          LATITUDE:   20 53 N
                                          LONGITUDE: 156 26 W

  TEMPERATURE IN F:       :PCPN:    SNOW:  WIND      :SUNSHINE: SKY     :PK WND
================================================================================
1   2   3   4   5  6A  6B    7    8   9   10  11  12  13   14  15   16   17  18
                                     12Z  AVG MX 2MIN
DY MAX MIN AVG DEP HDD CDD  WTR  SNW DPTH SPD SPD DIR MIN PSBL S-S WX    SPD DR
================================================================================

 1  85  63  74   0   0   9 0.00  0.0    0 11.5 23  30   M    M   3 8      28  40
 2  85  71  78   4   0  13 0.00  0.0    0 12.4 24  30   M    M   3        28  40
 3  87  72  80   6   0  15    T  0.0    0 13.8 24  50   M    M   3        33  60
 4  90  65  78   4   0  13 0.00  0.0    0  5.7 21  30   M    M   2        25  50
 5  86  64  75   1   0  10 0.01  0.0    0 11.6 31  30   M    M   3 1      37  10
 6  74  67  71  -3   0   6 0.51  0.0    0 18.8 30  30   M    M  10 18     35  30
 7  81  69  75   1   0  10 0.14  0.0    0 16.2 25  60   M    M   8 18     32  40
 8  86  68  77   3   0  12 0.03  0.0    0 16.2 29  40   M    M   6 1      37  40
 9  83  70  77   3   0  12 0.00  0.0    0 15.0 23  50   M    M   3        32  50
10  87  64  76   2   0  11 0.00  0.0    0 11.5 26  40   M    M   4        32  50
11  83  69  76   2   0  11    T  0.0    0 15.6 30  50   M    M   4 1      38  50
12  83  69  76   2   0  11 0.05  0.0    0 16.8 31  50   M    M   5 1      39  70
13  83  71  77   3   0  12 0.03  0.0    0 17.4 32  50   M    M   5 1      45  70
14  87  71  79   5   0  14    T  0.0    0 15.9 26  60   M    M   5        36  50
15  87  65  76   2   0  11 0.00  0.0    0 13.6 28  40   M    M   4        35  50
16  84  70  77   3   0  12    T  0.0    0 12.6 24  30   M    M   4        28  40
17  83  68  76   2   0  11 0.23  0.0    0 13.8 25  30   M    M   4 1      29  30
18  81  68  75   1   0  10 0.11  0.0    0 14.4 24  40   M    M   7 18     30  40
19  83  69  76   2   0  11 0.00  0.0    0 10.7 24  30   M    M   6        29  30
20  83  69  76   2   0  11    T  0.0    0 13.8 25  60   M    M   5        32  60
21  86  69  78   4   0  13 0.01  0.0    0 12.9 25  40   M    M   4 18     32  30
22  86  68  77   3   0  12    T  0.0    0 12.6 23  60   M    M   5        31  80
23  85  70  78   4   0  13 0.02  0.0    0 14.7 24  70   M    M   6 1      33  80
24  84  67  76   2   0  11 0.00  0.0    0 14.6 26  60   M    M   4        37  60
25  88  65  77   3   0  12 0.00  0.0    0 13.5 26  50   M    M   2        35  50
26  88  72  80   6   0  15 0.04  0.0    0 16.1 29  40   M    M   4 1      37  50
27  86  71  79   5   0  14    T  0.0    0 16.3 28  70   M    M   5 1      37  50
28  88  71  80   5   0  15 0.01  0.0    0 15.2 25  70   M    M   5 1      35  60
29  89  68  79   4   0  14 0.00  0.0    0 14.3 25  70   M    M   4        35  40
30  88  69  79   4   0  14 0.01  0.0    0 14.4 26  50   M    M   4        33  40
================================================================================
SM 2549 2052         0 358  1.20     0.0 421.9          M      137
================================================================================
AV 85.0 68.4                              14.1 FASTST   M    M   5    MAX(MPH)
                                 MISC ---->  # 32  50               # 45   70
================================================================================
NOTES:
# LAST OF SEVERAL OCCURRENCES

COLUMN 17 PEAK WIND IN M.P.H.

PRELIMINARY LOCAL CLIMATOLOGICAL DATA (WS FORM: F-6) , PAGE 2

                                          STATION:  KAHULUI HI
                                          MONTH:    APRIL
                                          YEAR:     2016
                                          LATITUDE:   20 53 N
                                          LONGITUDE: 156 26 W

[TEMPERATURE DATA]      [PRECIPITATION DATA]       SYMBOLS USED IN COLUMN 16

AVERAGE MONTHLY: 76.7   TOTAL FOR MONTH:   1.20    1 = FOG OR MIST
DPTR FM NORMAL:   2.7   DPTR FM NORMAL:   -0.35    2 = FOG REDUCING VISIBILITY
HIGHEST:    90 ON  4    GRTST 24HR  0.53 ON  6- 7      TO 1/4 MILE OR LESS
LOWEST:     63 ON  1                               3 = THUNDER
                        SNOW, ICE PELLETS, HAIL    4 = ICE PELLETS
                        TOTAL MONTH:   0.0 INCH    5 = HAIL
                        GRTST 24HR     0.0         6 = FREEZING RAIN OR DRIZZLE
                        GRTST DEPTH:   0           7 = DUSTSTORM OR SANDSTORM:
                                                       VSBY 1/2 MILE OR LESS
                                                   8 = SMOKE OR HAZE
[NO. OF DAYS WITH]      [WEATHER - DAYS WITH]      9 = BLOWING SNOW
                                                   X = TORNADO
MAX 32 OR BELOW:   0    0.01 INCH OR MORE:  13
MAX 90 OR ABOVE:   1    0.10 INCH OR MORE:   4
MIN 32 OR BELOW:   0    0.50 INCH OR MORE:   1
MIN  0 OR BELOW:   0    1.00 INCH OR MORE:   0

[HDD (BASE 65) ]
TOTAL THIS MO.     0    CLEAR  (SCALE 0-3)   7
DPTR FM NORMAL     0    PTCLDY (SCALE 4-7)  21
TOTAL FM JUL 1     0    CLOUDY (SCALE 8-10)  2
DPTR FM NORMAL     0

[CDD (BASE 65) ]
TOTAL THIS MO.   358
DPTR FM NORMAL    86    [PRESSURE DATA]
TOTAL FM JAN 1  1105    HIGHEST SLP 30.22 ON  6
DPTR FM NORMAL   179    LOWEST  SLP 29.96 ON 15

[REMARKS]
#FINAL-04-16#
