000
CXUS54 KOUN 300700
CF6OKC
PRELIMINARY LOCAL CLIMATOLOGICAL DATA (WS FORM: F-6)

                                          STATION:   OKLAHOMA CITY
                                          MONTH:     AUGUST
                                          YEAR:      2016
                                          LATITUDE:   35 24 N
                                          LONGITUDE:  97 36 W

  TEMPERATURE IN F:       :PCPN:    SNOW:  WIND      :SUNSHINE: SKY     :PK WND
================================================================================
1   2   3   4   5  6A  6B    7    8   9   10  11  12  13   14  15   16   17  18
                                     12Z  AVG MX 2MIN
DY MAX MIN AVG DEP HDD CDD  WTR  SNW DPTH SPD SPD DIR MIN PSBL S-S WX    SPD DR
================================================================================

 1  97  74  86   2   0  21 0.00  0.0    0 12.5 21 210   M    M   1        27 210
 2  98  72  85   1   0  20 0.00  0.0    0  8.6 18 230   M    M   4        24 240
 3  98  69  84   0   0  19 0.00  0.0    0  9.2 17 180   M    M   5        24 190
 4  95  73  84   0   0  19 0.00  0.0    0  7.8 15 220   M    M   6        20 220
 5  96  77  87   3   0  22    T  0.0    0  6.4 14 280   M    M   7        19 270
 6  94  76  85   1   0  20 0.00  0.0    0  6.8 15 120   M    M   5 3      20 130
 7  98  73  86   2   0  21 0.00  0.0    0  7.5 15 310   M    M   5        20 310
 8  95  75  85   2   0  20    T  0.0    0  6.9 17 310   M    M   8        22 310
 9  96  74  85   2   0  20 0.00  0.0    0  7.5 18 220   M    M   6        23 200
10  98  78  88   5   0  23 0.00  0.0    0 11.0 21 200   M    M   7        26 200
11 101  77  89   6   0  24 0.00  0.0    0 10.7 21 200   M    M   4        26 200
12  91  77  84   1   0  19 0.01  0.0    0 10.1 22  20   M    M   7        28  20
13  93  72  83   0   0  18 0.00  0.0    0 14.4 25  50   M    M   2        30  30
14  87  69  78  -5   0  13 0.00  0.0    0 10.3 23  40   M    M   7        27  40
15  92  69  81  -2   0  16 0.00  0.0    0  5.9 15 130   M    M   6        20 120
16  91  62  77  -6   0  12 0.00  0.0    0  7.4 15 100   M    M   2        23 120
17  92  66  79  -4   0  14 0.00  0.0    0  7.5 20 160   M    M   6 12     24 170
18  90  68  79  -3   0  14 0.00  0.0    0  8.9 17 170   M    M   7        21 180
19  88  67  78  -4   0  13    T  0.0    0 13.1 29 180   M    M   7        33 180
20  86  69  78  -4   0  13 0.06  0.0    0 11.4 24 350   M    M   7        30 350
21  86  61  74  -8   0   9 0.00  0.0    0  7.2 16  50   M    M   2        20  60
22  89  57  73  -9   0   8 0.00  0.0    0 10.3 21 160   M    M   5        26 160
23  91  74  83   1   0  18 0.07  0.0    0 16.0 25 200   M    M   9 13     33 190
24  96  75  86   5   0  21 0.00  0.0    0 17.6 25 210   M    M   6        34 210
25  94  71  83   2   0  18 0.02  0.0    0  9.6 23 130   M    M   5 38     30 130
26  93  68  81   0   0  16 0.08  0.0    0  7.1 21 130   M    M   7 13     25 130
27  88  68  78  -3   0  13    T  0.0    0  5.6 13 230   M    M   7 3      17 230
28  93  69  81   1   0  16 0.00  0.0    0  6.2 16 140   M    M   4        22 120
29  93  69  81   1   0  16    T  0.0    0  5.8 25  80   M    M   7        31  90
================================================================================
SM 2699 2049         0 496  0.24     0.0 269.3          M      161
================================================================================
AV 93.1 70.7                               9.3 FASTST   M    M   6    MAX(MPH)
                                 MISC ---->  # 29 180               # 34  210
================================================================================
NOTES:
# LAST OF SEVERAL OCCURRENCES

COLUMN 17 PEAK WIND IN M.P.H.

PRELIMINARY LOCAL CLIMATOLOGICAL DATA (WS FORM: F-6) , PAGE 2

                                          STATION:  OKLAHOMA CITY
                                          MONTH:    AUGUST
                                          YEAR:     2016
                                          LATITUDE:   35 24 N
                                          LONGITUDE:  97 36 W

[TEMPERATURE DATA]      [PRECIPITATION DATA]       SYMBOLS USED IN COLUMN 16

AVERAGE MONTHLY: 81.9   TOTAL FOR MONTH:   0.24    1 = FOG OR MIST
DPTR FM NORMAL:  -0.7   DPTR FM NORMAL:   -2.80    2 = FOG REDUCING VISIBILITY
HIGHEST:   101 ON 11    GRTST 24HR  0.08 ON 26-26      TO 1/4 MILE OR LESS
LOWEST:     57 ON 22                               3 = THUNDER
                        SNOW, ICE PELLETS, HAIL    4 = ICE PELLETS
                        TOTAL MONTH:   0.0 INCH    5 = HAIL
                        GRTST 24HR     0.0         6 = FREEZING RAIN OR DRIZZLE
                        GRTST DEPTH:   0           7 = DUSTSTORM OR SANDSTORM:
                                                       VSBY 1/2 MILE OR LESS
                                                   8 = SMOKE OR HAZE
[NO. OF DAYS WITH]      [WEATHER - DAYS WITH]      9 = BLOWING SNOW
                                                   X = TORNADO
MAX 32 OR BELOW:   0    0.01 INCH OR MORE:   5
MAX 90 OR ABOVE:  23    0.10 INCH OR MORE:   0
MIN 32 OR BELOW:   0    0.50 INCH OR MORE:   0
MIN  0 OR BELOW:   0    1.00 INCH OR MORE:   0

[HDD (BASE 65) ]
TOTAL THIS MO.     0    CLEAR  (SCALE 0-3)   4
DPTR FM NORMAL     0    PTCLDY (SCALE 4-7)  24
TOTAL FM JUL 1     0    CLOUDY (SCALE 8-10)  1
DPTR FM NORMAL     0

[CDD (BASE 65) ]
TOTAL THIS MO.   496
DPTR FM NORMAL   -12    [PRESSURE DATA]
TOTAL FM JAN 1  1691    HIGHEST SLP M ON M
DPTR FM NORMAL   -16    LOWEST  SLP 29.70 ON 19

[REMARKS]
