000
CXUS55 KGGW 280800
CF6OLF
PRELIMINARY LOCAL CLIMATOLOGICAL DATA (WS FORM: F-6)

                                          STATION:   WOLF POINT MT
                                          MONTH:     JULY
                                          YEAR:      2014
                                          LATITUDE:   48  5 N
                                          LONGITUDE: 105 35 W

  TEMPERATURE IN F:       :PCPN:    SNOW:  WIND      :SUNSHINE: SKY     :PK WND
================================================================================
1   2   3   4   5  6A  6B    7    8   9   10  11  12  13   14  15   16   17  18
                                     12Z  AVG MX 2MIN
DY MAX MIN AVG DEP HDD CDD  WTR  SNW DPTH SPD SPD DIR MIN PSBL S-S WX    SPD DR
================================================================================

 1  79  51  65  -2   0   0    T  0.0    0  9.5 21 330   M    M   4        24 350
 2  82  49  66  -2   0   1 0.00  0.0    0  8.7 16  90   M    M   0        22  60
 3  86  52  69   1   0   4 0.00  0.0    0  9.2 16 110   M    M   0        23 100
 4  97  59  78  10   0  13 0.00  0.0    0  7.0 20 290   M    M   0        24 300
 5  97  57  77   9   0  12 0.00  0.0    0  8.8 25 300   M    M   0        33 310
 6  96  55  76   7   0  11 0.00  0.0    0  8.5 25 280   M    M   0        32 280
 7  83  55  69   0   0   4 0.15  0.0    0 11.9 33 300   M    M   4 1      39 340
 8  85  52  69   0   0   4 0.00  0.0    0  5.9 14  90   M    M   2 8      17  90
 9  90  53  72   3   0   7 0.00  0.0    0  5.4 15 130   M    M   0 18     23 120
10  96  62  79   9   0  14 0.12  0.0    0 10.8 23 360   M    M   1 3      29 230
11  84  59  72   2   0   7 0.14  0.0    0  8.1 20 360   M    M   2 3      23 330
12  88  53  71   1   0   6 0.00  0.0    0  8.1 22 340   M    M   2        28 330
13  85  49  67  -3   0   2 0.00  0.0    M  8.6 23 350   M    M   0 8      31 310
14  76  43  60 -10   5   0 0.00  0.0    0  6.4 17  80   M    M   0        22  70
15  81  47  64  -7   1   0 0.00  0.0    0  5.8 14  90   M    M   0        19  90
16  88  49  69  -2   0   4 0.00  0.0    0  4.3 12 230   M    M   0        16 260
17  95  52  74   3   0   9 0.00  0.0    0  2.7 10  90   M    M   0        16  60
18  85  55  70  -1   0   5 0.00  0.0    0 11.8 24 310   M    M   0        31 290
19  94  51  73   2   0   8 0.00  0.0    0  7.2 17 230   M    M   1 8      23 230
20  97  58  78   7   0  13 0.00  0.0    0  9.3 24  30   M    M   1        30  20
21  85  56  71  -1   0   6    T  0.0    0  7.9 26 350   M    M   3 38     32 350
22  89  51  70  -2   0   5    T  0.0    0  5.7 16 360   M    M   1 12     21 360
23  94  57  76   4   0  11 0.00  0.0    0 12.2 23  80   M    M   0 1      29 110
24  95  50  73   1   0   8 0.24  0.0    0 10.0 45 290   M    M   1 3      58 300
25  87  47  67  -5   0   2 0.00  0.0    0 11.3 25 260   M    M   0 1      33 250
26  81  56  69  -3   0   4 0.00  0.0    0 15.3 30 300   M    M   3        37 300
27  83  50  67  -5   0   2 0.00  0.0    0  4.8 13  80   M    M   3        16  70
================================================================================
SM 2378 1428         6 162  0.65     0.0 225.2          M       28
================================================================================
AV 88.1 52.9                               8.3 FASTST   M    M   1    MAX(MPH)
                                 MISC ---->  # 45 290               # 58  300
================================================================================
NOTES:
# LAST OF SEVERAL OCCURRENCES

COLUMN 17 PEAK WIND IN M.P.H.

PRELIMINARY LOCAL CLIMATOLOGICAL DATA (WS FORM: F-6) , PAGE 2

                                          STATION:  WOLF POINT MT
                                          MONTH:    JULY
                                          YEAR:     2014
                                          LATITUDE:   48  5 N
                                          LONGITUDE: 105 35 W

[TEMPERATURE DATA]      [PRECIPITATION DATA]       SYMBOLS USED IN COLUMN 16

AVERAGE MONTHLY: 70.5   TOTAL FOR MONTH:   0.65    1 = FOG OR MIST
DPTR FM NORMAL:   0.3   DPTR FM NORMAL:   -1.09    2 = FOG REDUCING VISIBILITY
HIGHEST:    97 ON 20, 5 GRTST 24HR  0.24 ON 24-24      TO 1/4 MILE OR LESS
LOWEST:     43 ON 14                               3 = THUNDER
                        SNOW, ICE PELLETS, HAIL    4 = ICE PELLETS
                        TOTAL MONTH:   0.0 INCH    5 = HAIL
                        GRTST 24HR     0.0         6 = FREEZING RAIN OR DRIZZLE
                        GRTST DEPTH:   0           7 = DUSTSTORM OR SANDSTORM:
                                                       VSBY 1/2 MILE OR LESS
                                                   8 = SMOKE OR HAZE
[NO. OF DAYS WITH]      [WEATHER - DAYS WITH]      9 = BLOWING SNOW
                                                   X = TORNADO
MAX 32 OR BELOW:   0    0.01 INCH OR MORE:   4
MAX 90 OR ABOVE:  10    0.10 INCH OR MORE:   4
MIN 32 OR BELOW:   0    0.50 INCH OR MORE:   0
MIN  0 OR BELOW:   0    1.00 INCH OR MORE:   0

[HDD (BASE 65) ]
TOTAL THIS MO.     6    CLEAR  (SCALE 0-3)  25
DPTR FM NORMAL    -7    PTCLDY (SCALE 4-7)   2
TOTAL FM JUL 1     6    CLOUDY (SCALE 8-10)  0
DPTR FM NORMAL    -7

[CDD (BASE 65) ]
TOTAL THIS MO.   162
DPTR FM NORMAL     5    [PRESSURE DATA]
TOTAL FM JAN 1   228    HIGHEST SLP M ON M
DPTR FM NORMAL     7    LOWEST  SLP 29.53 ON 18

[REMARKS]
