000
CXUS55 KTWC 230855
CF6OLS
PRELIMINARY LOCAL CLIMATOLOGICAL DATA (WS FORM: F-6)

                                          STATION:   NOGALES AZ AIRPORT
                                          MONTH:     OCTOBER
                                          YEAR:      2014
                                          LATITUDE:   31 25 N
                                          LONGITUDE: 110 51 W

  TEMPERATURE IN F:       :PCPN:    SNOW:  WIND      :SUNSHINE: SKY     :PK WND
================================================================================
1   2   3   4   5  6A  6B    7    8   9   10  11  12  13   14  15   16   17  18
                                     12Z  AVG MX 2MIN
DY MAX MIN AVG DEP HDD CDD  WTR  SNW DPTH SPD SPD DIR MIN PSBL S-S WX    SPD DR
================================================================================

 1  83  47  65  -5   0   0 0.00  0.0    0  4.9 16 240   M    M   0        20 220
 2  85  47  66  -4   0   1 0.00  0.0    0  4.4 16  30   M    M   0        20  30
 3  90  46  68  -2   0   3 0.00  0.0    0  3.8 12 210   M    M   0        17 170
 4  89  52  71   2   0   6 0.00  0.0    0  4.5 15 250   M    M   0        24 150
 5  85  53  69   0   0   4 0.00  0.0    0  4.1 15 240   M    M   0        21 240
 6  85  54  70   1   0   5 0.00  0.0    0  3.5 12 290   M    M   0        14 290
 7  86  58  72   4   0   7 0.44  0.0    0  4.0 25 100   M    M   4 13     33 110
 8  77  60  69   1   0   4 0.82  0.0    0  6.0 20 170   M    M   8 1      25 170
 9  75  57  66  -2   0   1 0.02  0.0    0  5.8 16 270   M    M   6 1      22 270
10  81  52  67   0   0   2 0.00  0.0    0  3.7 10 320   M    M   0        15 320
11  86  51  69   2   0   4 0.00  0.0    0  3.2 12 290   M    M   0        15 290
12  82  50  66   0   0   1 0.00  0.0    0  5.2 18 240   M    M   0        25 240
13  82  49  66   0   0   1 0.00  0.0    0  2.6 12 260   M    M   0        14 260
14  87  48  68   2   0   3 0.00  0.0    0  4.0 10 230   M    M   0        15 210
15  88  50  69   3   0   4 0.00  0.0    0  5.6 18 210   M    M   0        24 210
16  85  53  69   4   0   4 0.00  0.0    0  5.1 14 230   M    M   0        20 180
17  85  52  69   4   0   4    T  0.0    0  3.4 14 200   M    M   2        22 200
18  85  48  67   3   0   2 0.00  0.0    0  5.6 15 220   M    M   0        22 200
19  83  51  67   3   0   2 0.01  0.0    0  5.7 29 100   M    M   2 3      36 110
20  78  52  65   1   0   0    T  0.0    0  5.4 31  90   M    M   2 3      40  90
21  81  48  65   1   0   0 0.00  0.0    0  4.6  6  60   M    M   0         M  M
22  88  56  72   9   0   7 0.00  0.0    0  5.0  8  80   M    M   0         M  M
================================================================================
SM 1846 1134         0  65  1.29     0.0 100.1          M       24
================================================================================
AV 83.9 51.5                               4.5 FASTST   M    M   1    MAX(MPH)
                                 MISC ---->  # 31  90               # 40   90
================================================================================
NOTES:
# LAST OF SEVERAL OCCURRENCES

COLUMN 17 PEAK WIND IN M.P.H.

PRELIMINARY LOCAL CLIMATOLOGICAL DATA (WS FORM: F-6) , PAGE 2

                                          STATION:  NOGALES AZ AIRPORT
                                          MONTH:    OCTOBER
                                          YEAR:     2014
                                          LATITUDE:   31 25 N
                                          LONGITUDE: 110 51 W

[TEMPERATURE DATA]      [PRECIPITATION DATA]       SYMBOLS USED IN COLUMN 16

AVERAGE MONTHLY: 67.7   TOTAL FOR MONTH:   1.29    1 = FOG OR MIST
DPTR FM NORMAL:   1.0   DPTR FM NORMAL:    0.40    2 = FOG REDUCING VISIBILITY
HIGHEST:    90 ON  3    GRTST 24HR  1.13 ON  7- 8      TO 1/4 MILE OR LESS
LOWEST:     46 ON  3                               3 = THUNDER
                        SNOW, ICE PELLETS, HAIL    4 = ICE PELLETS
                        TOTAL MONTH:   0.0 INCH    5 = HAIL
                        GRTST 24HR     0.0         6 = FREEZING RAIN OR DRIZZLE
                        GRTST DEPTH:   0           7 = DUSTSTORM OR SANDSTORM:
                                                       VSBY 1/2 MILE OR LESS
                                                   8 = SMOKE OR HAZE
[NO. OF DAYS WITH]      [WEATHER - DAYS WITH]      9 = BLOWING SNOW
                                                   X = TORNADO
MAX 32 OR BELOW:   0    0.01 INCH OR MORE:   4
MAX 90 OR ABOVE:   1    0.10 INCH OR MORE:   2
MIN 32 OR BELOW:   0    0.50 INCH OR MORE:   1
MIN  0 OR BELOW:   0    1.00 INCH OR MORE:   0

[HDD (BASE 65) ]
TOTAL THIS MO.     0    CLEAR  (SCALE 0-3)  19
DPTR FM NORMAL   -29    PTCLDY (SCALE 4-7)   2
TOTAL FM JUL 1     0    CLOUDY (SCALE 8-10)  1
DPTR FM NORMAL   -30

[CDD (BASE 65) ]
TOTAL THIS MO.    65
DPTR FM NORMAL    -4    [PRESSURE DATA]
TOTAL FM JAN 1  1911    HIGHEST SLP M ON M
DPTR FM NORMAL    86    LOWEST  SLP 29.70 ON M

[REMARKS]
