000
CXUS53 KOAX 291000
CF6OMA
PRELIMINARY LOCAL CLIMATOLOGICAL DATA (WS FORM: F-6)

                                          STATION:   OMAHA EPPLEY, NEBRASKA
                                          MONTH:     APRIL
                                          YEAR:      2016
                                          LATITUDE:   41 17 N
                                          LONGITUDE:  95 54 W

  TEMPERATURE IN F:       :PCPN:    SNOW:  WIND      :SUNSHINE: SKY     :PK WND
================================================================================
1   2   3   4   5  6A  6B    7    8   9   10  11  12  13   14  15   16   17  18
                                     12Z  AVG MX 2MIN
DY MAX MIN AVG DEP HDD CDD  WTR  SNW DPTH SPD SPD DIR MIN PSBL S-S WX    SPD DR
================================================================================

 1  49  34  42  -4  23   0 0.03    T    0 14.7 26 310   M    M   7 4      31 310
 2  57  36  47   1  18   0 0.00  0.0    0 13.8 33 320   M    M   3        39 320
 3  85  41  63  16   2   0 0.00  0.0    0 14.5 31 300   M    M   3        38 300
 4  61  36  49   2  16   0 0.00  0.0    0  9.2 20 360   M    M   1        25 350
 5  71  41  56   8   9   0    T  0.0    0 15.5 36 150   M    M   8        41 150
 6  60  39  50   2  15   0    T  0.0    0 17.0 32 300   M    M   7        41 310
 7  58  34  46  -2  19   0    T  0.0    0 17.3 44 320   M    M   4        54 330
 8  56  29  43  -6  22   0 0.00  0.0    0 15.1 33 330   M    M   2        43 330
 9  58  24  41  -8  24   0 0.00  0.0    0 15.3 30 160   M    M   4        36 160
10  69  45  57   7   8   0    T  0.0    0 11.9 25  20   M    M   7        30  10
11  54  27  41  -9  24   0 0.00  0.0    0 12.6 30 340   M    M   3        37 340
12  67  26  47  -3  18   0 0.00  0.0    0 13.2 24 170   M    M   1        29 170
13  77  45  61  10   4   0 0.00  0.0    0 13.4 23 170   M    M   2        28 170
14  76  49  63  12   2   0 0.00  0.0    0 14.7 24 150   M    M   2 8      30 160
15  78  52  65  13   0   0 0.00  0.0    0 18.2 30 170   M    M   6        38 180
16  75  59  67  15   0   2 0.00  0.0    0 16.3 26 150   M    M   8        37 150
17  76  59  68  16   0   3    T  0.0    0 14.4 26 160   M    M   8        33 140
18  63  51  57   4   8   0 0.34  0.0    0  9.0 20 150   M    M  10 1      26 140
19  64  46  55   2  10   0    T  0.0    0  6.4 14  10   M    M   8 1      16  10
20  59  52  56   2   9   0 1.91  0.0    0 15.0 28 290   M    M   9 1      37 290
21  67  52  60   6   5   0 0.02  0.0    0 14.1 23 320   M    M   8 1      29 320
22  69  48  59   5   6   0 0.00  0.0    0  7.1 20 360   M    M   5        22 360
23  80  49  65  10   0   0 0.00  0.0    0 16.6 31 160   M    M   4 1      37 150
24  82  59  71  16   0   6 0.45  0.0    0 17.9 37 170   M    M   8 13     46 170
25  73  54  64   9   1   0 0.00  0.0    0  8.5 18 270   M    M   2        22 270
26  76  52  64   8   1   0 0.20  0.0    0 12.2 21 110   M    M   8 13     27 100
27  64  46  55  -1  10   0 1.31  0.0    0 15.9 30  80   M    M   9 13     39  80
28  52  46  49  -7  16   0 0.04  0.0    0  9.6 18 320   M    M  10 1      22 320
================================================================================
SM 1876 1231       270  11  4.30    T    379.4          M      157
================================================================================
AV 67.0 44.0                              13.6 FASTST   M    M   6    MAX(MPH)
                                 MISC ---->  # 44 320               # 54  330
================================================================================
NOTES:
# LAST OF SEVERAL OCCURRENCES

COLUMN 17 PEAK WIND IN M.P.H.

PRELIMINARY LOCAL CLIMATOLOGICAL DATA (WS FORM: F-6) , PAGE 2

                                          STATION:  OMAHA EPPLEY, NEBRASKA
                                          MONTH:    APRIL
                                          YEAR:     2016
                                          LATITUDE:   41 17 N
                                          LONGITUDE:  95 54 W

[TEMPERATURE DATA]      [PRECIPITATION DATA]       SYMBOLS USED IN COLUMN 16

AVERAGE MONTHLY: 55.5   TOTAL FOR MONTH:   4.30    1 = FOG OR MIST
DPTR FM NORMAL:   4.2   DPTR FM NORMAL:    1.58    2 = FOG REDUCING VISIBILITY
HIGHEST:    85 ON  3    GRTST 24HR  1.92 ON 20-21      TO 1/4 MILE OR LESS
LOWEST:     24 ON  9                               3 = THUNDER
                        SNOW, ICE PELLETS, HAIL    4 = ICE PELLETS
                        TOTAL MONTH:    T          5 = HAIL
                        GRTST 24HR    T  ON  1- 1  6 = FREEZING RAIN OR DRIZZLE
                        GRTST DEPTH:   0           7 = DUSTSTORM OR SANDSTORM:
                                                       VSBY 1/2 MILE OR LESS
                                                   8 = SMOKE OR HAZE
[NO. OF DAYS WITH]      [WEATHER - DAYS WITH]      9 = BLOWING SNOW
                                                   X = TORNADO
MAX 32 OR BELOW:   0    0.01 INCH OR MORE:   8
MAX 90 OR ABOVE:   0    0.10 INCH OR MORE:   5
MIN 32 OR BELOW:   4    0.50 INCH OR MORE:   2
MIN  0 OR BELOW:   0    1.00 INCH OR MORE:   2

[HDD (BASE 65) ]
TOTAL THIS MO.   270    CLEAR  (SCALE 0-3)   8
DPTR FM NORMAL  -124    PTCLDY (SCALE 4-7)  13
TOTAL FM JUL 1  4773    CLOUDY (SCALE 8-10)  7
DPTR FM NORMAL -1210

[CDD (BASE 65) ]
TOTAL THIS MO.    11
DPTR FM NORMAL    -1    [PRESSURE DATA]
TOTAL FM JAN 1    13    HIGHEST SLP M ON M
DPTR FM NORMAL     0    LOWEST  SLP 29.45 ON 24

[REMARKS]
