000
CXUS53 KOAX 241000
CF6OMA
PRELIMINARY LOCAL CLIMATOLOGICAL DATA (WS FORM: F-6)

                                          STATION:   OMAHA EPPLEY, NEBRASKA
                                          MONTH:     MAY
                                          YEAR:      2017
                                          LATITUDE:   41 17 N
                                          LONGITUDE:  95 54 W

  TEMPERATURE IN F:       :PCPN:    SNOW:  WIND      :SUNSHINE: SKY     :PK WND
================================================================================
1   2   3   4   5  6A  6B    7    8   9   10  11  12  13   14  15   16   17  18
                                     12Z  AVG MX 2MIN
DY MAX MIN AVG DEP HDD CDD  WTR  SNW DPTH SPD SPD DIR MIN PSBL S-S WX    SPD DR
================================================================================

 1  55  37  46 -12  19   0 0.17  0.0    0 15.2 30 310   M    M   8 1      41 320
 2  66  42  54  -4  11   0 0.00  0.0    0  6.5 17 330   M    M   4        23 280
 3  66  43  55  -3  10   0 0.02  0.0    0  5.7 18 330   M    M   8        22 320
 4  72  39  56  -2   9   0 0.00  0.0    0 10.4 26  20   M    M   2 1      32  20
 5  79  41  60   1   5   0 0.00  0.0    0  5.0 17 290   M    M   1        21 320
 6  80  51  66   7   0   1 0.00  0.0    0  5.6 20 360   M    M   1        24 360
 7  85  51  68   8   0   3 0.00  0.0    0 12.0 23 160   M    M   2        31 170
 8  93  66  80  20   0  15    T  0.0    0 13.7 23 320   M    M   6 3      29 310
 9  83  60  72  12   0   7 0.00  0.0    0  8.7 20 350   M    M   6        24 360
10  67  53  60   0   5   0 0.64  0.0    0  9.7 24 300   M    M   9 13     29 300
11  73  50  62   1   3   0 0.00  0.0    0  9.2 18  10   M    M   5        24  10
12  77  44  61   0   4   0 0.00  0.0    0  5.9 17  20   M    M   0        21  10
13  82  52  67   6   0   2 0.00  0.0    0 11.2 26 170   M    M   1        33 180
14  89  63  76  14   0  11    T  0.0    0 11.4 28 160   M    M   3        33 180
15  93  64  79  17   0  14    T  0.0    0 11.9 24 160   M    M   6        30 200
16  92  61  77  15   0  12 1.35    T    0 14.6 51 270   M    M   7 135    63 270
17  78  59  69   6   0   4 0.10  0.0    0 18.3 37 160   M    M   7 3      48 170
18  65  53  59  -4   6   0 0.53  0.0    0 13.0 25 300   M    M  10 3      35 290
19  56  49  53 -10  12   0 0.94  0.0    0 10.7 18  30   M    M  10 18     27  60
20  59  47  53 -11  12   0 0.55  0.0    0 10.8 20 270   M    M  10 13     28 250
21  69  44  57  -7   8   0    T  0.0    0 12.7 24 290   M    M   6        33 280
22  75  49  62  -2   3   0    T  0.0    0  9.1 23 200   M    M   6 3      31 250
23  61  47  54 -11  11   0 0.02  0.0    0 11.2 25 320   M    M   7        33 310
================================================================================
SM 1715 1165       118  69  4.32    T    242.5          M      125
================================================================================
AV 74.6 50.7                              10.5 FASTST   M    M   5    MAX(MPH)
                                 MISC ---->  # 51 270               # 63  270
================================================================================
NOTES:
# LAST OF SEVERAL OCCURRENCES

COLUMN 17 PEAK WIND IN M.P.H.

PRELIMINARY LOCAL CLIMATOLOGICAL DATA (WS FORM: F-6) , PAGE 2

                                          STATION:  OMAHA EPPLEY, NEBRASKA
                                          MONTH:    MAY
                                          YEAR:     2017
                                          LATITUDE:   41 17 N
                                          LONGITUDE:  95 54 W

[TEMPERATURE DATA]      [PRECIPITATION DATA]       SYMBOLS USED IN COLUMN 16

AVERAGE MONTHLY: 62.6   TOTAL FOR MONTH:   4.32    1 = FOG OR MIST
DPTR FM NORMAL:   1.5   DPTR FM NORMAL:    0.83    2 = FOG REDUCING VISIBILITY
HIGHEST:    93 ON 15, 8 GRTST 24HR  1.35 ON 16-16      TO 1/4 MILE OR LESS
LOWEST:     37 ON  1                               3 = THUNDER
                        SNOW, ICE PELLETS, HAIL    4 = ICE PELLETS
                        TOTAL MONTH:    T          5 = HAIL
                        GRTST 24HR    T  ON 16-16  6 = FREEZING RAIN OR DRIZZLE
                        GRTST DEPTH:   0           7 = DUSTSTORM OR SANDSTORM:
                                                       VSBY 1/2 MILE OR LESS
                                                   8 = SMOKE OR HAZE
[NO. OF DAYS WITH]      [WEATHER - DAYS WITH]      9 = BLOWING SNOW
                                                   X = TORNADO
MAX 32 OR BELOW:   0    0.01 INCH OR MORE:   9
MAX 90 OR ABOVE:   3    0.10 INCH OR MORE:   7
MIN 32 OR BELOW:   0    0.50 INCH OR MORE:   5
MIN  0 OR BELOW:   0    1.00 INCH OR MORE:   1

[HDD (BASE 65) ]
TOTAL THIS MO.   118    CLEAR  (SCALE 0-3)   6
DPTR FM NORMAL   -10    PTCLDY (SCALE 4-7)  12
TOTAL FM JUL 1  4926    CLOUDY (SCALE 8-10)  5
DPTR FM NORMAL -1204

[CDD (BASE 65) ]
TOTAL THIS MO.    69
DPTR FM NORMAL    31    [PRESSURE DATA]
TOTAL FM JAN 1    77    HIGHEST SLP M ON M
DPTR FM NORMAL    23    LOWEST  SLP 29.24 ON 17

[REMARKS]
