000
CXUS54 KMRX 011430
CF6OQT
PRELIMINARY LOCAL CLIMATOLOGICAL DATA (WS FORM: F-6)

                                          STATION:   OAK_RIDGE_(ASOS)
                                          MONTH:     AUGUST
                                          YEAR:      2015
                                          LATITUDE:   36  1 N
                                          LONGITUDE:  84 14 W

  TEMPERATURE IN F:       :PCPN:    SNOW:  WIND      :SUNSHINE: SKY     :PK WND
================================================================================
1   2   3   4   5  6A  6B    7    8   9   10  11  12  13   14  15   16   17  18
                                     12Z  AVG MX 2MIN
DY MAX MIN AVG DEP HDD CDD  WTR  SNW DPTH SPD SPD DIR MIN PSBL S-S WX    SPD DR
================================================================================

 1  92  63  78   0   0  13 0.00    M    M  1.1  8  90   M    M   1        12  10
 2  92  63  78   0   0  13 0.00    M    M  1.7  8  70   M    M   0        11  80
 3  92  63  78   0   0  13 0.00    M    M  1.1  9 170   M    M   0 8      14 200
 4  95  69  82   4   0  17 0.00    M    M  2.1  9 270   M    M   0         M  M
 5  90  71  81   3   0  16    T    M    M  2.1 10 280   M    M   2        18 270
 6  81  70  76  -2   0  11 0.34    M    M  1.8  9 220   M    M   7 1      14 230
 7  87  70  79   1   0  14 0.03    M    M  0.7  9 310   M    M   7 1      13 300
 8  90  67  79   1   0  14 0.00    M    M  1.4  8  80   M    M   2        12  80
 9  92  68  80   2   0  15 0.00    M    M  1.6  7 230   M    M   2        12 190
10  89  71  80   2   0  15 0.69    M    M  2.2 12 190   M    M   5 1      17 180
11  91  70  81   3   0  16    T    M    M  2.5  8 330   M    M   6 1      15 320
12  88  66  77  -1   0  12 0.00    M    M  2.5  9 320   M    M   1        15 320
13  88  63  76  -2   0  11 0.00    M    M  1.5  9  80   M    M   1 8      14  10
14  77  66  72  -6   0   7    T    M    M  1.0  8 260   M    M   M        11 250
15  84  68  76  -2   0  11 0.25    M    M  1.0  9 160   M    M   5 1      14 170
16  88  70  79   1   0  14 0.13    M    M  0.8 10 320   M    M   4 1      14 270
17  79  70  75  -3   0  10 0.27    M    M  0.2  6 180   M    M   7 1       8 190
18  80  72  76  -2   0  11 0.17    M    M  1.8  9 180   M    M   9 1      14 190
19  85  71  78   0   0  13 2.76    M    M  2.2 13 290   M    M   7 1      22 300
20  82  69  76  -2   0  11 0.01    M    M  2.9  9 260   M    M   7 1      14 260
21  86  63  75  -2   0  10 0.00    M    M  2.0  8 280   M    M   3        13  70
22  87  63  75  -2   0  10 0.00    M    M  1.2  8 160   M    M   1        10 160
23  82  70  76  -1   0  11 1.32    M    M  1.4  9 190   M    M   7 1      16 200
24  88  63  76  -1   0  11 0.00    M    M  2.4 12 260   M    M   4 12     16 280
25  83  57  70  -7   0   5 0.00    M    M  1.7  8 320   M    M   0        13  80
26  82  57  70  -7   0   5 0.00    M    M  3.0 10  80   M    M   0        17  70
27  85  60  73  -3   0   8 0.00    M    M  2.7 10  70   M    M   1        17  70
28  88  62  75  -1   0  10 0.00    M    M  0.7  7 180   M    M   2        11 130
29  88  66  77   1   0  12 0.00    M    M  1.3  9 160   M    M   2        13 170
30  82  69  76   0   0  11 0.00    M    M  0.9  8  80   M    M   3        11  80
31  87  66  77   1   0  12 0.00    M    M  1.7  9  90   M    M   3 12     13  80
================================================================================
SM 2680 2056         0 362  5.97    M     51.2          M       99
================================================================================
AV 86.5 66.3                               1.7 FASTST   M    M   3    MAX(MPH)
                                 MISC ---->  # 13 290               # 22  300
================================================================================
NOTES:
# LAST OF SEVERAL OCCURRENCES

COLUMN 17 PEAK WIND IN M.P.H.

PRELIMINARY LOCAL CLIMATOLOGICAL DATA (WS FORM: F-6) , PAGE 2

                                          STATION:  OAK_RIDGE_(ASOS)
                                          MONTH:    AUGUST
                                          YEAR:     2015
                                          LATITUDE:   36  1 N
                                          LONGITUDE:  84 14 W

[TEMPERATURE DATA]      [PRECIPITATION DATA]       SYMBOLS USED IN COLUMN 16

AVERAGE MONTHLY: 76.4   TOTAL FOR MONTH:   5.97    1 = FOG OR MIST
DPTR FM NORMAL:  -1.2   DPTR FM NORMAL:    3.21    2 = FOG REDUCING VISIBILITY
HIGHEST:    95 ON  4    GRTST 24HR  2.76 ON 19-19      TO 1/4 MILE OR LESS
LOWEST:     57 ON 26,25                            3 = THUNDER
                        SNOW, ICE PELLETS, HAIL    4 = ICE PELLETS
                        TOTAL MONTH:    M          5 = HAIL
                        GRTST 24HR    M  ON   M    6 = FREEZING RAIN OR DRIZZLE
                        GRTST DEPTH:  M  ON   M    7 = DUSTSTORM OR SANDSTORM:
                                                       VSBY 1/2 MILE OR LESS
                                                   8 = SMOKE OR HAZE
[NO. OF DAYS WITH]      [WEATHER - DAYS WITH]      9 = BLOWING SNOW
                                                   X = TORNADO
MAX 32 OR BELOW:   0    0.01 INCH OR MORE:  10
MAX 90 OR ABOVE:   8    0.10 INCH OR MORE:   8
MIN 32 OR BELOW:   0    0.50 INCH OR MORE:   3
MIN  0 OR BELOW:   0    1.00 INCH OR MORE:   2

[HDD (BASE 65) ]
TOTAL THIS MO.     0    CLEAR  (SCALE 0-3)  17
DPTR FM NORMAL     0    PTCLDY (SCALE 4-7)  12
TOTAL FM JUL 1     0    CLOUDY (SCALE 8-10)  1
DPTR FM NORMAL     0

[CDD (BASE 65) ]
TOTAL THIS MO.   362
DPTR FM NORMAL   -29    [PRESSURE DATA]
TOTAL FM JAN 1  1496    HIGHEST SLP 30.22 ON 15
DPTR FM NORMAL   238    LOWEST  SLP 29.78 ON  7

[REMARKS]
#FINAL-08-15#
