000
CXUS54 KMRX 201000
CF6OQT
PRELIMINARY LOCAL CLIMATOLOGICAL DATA (WS FORM: F-6)

                                          STATION:   OAK_RIDGE_(ASOS)
                                          MONTH:     APRIL
                                          YEAR:      2014
                                          LATITUDE:   36  1 N
                                          LONGITUDE:  84 14 W

  TEMPERATURE IN F:       :PCPN:    SNOW:  WIND      :SUNSHINE: SKY     :PK WND
================================================================================
1   2   3   4   5  6A  6B    7    8   9   10  11  12  13   14  15   16   17  18
                                     12Z  AVG MX 2MIN
DY MAX MIN AVG DEP HDD CDD  WTR  SNW DPTH SPD SPD DIR MIN PSBL S-S WX    SPD DR
================================================================================

 1  82  47  65  10   0   0    T  0.0    0  2.7 14 190   M    M   M        20 200
 2  82  47  65  10   0   0 0.00  0.0    0  3.2 10 210   M    M   M        17  99
 3  79  60  70  14   0   5 0.92    M    M  4.9 21 190   M    M   5 1      29 190
 4  68  52  60   4   5   0 0.29  0.0    0  6.1 18 210   M    M   5 1      31 200
 5  60  41  51  -5  14   0 0.00    M    M  4.3 13  60   M    M   1        19  70
 6  68  42  55  -1  10   0 0.21    M    M  2.7 12 200   M    M   3 1      16 220
 7  63  50  57   0   8   0 0.84  0.0    0  4.9 17 250   M    M   9 1      31 250
 8  63  48  56  -1   9   0 0.01    M    M  4.3 15 260   M    M   8        23 250
 9  67  45  56  -1   9   0    T    M    M  3.7 12 290   M    M   5        20 350
10  75  37  56  -1   9   0 0.00    M    0  5.0 16 190   M    M   M        25 180
11  77  50  64   6   1   0 0.03    M    0  5.1 16 190   M    M   M        23 220
12  81  53  67   9   0   2 0.00    M    0  2.7 13 210   M    M   M 1      18 170
13  83  57  70  12   0   5 0.00  0.0    0  5.9 18 210   M    M   1        31 210
14  74  61  68  10   0   3 0.15  0.0    0  7.0 16 210   M    M   5 1      27 200
15  64  36  50  -9  15   0 0.18    M    M  6.4 15 270   M    M   M 1      23 310
16  61  30  46 -13  19   0 0.00    M    M  3.5 14  70   M    M   M        20  70
17  69  35  52  -7  13   0 0.00    M    M  1.4  8 200   M    M   M        12 100
18  66  47  57  -2   8   0 0.00    M    M  2.3  9  80   M    M   M        12  70
19  73  49  61   1   4   0 0.00    M    M  3.5 16  70   M    M   M        20  70
================================================================================
SM 1355  887       124  15  2.63     0.0  79.6          M       42
================================================================================
AV 71.3 46.7                               4.2 FASTST   M    M   5    MAX(MPH)
                                 MISC ---->  # 21 190               # 31  200
================================================================================
NOTES:
# LAST OF SEVERAL OCCURRENCES

COLUMN 17 PEAK WIND IN M.P.H.

PRELIMINARY LOCAL CLIMATOLOGICAL DATA (WS FORM: F-6) , PAGE 2

                                          STATION:  OAK_RIDGE_(ASOS)
                                          MONTH:    APRIL
                                          YEAR:     2014
                                          LATITUDE:   36  1 N
                                          LONGITUDE:  84 14 W

[TEMPERATURE DATA]      [PRECIPITATION DATA]       SYMBOLS USED IN COLUMN 16

AVERAGE MONTHLY: 59.0   TOTAL FOR MONTH:   2.63    1 = FOG OR MIST
DPTR FM NORMAL:   1.6   DPTR FM NORMAL:    0.04    2 = FOG REDUCING VISIBILITY
HIGHEST:    83 ON 13    GRTST 24HR  1.05 ON  6- 7      TO 1/4 MILE OR LESS
LOWEST:     30 ON 16                               3 = THUNDER
                        SNOW, ICE PELLETS, HAIL    4 = ICE PELLETS
                        TOTAL MONTH:   0.0 INCH    5 = HAIL
                        GRTST 24HR     0.0         6 = FREEZING RAIN OR DRIZZLE
                        GRTST DEPTH:   0           7 = DUSTSTORM OR SANDSTORM:
                                                       VSBY 1/2 MILE OR LESS
                                                   8 = SMOKE OR HAZE
[NO. OF DAYS WITH]      [WEATHER - DAYS WITH]      9 = BLOWING SNOW
                                                   X = TORNADO
MAX 32 OR BELOW:   0    0.01 INCH OR MORE:   8
MAX 90 OR ABOVE:   0    0.10 INCH OR MORE:   6
MIN 32 OR BELOW:   1    0.50 INCH OR MORE:   2
MIN  0 OR BELOW:   0    1.00 INCH OR MORE:   0

[HDD (BASE 65) ]
TOTAL THIS MO.   124    CLEAR  (SCALE 0-3)   3
DPTR FM NORMAL   -34    PTCLDY (SCALE 4-7)   4
TOTAL FM JUL 1  3771    CLOUDY (SCALE 8-10)  2
DPTR FM NORMAL   193

[CDD (BASE 65) ]
TOTAL THIS MO.    15
DPTR FM NORMAL     0    [PRESSURE DATA]
TOTAL FM JAN 1    15    HIGHEST SLP M ON M
DPTR FM NORMAL    -4    LOWEST  SLP 29.59 ON  7

[REMARKS]
