000
CXUS51 KBOX 301200
CF6ORH
PRELIMINARY LOCAL CLIMATOLOGICAL DATA (WS FORM: F-6)

                                          STATION:   WORCESTER MA
                                          MONTH:     MAY
                                          YEAR:      2015
                                          LATITUDE:   42 16 N
                                          LONGITUDE:  71 52 W

  TEMPERATURE IN F:       :PCPN:    SNOW:  WIND      :SUNSHINE: SKY     :PK WND
================================================================================
1   2   3   4   5  6A  6B    7    8   9   10  11  12  13   14  15   16   17  18
                                     12Z  AVG MX 2MIN
DY MAX MIN AVG DEP HDD CDD  WTR  SNW DPTH SPD SPD DIR MIN PSBL S-S WX    SPD DR
================================================================================

 1  55  41  48  -4  17   0 0.00  0.0    0  4.7 10  90   M    M   8        15  70
 2  66  38  52   0  13   0 0.00  0.0    0  5.2 14 190   M    M   1        18 130
 3  73  46  60   7   5   0 0.00  0.0    0  8.1 16 150   M    M   6        19 140
 4  82  52  67  14   0   2 0.00  0.0    M 14.7 24 210   M    M   1        31 220
 5  78  57  68  15   0   3 0.02  0.0    M  7.8 21 250   M    M   2        25 240
 6  73  54  64  11   1   0 0.00  0.0    M  9.4 16 260   M    M   0        24 360
 7  80  53  67  13   0   2 0.00  0.0    M  9.9 17 240   M    M   0        23 210
 8  80  44  62   8   3   0 0.00  0.0    M  9.8 16  60   M    M   0        22  70
 9  77  43  60   6   5   0 0.00  0.0    M  8.6 20 190   M    M   6 12     25 180
10  85  63  74  19   0   9 0.00  0.0    M 14.4 22 250   M    M   4        30 250
11  83  54  69  14   0   4 0.00  0.0    M 10.0 17 240   M    M   5        21 240
12  82  52  67  12   0   2 0.02  0.0    M 12.6 30 290   M    M   6 12     40 280
13  62  45  54  -2  11   0 0.00  0.0    M 14.8 31 300   M    M   3        44 280
14  68  46  57   1   8   0 0.00  0.0    0  9.3 15 300   M    M   0        22 300
15  70  44  57   1   8   0 0.00  0.0    0  8.0 15 240   M    M   1        19 270
16  69  54  62   6   3   0    T  0.0    0  8.0 15 230   M    M   8 1      19 200
17  83  60  72  15   0   7 0.00  0.0    0  8.0 18 290   M    M   4 1      27 240
18  70  48  59   2   6   0 0.00  0.0    M  8.6 14 200   M    M   7 128    18 200
19  70  54  62   5   3   0 0.10  0.0    M 10.4 25 300   M    M   9 13     37 290
20  60  46  53  -5  12   0 0.00  0.0    0 16.1 33 300   M    M   3        41 290
21  63  41  52  -6  13   0 0.00  0.0    0  9.6 17 250   M    M   6        22 300
22  70  49  60   2   5   0    T    M    0 15.2 28 290   M    M   3        37 270
23  62  37  50  -8  15   0 0.00  0.0    0 10.4 23 310   M    M   0        29 290
24  79  48  64   5   1   0 0.00  0.0    0 13.9 22 250   M    M   0 8      28 250
25  79  58  69  10   0   4    T  0.0    0 12.2 21 210   M    M   3 8      29 190
26  83  62  73  14   0   8 0.00  0.0    0 13.6 23 230   M    M   1        28 230
27  85  63  74  14   0   9    T  0.0    0 14.8 26 230   M    M   2        35 230
28  83  58  71  11   0   6 0.01  0.0    0 11.8 25 220   M    M   4 138    32 270
29  79  58  69   9   0   4 0.00  0.0    M  7.7 14 150   M    M   2        16 150
================================================================================
SM 2149 1468       129  60  0.15     0.0 307.6          M       95
================================================================================
AV 74.1 50.6                              10.6 FASTST   M    M   3    MAX(MPH)
                                 MISC ---->  # 33 300               # 44  280
================================================================================
NOTES:
# LAST OF SEVERAL OCCURRENCES

COLUMN 17 PEAK WIND IN M.P.H.

PRELIMINARY LOCAL CLIMATOLOGICAL DATA (WS FORM: F-6) , PAGE 2

                                          STATION:  WORCESTER MA
                                          MONTH:    MAY
                                          YEAR:     2015
                                          LATITUDE:   42 16 N
                                          LONGITUDE:  71 52 W

[TEMPERATURE DATA]      [PRECIPITATION DATA]       SYMBOLS USED IN COLUMN 16

AVERAGE MONTHLY: 62.4   TOTAL FOR MONTH:   0.15    1 = FOG OR MIST
DPTR FM NORMAL:   6.3   DPTR FM NORMAL:   -3.74    2 = FOG REDUCING VISIBILITY
HIGHEST:    85 ON 27,10 GRTST 24HR  0.10 ON 19-19      TO 1/4 MILE OR LESS
LOWEST:     37 ON 23                               3 = THUNDER
                        SNOW, ICE PELLETS, HAIL    4 = ICE PELLETS
                        TOTAL MONTH:   0.0 INCH    5 = HAIL
                        GRTST 24HR     0.0         6 = FREEZING RAIN OR DRIZZLE
                        GRTST DEPTH:   0           7 = DUSTSTORM OR SANDSTORM:
                                                       VSBY 1/2 MILE OR LESS
                                                   8 = SMOKE OR HAZE
[NO. OF DAYS WITH]      [WEATHER - DAYS WITH]      9 = BLOWING SNOW
                                                   X = TORNADO
MAX 32 OR BELOW:   0    0.01 INCH OR MORE:   4
MAX 90 OR ABOVE:   0    0.10 INCH OR MORE:   1
MIN 32 OR BELOW:   0    0.50 INCH OR MORE:   0
MIN  0 OR BELOW:   0    1.00 INCH OR MORE:   0

[HDD (BASE 65) ]
TOTAL THIS MO.   129    CLEAR  (SCALE 0-3)  16
DPTR FM NORMAL  -146    PTCLDY (SCALE 4-7)  10
TOTAL FM JUL 1  6887    CLOUDY (SCALE 8-10)  3
DPTR FM NORMAL   265

[CDD (BASE 65) ]
TOTAL THIS MO.    60
DPTR FM NORMAL    46    [PRESSURE DATA]
TOTAL FM JAN 1    60    HIGHEST SLP M ON M
DPTR FM NORMAL    43    LOWEST  SLP 29.61 ON 12

[REMARKS]
