000
CXUS51 KBOX 181200
CF6ORH
PRELIMINARY LOCAL CLIMATOLOGICAL DATA (WS FORM: F-6)

                                          STATION:   WORCESTER MA
                                          MONTH:     AUGUST
                                          YEAR:      2017
                                          LATITUDE:   42 16 N
                                          LONGITUDE:  71 52 W

  TEMPERATURE IN F:       :PCPN:    SNOW:  WIND      :SUNSHINE: SKY     :PK WND
================================================================================
1   2   3   4   5  6A  6B    7    8   9   10  11  12  13   14  15   16   17  18
                                     12Z  AVG MX 2MIN
DY MAX MIN AVG DEP HDD CDD  WTR  SNW DPTH SPD SPD DIR MIN PSBL S-S WX    SPD DR
================================================================================

 1  85  65  75   5   0  10 0.00  0.0    M  5.1 13 290   M    M   1        15 300
 2  83  64  74   4   0   9 0.57  0.0    M  5.4 16 300   M    M   4 13     22 300
 3  81  62  72   2   0   7 0.00  0.0    M  8.5 14 210   M    M   2 1      19 260
 4  82  63  73   3   0   8    T  0.0    M  9.2 17 180   M    M   5 12     22 180
 5  72  60  66  -4   0   1 0.55  0.0    M  9.9 18 280   M    M   8 123    24 300
 6  72  56  64  -6   1   0 0.00  0.0    M 12.7 23 280   M    M   0        30 290
 7  69  58  64  -6   1   0    T  0.0    M  7.8 15 210   M    M   6        19 200
 8  73  59  66  -4   0   1    T  0.0    M  5.6 14 290   M    M   6 1      17 290
 9  79  57  68  -2   0   3 0.00  0.0    M  8.9 14 230   M    M   0        20 260
10  82  62  72   2   0   7 0.00  0.0    M  6.2 13 180   M    M   4        16 180
11  77  61  69  -1   0   4 0.05  0.0    M  7.2 13 210   M    M   2        17 210
12  76  58  67  -3   0   2 0.06  0.0    M  7.6 16 230   M    M   6        19 230
13  79  66  73   3   0   8 0.02  0.0    M  9.2 20 300   M    M   4 1      23 290
14  78  62  70   1   0   5 0.00  0.0    0  4.5 12 240   M    M   1        14 230
15  73  63  68  -1   0   3 0.02  0.0    0  8.9 15 250   M    M   8 1      19 270
16  79  64  72   3   0   7 0.00  0.0    M  7.9 16 300   M    M   3 18     23 310
17  77  56  67  -2   0   2 0.00  0.0    M  4.7 10 240   M    M   0        15 220
================================================================================
SM 1317 1036         2  77  1.27     0.0 129.3          M       60
================================================================================
AV 77.5 60.9                               7.6 FASTST   M    M   4    MAX(MPH)
                                 MISC ---->  # 23 280               # 30  290
================================================================================
NOTES:
# LAST OF SEVERAL OCCURRENCES

COLUMN 17 PEAK WIND IN M.P.H.

PRELIMINARY LOCAL CLIMATOLOGICAL DATA (WS FORM: F-6) , PAGE 2

                                          STATION:  WORCESTER MA
                                          MONTH:    AUGUST
                                          YEAR:     2017
                                          LATITUDE:   42 16 N
                                          LONGITUDE:  71 52 W

[TEMPERATURE DATA]      [PRECIPITATION DATA]       SYMBOLS USED IN COLUMN 16

AVERAGE MONTHLY: 69.2   TOTAL FOR MONTH:   1.27    1 = FOG OR MIST
DPTR FM NORMAL:  -0.6   DPTR FM NORMAL:   -0.91    2 = FOG REDUCING VISIBILITY
HIGHEST:    85 ON  1    GRTST 24HR  0.57 ON  2- 2      TO 1/4 MILE OR LESS
LOWEST:     56 ON 17, 6                            3 = THUNDER
                        SNOW, ICE PELLETS, HAIL    4 = ICE PELLETS
                        TOTAL MONTH:   0.0 INCH    5 = HAIL
                        GRTST 24HR     0.0         6 = FREEZING RAIN OR DRIZZLE
                        GRTST DEPTH:   0           7 = DUSTSTORM OR SANDSTORM:
                                                       VSBY 1/2 MILE OR LESS
                                                   8 = SMOKE OR HAZE
[NO. OF DAYS WITH]      [WEATHER - DAYS WITH]      9 = BLOWING SNOW
                                                   X = TORNADO
MAX 32 OR BELOW:   0    0.01 INCH OR MORE:   6
MAX 90 OR ABOVE:   0    0.10 INCH OR MORE:   2
MIN 32 OR BELOW:   0    0.50 INCH OR MORE:   2
MIN  0 OR BELOW:   0    1.00 INCH OR MORE:   0

[HDD (BASE 65) ]
TOTAL THIS MO.     2    CLEAR  (SCALE 0-3)   8
DPTR FM NORMAL    -6    PTCLDY (SCALE 4-7)   9
TOTAL FM JUL 1    31    CLOUDY (SCALE 8-10)  0
DPTR FM NORMAL     9

[CDD (BASE 65) ]
TOTAL THIS MO.    77
DPTR FM NORMAL   -14    [PRESSURE DATA]
TOTAL FM JAN 1   384    HIGHEST SLP M ON M
DPTR FM NORMAL    12    LOWEST  SLP 29.80 ON  5

[REMARKS]
