000
CXUS52 KMLB 280842
CF6ORL
PRELIMINARY LOCAL CLIMATOLOGICAL DATA (WS FORM: F-6)

                                          STATION:   ORLANDO EXEC
                                          MONTH:     JULY
                                          YEAR:      2015
                                          LATITUDE:   28 32 N
                                          LONGITUDE:  81 20 W

  TEMPERATURE IN F:       :PCPN:    SNOW:  WIND      :SUNSHINE: SKY     :PK WND
================================================================================
1   2   3   4   5  6A  6B    7    8   9   10  11  12  13   14  15   16   17  18
                                     12Z  AVG MX 2MIN
DY MAX MIN AVG DEP HDD CDD  WTR  SNW DPTH SPD SPD DIR MIN PSBL S-S WX    SPD DR
================================================================================

 1  93  76  85   2   0  20 0.01  0.0    0  8.5 24 150   M    M   1 3      31 160
 2  93  75  84   1   0  19 0.10  0.0    0  5.4 25 260   M    M   1 3      34 280
 3  93  74  84   1   0  19    T  0.0    0  5.6 22 240   M    M   1 3      28 230
 4  94  75  85   2   0  20 0.00  0.0    0  4.1 24 140   M    M   1 38     28 140
 5  95  71  83   0   0  18 1.34  0.0    0  6.5 35 310   M    M   2 123    45 330
 6  93  72  83   0   0  18 0.03  0.0    0  5.1 22 130   M    M   1 3      27 140
 7  88  73  81  -2   0  16 0.07  0.0    0  4.1 17 140   M    M   3 13     20 140
 8  92  72  82  -1   0  17 0.01  0.0    0  5.1 18 110   M    M   1 3      23 100
 9  93  75  84   1   0  19 0.21  0.0    0  3.9 18  60   M    M   2 138    22  70
10  94  74  84   1   0  19 0.00  0.0    0  5.1 17  80   M    M   0        21  80
11  97  74  86   3   0  21 1.07  0.0    0  4.9 26 360   M    M   2 13     34 360
12  94  75  85   1   0  20 0.00  0.0    0  5.0 21 290   M    M   1 3      24 300
13  94  76  85   1   0  20 0.00  0.0    0  5.1 17 300   M    M   1        22 300
14  92  78  85   1   0  20 0.00  0.0    0  9.0 15 280   M    M   1 3      25 280
15  93  78  86   2   0  21 0.10  0.0    0  9.6 28 290   M    M   1 38     35 310
16  90  77  84   0   0  19    T  0.0    0  9.9 26 290   M    M   1 8      31 290
17  91  76  84   0   0  19 0.60  0.0    0  8.6 24 200   M    M   4 13     31 210
18  91  76  84   0   0  19 0.01  0.0    0  8.2 25 260   M    M   3 3      35 240
19  92  76  84   0   0  19    T  0.0    0  8.8 23 250   M    M   1 3      28 240
20  92  77  85   1   0  20    T  0.0    0  7.0 22 240   M    M   2 38     29 230
21  91  78  85   1   0  20 0.01  0.0    0  6.9 28 280   M    M   1 138    34 280
22  92  78  85   1   0  20 0.16  0.0    0  6.1 23 260   M    M   2 13     29 260
23  94  78  86   2   0  21 0.07  0.0    0  8.3 21 270   M    M   2 3      25 270
24  88  76  82  -2   0  17 0.83  0.0    0  9.2 26 280   M    M   3 13     36 290
25  90  76  83  -1   0  18 0.84  0.0    0  7.0 23 360   M    M   5 13     30 360
26  93  76  85   1   0  20    T  0.0    0  5.1 24 130   M    M   5 3      31 120
27  88  78  83  -1   0  18 0.23  0.0    0 10.1 24 210   M    M   6 18     29 210
================================================================================
SM 2490 2040         0 517  5.69     0.0 182.2          M       54
================================================================================
AV 92.2 75.6                               6.7 FASTST   M    M   2    MAX(MPH)
                                 MISC ---->  # 35 310               # 45  330
================================================================================
NOTES:
# LAST OF SEVERAL OCCURRENCES

COLUMN 17 PEAK WIND IN M.P.H.

PRELIMINARY LOCAL CLIMATOLOGICAL DATA (WS FORM: F-6) , PAGE 2

                                          STATION:  ORLANDO EXEC
                                          MONTH:    JULY
                                          YEAR:     2015
                                          LATITUDE:   28 32 N
                                          LONGITUDE:  81 20 W

[TEMPERATURE DATA]      [PRECIPITATION DATA]       SYMBOLS USED IN COLUMN 16

AVERAGE MONTHLY: 83.9   TOTAL FOR MONTH:   5.69    1 = FOG OR MIST
DPTR FM NORMAL:   0.3   DPTR FM NORMAL:   -0.62    2 = FOG REDUCING VISIBILITY
HIGHEST:    97 ON 11    GRTST 24HR  1.36 ON  5- 6      TO 1/4 MILE OR LESS
LOWEST:     71 ON  5                               3 = THUNDER
                        SNOW, ICE PELLETS, HAIL    4 = ICE PELLETS
                        TOTAL MONTH:   0.0 INCH    5 = HAIL
                        GRTST 24HR     0.0         6 = FREEZING RAIN OR DRIZZLE
                        GRTST DEPTH:   0           7 = DUSTSTORM OR SANDSTORM:
                                                       VSBY 1/2 MILE OR LESS
                                                   8 = SMOKE OR HAZE
[NO. OF DAYS WITH]      [WEATHER - DAYS WITH]      9 = BLOWING SNOW
                                                   X = TORNADO
MAX 32 OR BELOW:   0    0.01 INCH OR MORE:  17
MAX 90 OR ABOVE:  24    0.10 INCH OR MORE:  10
MIN 32 OR BELOW:   0    0.50 INCH OR MORE:   5
MIN  0 OR BELOW:   0    1.00 INCH OR MORE:   2

[HDD (BASE 65) ]
TOTAL THIS MO.     0    CLEAR  (SCALE 0-3)  22
DPTR FM NORMAL     0    PTCLDY (SCALE 4-7)   5
TOTAL FM JUL 1     0    CLOUDY (SCALE 8-10)  0
DPTR FM NORMAL     0

[CDD (BASE 65) ]
TOTAL THIS MO.   517
DPTR FM NORMAL    16    [PRESSURE DATA]
TOTAL FM JAN 1  2237    HIGHEST SLP M ON M
DPTR FM NORMAL   390    LOWEST  SLP 29.83 ON 26

[REMARKS]
