000
CXUS56 KMFR 011000
CF6OTH
PRELIMINARY LOCAL CLIMATOLOGICAL DATA (WS FORM: F-6)

                                          STATION:   NORTH BEND OR
                                          MONTH:     JUNE
                                          YEAR:      2015
                                          LATITUDE:   43 25 N
                                          LONGITUDE: 124 15 W

  TEMPERATURE IN F:       :PCPN:    SNOW:  WIND      :SUNSHINE: SKY     :PK WND
================================================================================
1   2   3   4   5  6A  6B    7    8   9   10  11  12  13   14  15   16   17  18
                                     12Z  AVG MX 2MIN
DY MAX MIN AVG DEP HDD CDD  WTR  SNW DPTH SPD SPD DIR MIN PSBL S-S WX    SPD DR
================================================================================

 1  57  52  55   0  10   0 0.28    M    M  4.1  9 240   0    0   0         M  M
 2  63  54  59   4   6   0 0.01    M    M  6.9 16 270   0    0   0         M  M
 3  64  54  59   4   6   0 0.00    M    M  7.3 16 360   M    M   7        21 350
 4  63  52  58   3   7   0 0.00    M    M 14.4 30  10   M    M   3        37 360
 5  63  52  58   3   7   0 0.00    M    M 14.0 27 360   M    M   5        33 360
 6  61  48  55   0  10   0 0.00    M    M 11.7 30 360   M    M   7        35 360
 7  64  50  57   2   8   0 0.00    M    M 13.7 29  10   M    M   7        37  10
 8  61  50  56   1   9   0 0.00    M    M 14.2 28 350   M    M   6        37 350
 9  64  50  57   2   8   0 0.00    M    M 14.5 30 360   M    M   4        37  10
10  63  52  58   2   7   0 0.00    M    M 16.6 23 360   M    M   5        31 360
11  63  46  55  -1  10   0 0.00    M    M 16.4 32 360   M    M   0        41 360
12  61  50  56   0   9   0 0.00    M    M 21.1 36 360   M    M   0        44 360
13  61  48  55  -1  10   0 0.00    M    M 19.3 30 360   M    M   0        40 360
14  57  48  53  -3  12   0 0.00    M    M 15.1 30 360   M    M   4        36 360
15  57  54  56   0   9   0 0.00    M    M  5.9 10 360   M    M   M         M  M
16  61  54  58   2   7   0 0.00    M    M 14.0 27 360   M    M   6        35 360
17  61  50  56   0   9   0 0.00    M    M 10.4 24 350   M    M   5        33 350
18  63  54  59   3   6   0 0.00    M    M  6.8 17 340   M    M   7        24 350
19  64  52  58   2   7   0 0.00    M    M 10.5 24 350   M    M   2        31 350
20  64  50  57   0   8   0 0.00    M    M 12.6 27 350   M    M   0        33 360
21  63  48  56  -1   9   0 0.00    M    M  5.0 12 270   M    M   0         M  M
22  64  54  59   2   6   0 0.00    M    M  7.8 16 340   M    M   4        21 340
23  66  46  56  -1   9   0 0.00    M    M  5.8 16 350   M    M   2        23 350
24  70  54  62   5   3   0 0.00    M    M  6.6 15 330   M    M   3        18 330
25  70  54  62   5   3   0 0.00    M    M 10.5 25 350   M    M   4        32 350
26  63  52  58   1   7   0 0.00    M    M 15.2 31 360   M    M   7        38 360
27  64  52  58   1   7   0 0.00    M    M  7.3 18 270   M    M   M         M  M
28  63  54  59   2   6   0 0.00    M    M  3.9  8 280   M    M   M         M  M
29  66  55  61   3   4   0 0.00    M    M  6.6 15 330   M    M   6        20 330
30  64  55  60   2   5   0 0.00    M    M 15.2 31 360   M    M   9        39 360
================================================================================
SM 1888 1544       224   0  0.29    M    333.4            0    103
================================================================================
AV 62.9 51.5                              11.1 FASTST    0   0   4    MAX(MPH)
                                 MISC ---->    36   M                 44    M
================================================================================
NOTES:
# LAST OF SEVERAL OCCURRENCES

COLUMN 17 PEAK WIND IN M.P.H.

PRELIMINARY LOCAL CLIMATOLOGICAL DATA (WS FORM: F-6) , PAGE 2

                                          STATION:  NORTH BEND OR
                                          MONTH:    JUNE
                                          YEAR:     2015
                                          LATITUDE:   43 25 N
                                          LONGITUDE: 124 15 W

[TEMPERATURE DATA]      [PRECIPITATION DATA]       SYMBOLS USED IN COLUMN 16

AVERAGE MONTHLY: 57.2   TOTAL FOR MONTH:   0.29    1 = FOG OR MIST
DPTR FM NORMAL:   1.1   DPTR FM NORMAL:   -1.66    2 = FOG REDUCING VISIBILITY
HIGHEST:    70 ON 25,24 GRTST 24HR  0.28 ON  1- 1      TO 1/4 MILE OR LESS
LOWEST:     46 ON 23,11                            3 = THUNDER
                        SNOW, ICE PELLETS, HAIL    4 = ICE PELLETS
                        TOTAL MONTH:    M          5 = HAIL
                        GRTST 24HR    M  ON   M    6 = FREEZING RAIN OR DRIZZLE
                        GRTST DEPTH:  M  ON   M    7 = DUSTSTORM OR SANDSTORM:
                                                       VSBY 1/2 MILE OR LESS
                                                   8 = SMOKE OR HAZE
[NO. OF DAYS WITH]      [WEATHER - DAYS WITH]      9 = BLOWING SNOW
                                                   X = TORNADO
MAX 32 OR BELOW:   0    0.01 INCH OR MORE:   2
MAX 90 OR ABOVE:   0    0.10 INCH OR MORE:   1
MIN 32 OR BELOW:   0    0.50 INCH OR MORE:   0
MIN  0 OR BELOW:   0    1.00 INCH OR MORE:   0

[HDD (BASE 65) ]
TOTAL THIS MO.   224    CLEAR  (SCALE 0-3)  10
DPTR FM NORMAL   -43    PTCLDY (SCALE 4-7)  16
TOTAL FM JUL 1  3471    CLOUDY (SCALE 8-10)  1
DPTR FM NORMAL -1356

[CDD (BASE 65) ]
TOTAL THIS MO.     0
DPTR FM NORMAL     0    [PRESSURE DATA]
TOTAL FM JAN 1     0    HIGHEST SLP M ON M
DPTR FM NORMAL     0    LOWEST  SLP  0.00 ON 14

[REMARKS]
#FINAL-06-15#
