000
CXUS56 KMFR 201000
CF6OTH
PRELIMINARY LOCAL CLIMATOLOGICAL DATA (WS FORM: F-6)

                                          STATION:   NORTH BEND OR
                                          MONTH:     AUGUST
                                          YEAR:      2017
                                          LATITUDE:   43 25 N
                                          LONGITUDE: 124 15 W

  TEMPERATURE IN F:       :PCPN:    SNOW:  WIND      :SUNSHINE: SKY     :PK WND
================================================================================
1   2   3   4   5  6A  6B    7    8   9   10  11  12  13   14  15   16   17  18
                                     12Z  AVG MX 2MIN
DY MAX MIN AVG DEP HDD CDD  WTR  SNW DPTH SPD SPD DIR MIN PSBL S-S WX    SPD DR
================================================================================

 1  74  49  62   3   3   0 0.00    M    M 10.4 29 350   M    M   1 12     33 350
 2  85  50  68   9   0   3 0.00    M    M  6.1 18 260   M    M   0 18      M  M
 3  67  54  61   2   4   0 0.00    M    M  5.8 10 280   0    0   0         M  M
 4  61  52  57  -2   8   0 0.00    M    M  5.3 10 280   M    M   9 128     M  M
 5  68  57  63   4   2   0 0.00    M    M  4.8 12 310   M    M   7        17 300
 6  69  58  64   5   1   0 0.00    M    M  9.0 20 360   M    M   8 1      25 360
 7  65  57  61   2   4   0    T    M    M 12.7 23 350   M    M   M        32 340
 8  64  55  60   1   5   0    T    M    M 11.1 20 340   M    M  10 1      28 350
 9  64  57  61   2   4   0 0.00    M    M  7.9 14 340   M    M  10 1       M  M
10  65  57  61   2   4   0 0.00    M    M  6.8 14 330   M    M  10 1       M  M
11  65  58  62   3   3   0 0.01    M    M  5.0  9 280   M    M  10 1       M  M
12  68  58  63   4   2   0 0.02    M    M  5.2 10 310   M    M   7 1       M  M
13  68  56  62   3   3   0 0.08    M    M 10.7 18 350   M    M   7 1      24 350
14  68  52  60   1   5   0 0.00    M    M 11.0 25 350   0    0   0        31 350
15  69  50  60   1   5   0    T    M    M 11.0 23 350   0    0   0        36 350
16  68  50  59   0   6   0 0.00    M    M 12.5 27 360   0    0   0        38 360
17  67  55  61   2   4   0 0.00    M    M 12.8 27 350   0    0   0        35 360
18  66  51  59   0   6   0 0.00    M    M 13.6 27 350   0    0   0        35  10
19  65  54  60   1   5   0 0.00    M    M 18.9 33 360   0    0   0        44  10
================================================================================
SM 1286 1030        74   3  0.11    M    180.6            0     79
================================================================================
AV 67.7 54.2                               9.5 FASTST    0   0   4    MAX(MPH)
                                 MISC ---->  # 33 360               # 44   10
================================================================================
NOTES:
# LAST OF SEVERAL OCCURRENCES

COLUMN 17 PEAK WIND IN M.P.H.

PRELIMINARY LOCAL CLIMATOLOGICAL DATA (WS FORM: F-6) , PAGE 2

                                          STATION:  NORTH BEND OR
                                          MONTH:    AUGUST
                                          YEAR:     2017
                                          LATITUDE:   43 25 N
                                          LONGITUDE: 124 15 W

[TEMPERATURE DATA]      [PRECIPITATION DATA]       SYMBOLS USED IN COLUMN 16

AVERAGE MONTHLY: 61.0   TOTAL FOR MONTH:   0.11    1 = FOG OR MIST
DPTR FM NORMAL:   1.9   DPTR FM NORMAL:   -0.19    2 = FOG REDUCING VISIBILITY
HIGHEST:    85 ON  2    GRTST 24HR  0.08 ON 13-13      TO 1/4 MILE OR LESS
LOWEST:     49 ON  1                               3 = THUNDER
                        SNOW, ICE PELLETS, HAIL    4 = ICE PELLETS
                        TOTAL MONTH:    M          5 = HAIL
                        GRTST 24HR    M  ON   M    6 = FREEZING RAIN OR DRIZZLE
                        GRTST DEPTH:  M  ON   M    7 = DUSTSTORM OR SANDSTORM:
                                                       VSBY 1/2 MILE OR LESS
                                                   8 = SMOKE OR HAZE
[NO. OF DAYS WITH]      [WEATHER - DAYS WITH]      9 = BLOWING SNOW
                                                   X = TORNADO
MAX 32 OR BELOW:   0    0.01 INCH OR MORE:   3
MAX 90 OR ABOVE:   0    0.10 INCH OR MORE:   0
MIN 32 OR BELOW:   0    0.50 INCH OR MORE:   0
MIN  0 OR BELOW:   0    1.00 INCH OR MORE:   0

[HDD (BASE 65) ]
TOTAL THIS MO.    74    CLEAR  (SCALE 0-3)   9
DPTR FM NORMAL   -40    PTCLDY (SCALE 4-7)   4
TOTAL FM JUL 1   244    CLOUDY (SCALE 8-10)  5
DPTR FM NORMAL   -67

[CDD (BASE 65) ]
TOTAL THIS MO.     3
DPTR FM NORMAL     3    [PRESSURE DATA]
TOTAL FM JAN 1     3    HIGHEST SLP M ON M
DPTR FM NORMAL     3    LOWEST  SLP  0.00 ON 14

[REMARKS]
