000
CXUS56 KMFR 171000
CF6OTH
PRELIMINARY LOCAL CLIMATOLOGICAL DATA (WS FORM: F-6)

                                          STATION:   NORTH BEND OR
                                          MONTH:     APRIL
                                          YEAR:      2014
                                          LATITUDE:   43 25 N
                                          LONGITUDE: 124 15 W

  TEMPERATURE IN F:       :PCPN:    SNOW:  WIND      :SUNSHINE: SKY     :PK WND
================================================================================
1   2   3   4   5  6A  6B    7    8   9   10  11  12  13   14  15   16   17  18
                                     12Z  AVG MX 2MIN
DY MAX MIN AVG DEP HDD CDD  WTR  SNW DPTH SPD SPD DIR MIN PSBL S-S WX    SPD DR
================================================================================

 1  55  39  47  -1  18   0 0.00    M    M  6.4 14 340   M    M   2        17 340
 2  55  37  46  -2  19   0 0.00    M    M  5.5 12 320   0    0   0         M  M
 3  55  43  49   1  16   0 0.22    M    M  8.3 17 230   M    M   8        28 230
 4  55  43  49   1  16   0 0.08    M    M  7.2 13 270   M    M   9        16 220
 5  57  48  53   5  12   0 0.20    M    M  8.0 14 210   M    M  10        22 210
 6  57  52  55   7  10   0 0.10    M    M  7.0 10 210   M    M  10        18 210
 7  57  48  53   5  12   0 0.00    M    M  3.9 10 300   M    M  10         M  M
 8  57  46  52   4  13   0 0.00    M    M  5.2 12 360   0    0   0         M  M
 9  57  46  52   4  13   0 0.00    M    M 12.8 25 360   M    M   4        31 360
10  57  37  47  -2  18   0 0.00    M    M 12.4 28 360   M    M   1        32 350
11  57  43  50   1  15   0 0.00    M    M 15.5 27 360   M    M   1        33 360
12  55  45  50   1  15   0 0.00    M    M 15.2 27 360   M    M   2        35  10
13  70  39  55   6  10   0 0.00    M    M  6.7 22 350   M    M   2        28 350
14  57  43  50   1  15   0 0.00    M    M  9.3 22 360   M    M   6        27 360
15  57  45  51   2  14   0 0.00    M    M 10.0 21 360   M    M   3        24 350
16  59  45  52   3  13   0 0.00    M    M  4.5 12 290   0    0   0         M  M
================================================================================
SM  917  699       229   0  0.60    M    137.9            0     68
================================================================================
AV 57.3 43.7                               8.6 FASTST    0   0   4    MAX(MPH)
                                 MISC ---->    28   M               # 35   10
================================================================================
NOTES:
# LAST OF SEVERAL OCCURRENCES

COLUMN 17 PEAK WIND IN M.P.H.

PRELIMINARY LOCAL CLIMATOLOGICAL DATA (WS FORM: F-6) , PAGE 2

                                          STATION:  NORTH BEND OR
                                          MONTH:    APRIL
                                          YEAR:     2014
                                          LATITUDE:   43 25 N
                                          LONGITUDE: 124 15 W

[TEMPERATURE DATA]      [PRECIPITATION DATA]       SYMBOLS USED IN COLUMN 16

AVERAGE MONTHLY: 50.5   TOTAL FOR MONTH:   0.60    1 = FOG OR MIST
DPTR FM NORMAL:   2.1   DPTR FM NORMAL:   -2.50    2 = FOG REDUCING VISIBILITY
HIGHEST:    70 ON 13    GRTST 24HR  0.22 ON  3- 3      TO 1/4 MILE OR LESS
LOWEST:     37 ON 10, 2                            3 = THUNDER
                        SNOW, ICE PELLETS, HAIL    4 = ICE PELLETS
                        TOTAL MONTH:    M          5 = HAIL
                        GRTST 24HR    M  ON   M    6 = FREEZING RAIN OR DRIZZLE
                        GRTST DEPTH:  M  ON   M    7 = DUSTSTORM OR SANDSTORM:
                                                       VSBY 1/2 MILE OR LESS
                                                   8 = SMOKE OR HAZE
[NO. OF DAYS WITH]      [WEATHER - DAYS WITH]      9 = BLOWING SNOW
                                                   X = TORNADO
MAX 32 OR BELOW:   0    0.01 INCH OR MORE:   4
MAX 90 OR ABOVE:   0    0.10 INCH OR MORE:   3
MIN 32 OR BELOW:   0    0.50 INCH OR MORE:   0
MIN  0 OR BELOW:   0    1.00 INCH OR MORE:   0

[HDD (BASE 65) ]
TOTAL THIS MO.   229    CLEAR  (SCALE 0-3)   8
DPTR FM NORMAL   -36    PTCLDY (SCALE 4-7)   4
TOTAL FM JUL 1  3462    CLOUDY (SCALE 8-10)  4
DPTR FM NORMAL  -515

[CDD (BASE 65) ]
TOTAL THIS MO.     0
DPTR FM NORMAL     0    [PRESSURE DATA]
TOTAL FM JAN 1     0    HIGHEST SLP  0.00 ON M
DPTR FM NORMAL     0    LOWEST  SLP  0.00 ON  1

[REMARKS]
