000
CXAK56 PAFG 241216
CF6OTZ
PRELIMINARY LOCAL CLIMATOLOGICAL DATA (WS FORM: F-6)

                                          STATION:   KOTZEBUE AK
                                          MONTH:     NOVEMBER
                                          YEAR:      2017
                                          LATITUDE:   66 52 N
                                          LONGITUDE: 162 38 W

  TEMPERATURE IN F:       :PCPN:    SNOW:  WIND      :SUNSHINE: SKY     :PK WND
================================================================================
1   2   3   4   5  6A  6B    7    8   9   10  11  12  13   14  15   16   17  18
                                     12Z  AVG MX 2MIN
DY MAX MIN AVG DEP HDD CDD  WTR  SNW DPTH SPD SPD DIR MIN PSBL S-S WX    SPD DR
================================================================================

 1  21  10  16   1  49   0 0.00  0.0    8 15.3 31 120   M    M   2 19     34 120
 2  34  21  28  14  37   0 0.03    T    8 11.6 20 180   M    M  10 1      23 130
 3  34  25  30  16  35   0    T  0.0    8 11.2 21 250   M    M  10 1      25 250
 4  30  25  28  15  37   0 0.01    M    8 20.2 30 120   M    M   9 16     35 120
 5  32  20  26  13  39   0    T    T    7  7.7 16 310   M    M   7 1      18 310
 6  25  20  23  11  42   0 0.00  0.0    7 22.6 39 110   M    M   4 1      44 120
 7  33  23  28  16  37   0 0.04  0.4    8 23.9 41 120   M    M   6 189    48 120
 8  33  28  31  20  34   0 0.03  0.3    8 18.0 36 150   M    M   8 1      44 150
 9  30  22  26  15  39   0 0.05  0.6    8 12.6 25 290   M    M  10 1      30 290
10  26  16  21  10  44   0 0.04  0.6    9  6.4 24 250   M    M  10 128    28 250
11  34  21  28  18  37   0 0.14    M    M 23.3 35 250   M    M  10 1269   40 260
12  33  28  31  21  34   0 0.02    T   11 26.9 38 300   M    M   8 128    47 300
13  29  15  22  12  43   0 0.00  0.0   11 10.8 25 320   M    M   2        31 320
14  20  15  18   9  47   0    T    T   11 18.9 32 110   M    M   5 189    39 110
15  22  20  21  12  44   0 0.07  1.2   12 25.3 35 110   M    M  10 1      40 110
16  27  20  24  15  41   0 0.02    M   12 15.1 22 320   M    M  10 1      26 310
17  26  18  22  14  43   0    T    T   13 10.6 21 330   M    M   9 8      25 330
18  24  13  19  11  46   0    T    T   13 20.2 44 110   M    M  10 1269   51 100
19  19   4  12   4  53   0 0.20    M    M 17.1 41  90   M    M   7 12     49  90
20   7  -4   2  -5  63   0    T    T   17 22.9 44 110   M    M   3 189    53 110
21  28   5  17  10  48   0    M    M    0 35.0 52 110   M    M  10 12     61 110
22  23  13  18  11  47   0 0.11    M    M 15.8 33 230   M    M  10 189    39 230
23  26   9  18  11  47   0 0.60  5.8   34 13.5 25 310   M    M   9 189    31 310
================================================================================
SM  616  387       986   0  1.36     8.9 404.9          M      179
================================================================================
AV 26.8 16.8                              17.6 FASTST   M    M   8    MAX(MPH)
                                 MISC ---->  # 52 110               # 61  110
================================================================================
NOTES:
# LAST OF SEVERAL OCCURRENCES

COLUMN 17 PEAK WIND IN M.P.H.

PRELIMINARY LOCAL CLIMATOLOGICAL DATA (WS FORM: F-6) , PAGE 2

                                          STATION:  KOTZEBUE AK
                                          MONTH:    NOVEMBER
                                          YEAR:     2017
                                          LATITUDE:   66 52 N
                                          LONGITUDE: 162 38 W

[TEMPERATURE DATA]      [PRECIPITATION DATA]       SYMBOLS USED IN COLUMN 16

AVERAGE MONTHLY: 21.8   TOTAL FOR MONTH:   1.36    1 = FOG OR MIST
DPTR FM NORMAL:  11.6   DPTR FM NORMAL:    0.77    2 = FOG REDUCING VISIBILITY
HIGHEST:    34 ON 11, 3 GRTST 24HR  0.60 ON 23-23      TO 1/4 MILE OR LESS
LOWEST:     -4 ON 20                               3 = THUNDER
                        SNOW, ICE PELLETS, HAIL    4 = ICE PELLETS
                        TOTAL MONTH:   8.9 INCHES  5 = HAIL
                        GRTST 24HR   5.8 ON 23-23  6 = FREEZING RAIN OR DRIZZLE
                        GRTST DEPTH:  34 ON 23     7 = DUSTSTORM OR SANDSTORM:
                                                       VSBY 1/2 MILE OR LESS
                                                   8 = SMOKE OR HAZE
[NO. OF DAYS WITH]      [WEATHER - DAYS WITH]      9 = BLOWING SNOW
                                                   X = TORNADO
MAX 32 OR BELOW:  17    0.01 INCH OR MORE:  13
MAX 90 OR ABOVE:   0    0.10 INCH OR MORE:   4
MIN 32 OR BELOW:  23    0.50 INCH OR MORE:   1
MIN  0 OR BELOW:   1    1.00 INCH OR MORE:   0

[HDD (BASE 65) ]
TOTAL THIS MO.   986    CLEAR  (SCALE 0-3)   3
DPTR FM NORMAL  -276    PTCLDY (SCALE 4-7)   7
TOTAL FM JUL 1  3399    CLOUDY (SCALE 8-10) 13
DPTR FM NORMAL  -544

[CDD (BASE 65) ]
TOTAL THIS MO.     0
DPTR FM NORMAL     0    [PRESSURE DATA]
TOTAL FM JAN 1     1    HIGHEST SLP M ON M
DPTR FM NORMAL    -4    LOWEST  SLP 29.23 ON 23

[REMARKS]
