000
CXUS53 KARX 010930
CF6OVS
PRELIMINARY LOCAL CLIMATOLOGICAL DATA (WS FORM: F-6)

                                          STATION:   BOSCOBEL_(ASOS) WI
                                          MONTH:     JUNE
                                          YEAR:      2015
                                          LATITUDE:   43  9 N
                                          LONGITUDE:  90 41 W

  TEMPERATURE IN F:       :PCPN:    SNOW:  WIND      :SUNSHINE: SKY     :PK WND
================================================================================
1   2   3   4   5  6A  6B    7    8   9   10  11  12  13   14  15   16   17  18
                                     12Z  AVG MX 2MIN
DY MAX MIN AVG DEP HDD CDD  WTR  SNW DPTH SPD SPD DIR MIN PSBL S-S WX    SPD DR
================================================================================

 1  72  37  55  -8  10   0 0.00  0.0    0  3.7 13  40   M    M   0        22  50
 2  76  39  58  -6   7   0 0.00  0.0    0  2.7  9 200   M    M   0        17 200
 3  79  49  64   0   1   0 0.00  0.0    0  4.9 14 180   M    M   3 1      23 190
 4  83  60  72   8   0   7 0.00  0.0    0  4.6 12 260   M    M   2 1      17 260
 5  76  51  64  -1   1   0 0.00  0.0    0  4.3 12  60   M    M   6 12     17  50
 6  80  49  65   0   0   0 0.00  0.0    0  4.0 13 200   M    M   2 1      20 200
 7  87  63  75  10   0  10 0.18  0.0    0  7.6 16 220   M    M   6 138    23 200
 8  83  58  71   5   0   6 0.00  0.0    0  5.6 18 300   M    M   1        26 300
 9  95  55  75   9   0  10    T  0.0    0  4.1 15 230   M    M   1 1      20 220
10  88  61  75   9   0  10 0.00  0.0    0  5.1 13 300   M    M   0        16 310
11  65  60  63  -3   2   0 1.40  0.0    0  5.4 15  80   M    M   9 1      21  70
12  69  59  64  -3   1   0 0.34  0.0    0  5.1 13  70   M    M  10 1      18  50
13  74  62  68   1   0   3 0.03  0.0    0  2.4  9 200   M    M   9 128    13 200
14  85  64  75   8   0  10 0.00  0.0    0  1.9  9 280   M    M   6 12     13 250
15  79  57  68   0   0   3 0.14  0.0    0  3.1 14 320   M    M   5 1      17 320
16  80  52  66  -2   0   1 0.00  0.0    0  1.3  6 100   M    M   2 12      M  M
17  78  58  68   0   0   3 0.00  0.0    0  4.5 12 120   M    M   5        20 110
18  81  60  71   3   0   6 0.00  0.0    0  5.6 15 330   M    M   5 1      19 330
19  80  53  67  -2   0   2 0.00  0.0    0  4.0  9  20   M    M   0 1      15 200
20  75  52  64  -5   1   0 0.12  0.0    0  2.8 14 310   M    M   3 138    23 170
21  87  62  75   6   0  10 0.00  0.0    0  3.5 12 290   M    M   4 12     16 320
22  85  63  74   4   0   9 1.96  0.0    0  6.7 30 230   M    M   6 123    44 350
23  82  53  68  -2   0   3 0.00  0.0    0  4.6 18 320   M    M   1        25 330
24  81  54  68  -2   0   3 0.00  0.0    0  2.7 10 210   M    M   4 12     14 240
25  84  65  75   5   0  10 0.12  0.0    0  2.7 10  60   M    M   6 1      16  60
26  78  60  69  -1   0   4 0.03  0.0    0  3.4 12  80   M    M   3 13     16  90
27  83  57  70  -1   0   5 0.00  0.0    0  2.0 12  30   M    M   3 12     16 350
28  75  55  65  -6   0   0 0.37  0.0    0  1.9 10 200   M    M   8 12     13 190
29  83  60  72   1   0   7 0.22  0.0    0  3.3 18 360   M    M   7 13     29 360
30  79  55  67  -4   0   2 0.00  0.0    0  3.6 13 320   M    M   5 128    16 320
================================================================================
SM 2402 1683        23 124  4.91     0.0 117.1          M      122
================================================================================
AV 80.1 56.1                               3.9 FASTST   M    M   4    MAX(MPH)
                                 MISC ---->  # 30 230               # 44  350
================================================================================
NOTES:
# LAST OF SEVERAL OCCURRENCES

COLUMN 17 PEAK WIND IN M.P.H.

PRELIMINARY LOCAL CLIMATOLOGICAL DATA (WS FORM: F-6) , PAGE 2

                                          STATION:  BOSCOBEL_(ASOS) WI
                                          MONTH:    JUNE
                                          YEAR:     2015
                                          LATITUDE:   43  9 N
                                          LONGITUDE:  90 41 W

[TEMPERATURE DATA]      [PRECIPITATION DATA]       SYMBOLS USED IN COLUMN 16

AVERAGE MONTHLY: 68.1   TOTAL FOR MONTH:   4.91    1 = FOG OR MIST
DPTR FM NORMAL:   0.6   DPTR FM NORMAL:    0.27    2 = FOG REDUCING VISIBILITY
HIGHEST:    95 ON  9    GRTST 24HR  1.96 ON 22-22      TO 1/4 MILE OR LESS
LOWEST:     37 ON  1                               3 = THUNDER
                        SNOW, ICE PELLETS, HAIL    4 = ICE PELLETS
                        TOTAL MONTH:   0.0 INCH    5 = HAIL
                        GRTST 24HR     0.0         6 = FREEZING RAIN OR DRIZZLE
                        GRTST DEPTH:   0           7 = DUSTSTORM OR SANDSTORM:
                                                       VSBY 1/2 MILE OR LESS
                                                   8 = SMOKE OR HAZE
[NO. OF DAYS WITH]      [WEATHER - DAYS WITH]      9 = BLOWING SNOW
                                                   X = TORNADO
MAX 32 OR BELOW:   0    0.01 INCH OR MORE:  11
MAX 90 OR ABOVE:   1    0.10 INCH OR MORE:   9
MIN 32 OR BELOW:   0    0.50 INCH OR MORE:   2
MIN  0 OR BELOW:   0    1.00 INCH OR MORE:   2

[HDD (BASE 65) ]
TOTAL THIS MO.    23    CLEAR  (SCALE 0-3)  12
DPTR FM NORMAL   -25    PTCLDY (SCALE 4-7)  15
TOTAL FM JUL 1  7240    CLOUDY (SCALE 8-10)  3
DPTR FM NORMAL   165

[CDD (BASE 65) ]
TOTAL THIS MO.   124
DPTR FM NORMAL    -1    [PRESSURE DATA]
TOTAL FM JAN 1   181    HIGHEST SLP 30.31 ON  1
DPTR FM NORMAL    21    LOWEST  SLP 29.60 ON  9

[REMARKS]
#FINAL-06-15#
