000
CXUS53 KDDC 231200
CF6P28
PRELIMINARY LOCAL CLIMATOLOGICAL DATA (WS FORM: F-6)

                                          STATION:   MEDICINE LODGE KS
                                          MONTH:     JANUARY
                                          YEAR:      2017
                                          LATITUDE:   37 17 N
                                          LONGITUDE:  98 35 W

  TEMPERATURE IN F:       :PCPN:    SNOW:  WIND      :SUNSHINE: SKY     :PK WND
================================================================================
1   2   3   4   5  6A  6B    7    8   9   10  11  12  13   14  15   16   17  18
                                     12Z  AVG MX 2MIN
DY MAX MIN AVG DEP HDD CDD  WTR  SNW DPTH SPD SPD DIR MIN PSBL S-S WX    SPD DR
================================================================================

 1  51  25  38   5  27   0 0.00  0.0    0  6.5 17 130   M    M   0        22 140
 2  64  38  51  18  14   0 0.00  0.0    0  8.8 24 360   M    M   0        32 360
 3  39  19  29  -4  36   0 0.00  0.0    0 16.9 28 360   M    M   0        36 350
 4  28  11  20 -13  45   0 0.00  0.0    0  8.6 22  30   M    M   0        29  20
 5  20  13  17 -16  48   0 0.01    T    0 11.8 21  10   M    M   0        27 360
 6  23   3  13 -20  52   0 0.00  0.0    0  4.8 10 280   M    M   0        13  30
 7  38   2  20 -13  45   0 0.00  0.0    0  4.3  9 110   M    M   0        14 350
 8  45  14  30  -3  35   0 0.00  0.0    0 11.6 25 200   M    M   0        34 170
 9  50  20  35   2  30   0 0.00  0.0    0 10.0 21 180   M    M   0        29 200
10  67  41  54  21  11   0 0.00  0.0    0 13.8 31 330   M    M   0        40 320
11  69  22  46  13  19   0 0.00  0.0    0 10.8 23 360   M    M   0        29 360
12  33  13  23 -10  42   0 0.00  0.0    0 10.9 22 350   M    M   0        30 350
13  27  19  23 -10  42   0 0.00  0.0    0  8.8 14  30   M    M   0        17  20
14  34  26  30  -3  35   0 0.93  0.0    0  5.0 13  20   M    M   0        15  20
15  32  31  32  -1  33   0 1.98  0.0    0  6.5 16  20   M    M   0        22  30
16  38  32  35   2  30   0 0.53  0.0    0  8.3 16 300   M    M   0        21 300
17  55  28  42   9  23   0 0.00  0.0    0  5.0 12 320   M    M   0        16 310
18  54  32  43  10  22   0 0.01    M    0  6.5 18 170   M    M   0        22 170
19  48  31  40   6  25   0 0.00  0.0    0  7.9 16 170   M    M   0        25 140
20  49  31  40   6  25   0 0.00  0.0    0  4.6 12 210   M    M   0        15 200
21  48  27  38   4  27   0 0.01  0.0    0  5.8 14  80   M    M   0        19  80
22  55  30  43   9  22   0 0.23  0.0    0 12.1 25 350   M    M   0        32 350
================================================================================
SM  967  508       688   0  3.70    T    189.3          M        0
================================================================================
AV 44.0 23.1                               8.6 FASTST   M    M   0    MAX(MPH)
                                 MISC ---->  # 31 330               # 40  320
================================================================================
NOTES:
# LAST OF SEVERAL OCCURRENCES

COLUMN 17 PEAK WIND IN M.P.H.

PRELIMINARY LOCAL CLIMATOLOGICAL DATA (WS FORM: F-6) , PAGE 2

                                          STATION:  MEDICINE LODGE KS
                                          MONTH:    JANUARY
                                          YEAR:     2017
                                          LATITUDE:   37 17 N
                                          LONGITUDE:  98 35 W

[TEMPERATURE DATA]      [PRECIPITATION DATA]       SYMBOLS USED IN COLUMN 16

AVERAGE MONTHLY: 33.5   TOTAL FOR MONTH:   3.70    1 = FOG OR MIST
DPTR FM NORMAL:   0.3   DPTR FM NORMAL:    3.26    2 = FOG REDUCING VISIBILITY
HIGHEST:    69 ON 11    GRTST 24HR  2.22 ON 14-15      TO 1/4 MILE OR LESS
LOWEST:      2 ON  7                               3 = THUNDER
                        SNOW, ICE PELLETS, HAIL    4 = ICE PELLETS
                        TOTAL MONTH:    T          5 = HAIL
                        GRTST 24HR    T  ON  5- 5  6 = FREEZING RAIN OR DRIZZLE
                        GRTST DEPTH:   0           7 = DUSTSTORM OR SANDSTORM:
                                                       VSBY 1/2 MILE OR LESS
                                                   8 = SMOKE OR HAZE
[NO. OF DAYS WITH]      [WEATHER - DAYS WITH]      9 = BLOWING SNOW
                                                   X = TORNADO
MAX 32 OR BELOW:   5    0.01 INCH OR MORE:   7
MAX 90 OR ABOVE:   0    0.10 INCH OR MORE:   4
MIN 32 OR BELOW:  20    0.50 INCH OR MORE:   3
MIN  0 OR BELOW:   0    1.00 INCH OR MORE:   1

[HDD (BASE 65) ]
TOTAL THIS MO.   688    CLEAR  (SCALE 0-3)  22
DPTR FM NORMAL   -13    PTCLDY (SCALE 4-7)   0
TOTAL FM JUL 1  2245    CLOUDY (SCALE 8-10)  0
DPTR FM NORMAL  -255

[CDD (BASE 65) ]
TOTAL THIS MO.     0
DPTR FM NORMAL     0    [PRESSURE DATA]
TOTAL FM JAN 1     0    HIGHEST SLP M ON M
DPTR FM NORMAL     0    LOWEST  SLP 29.34 ON 21

[REMARKS]
