000
CXUS53 KDDC 291200
CF6P28
PRELIMINARY LOCAL CLIMATOLOGICAL DATA (WS FORM: F-6)

                                          STATION:   MEDICINE LODGE KS
                                          MONTH:     AUGUST
                                          YEAR:      2014
                                          LATITUDE:   37 17 N
                                          LONGITUDE:  98 35 W

  TEMPERATURE IN F:       :PCPN:    SNOW:  WIND      :SUNSHINE: SKY     :PK WND
================================================================================
1   2   3   4   5  6A  6B    7    8   9   10  11  12  13   14  15   16   17  18
                                     12Z  AVG MX 2MIN
DY MAX MIN AVG DEP HDD CDD  WTR  SNW DPTH SPD SPD DIR MIN PSBL S-S WX    SPD DR
================================================================================

 1  91  59  75  -7   0  10 0.00  0.0    0  4.6 15  50   M    M   0        20  30
 2  88  60  74  -8   0   9 0.00  0.0    0  4.9 14  60   M    M   0        18  50
 3  90  66  78  -4   0  13 0.00  0.0    0  6.9 15 180   M    M   0        20 210
 4  92  65  79  -3   0  14 0.00  0.0    0  6.6 14 180   M    M   0        24 200
 5  94  65  80  -2   0  15 0.00  0.0    0  6.7 16 190   M    M   0        21 180
 6  94  72  83   1   0  18 0.01  0.0    0  8.1 18 230   M    M   0        22 220
 7  94  71  83   1   0  18 0.00  0.0    0  7.3 13  80   M    M   0        18  90
 8  87  69  78  -4   0  13 0.39  0.0    0  5.9 29 340   M    M   0        36 320
 9  91  67  79  -3   0  14 0.22  0.0    0  7.1 29 320   M    M   0        37 320
10  89  66  78  -4   0  13 0.51  0.0    0  6.0 18 340   M    M   0        24 350
11  87  66  77  -4   0  12 0.00  0.0    0  6.4 18  10   M    M   0        24  10
12  87  59  73  -8   0   8 0.00  0.0    0  3.7  9  80   M    M   0        12  80
13  91  64  78  -3   0  13 0.00  0.0    0  7.7 14 130   M    M   0        20 130
14  95  68  82   1   0  17 0.00  0.0    0  9.1 16 170   M    M   0        22 140
15  94  72  83   2   0  18 0.00  0.0    0  7.3 18 210   M    M   0        25 200
16  99  70  85   4   0  20 0.00  0.0    0  5.9 12  20   M    M   0        16  90
17  97  70  84   4   0  19 0.00  0.0    0  5.2 12 100   M    M   0        16 110
18 102  67  85   5   0  20 0.00  0.0    0  8.2 29  50   M    M   0        41  40
19  96  74  85   5   0  20 0.00  0.0    0  9.7 23 350   M    M   0        33 340
20  99  71  85   5   0  20 0.00  0.0    0 12.7 24 190   M    M   0        32 190
21 100  74  87   7   0  22 0.00  0.0    0 12.4 23 180   M    M   0        31 180
22 103  77  90  11   0  25 0.00  0.0    0 10.5 21 180   M    M   0        28 190
23 100  68  84   5   0  19 0.00  0.0    0 10.9 26 190   M    M   0        39 200
24 103  73  88   9   0  23 0.00  0.0    0  9.3 22 190   M    M   0        28 180
25 102  74  88   9   0  23 0.00  0.0    0  8.4 25 360   M    M   0        33  10
26  97  67  82   4   0  17 0.05  0.0    0  6.8 20  80   M    M   0        27  80
27  93  70  82   4   0  17 0.00  0.0    0  6.5 14 180   M    M   0        19 160
28  87  67  77  -1   0  12 0.47  0.0    0  9.1 18 190   M    M   0        27 190
================================================================================
SM 2642 1911         0 462  1.65     0.0 213.9          M        0
================================================================================
AV 94.4 68.2                               7.6 FASTST   M    M   0    MAX(MPH)
                                 MISC ---->  # 29 340               # 41   40
================================================================================
NOTES:
# LAST OF SEVERAL OCCURRENCES

COLUMN 17 PEAK WIND IN M.P.H.

PRELIMINARY LOCAL CLIMATOLOGICAL DATA (WS FORM: F-6) , PAGE 2

                                          STATION:  MEDICINE LODGE KS
                                          MONTH:    AUGUST
                                          YEAR:     2014
                                          LATITUDE:   37 17 N
                                          LONGITUDE:  98 35 W

[TEMPERATURE DATA]      [PRECIPITATION DATA]       SYMBOLS USED IN COLUMN 16

AVERAGE MONTHLY: 81.3   TOTAL FOR MONTH:   1.65    1 = FOG OR MIST
DPTR FM NORMAL:   0.7   DPTR FM NORMAL:   -1.14    2 = FOG REDUCING VISIBILITY
HIGHEST:   103 ON 24,22 GRTST 24HR  0.73 ON  9-10      TO 1/4 MILE OR LESS
LOWEST:     59 ON 12, 1                            3 = THUNDER
                        SNOW, ICE PELLETS, HAIL    4 = ICE PELLETS
                        TOTAL MONTH:   0.0 INCH    5 = HAIL
                        GRTST 24HR     0.0         6 = FREEZING RAIN OR DRIZZLE
                        GRTST DEPTH:   0           7 = DUSTSTORM OR SANDSTORM:
                                                       VSBY 1/2 MILE OR LESS
                                                   8 = SMOKE OR HAZE
[NO. OF DAYS WITH]      [WEATHER - DAYS WITH]      9 = BLOWING SNOW
                                                   X = TORNADO
MAX 32 OR BELOW:   0    0.01 INCH OR MORE:   6
MAX 90 OR ABOVE:  22    0.10 INCH OR MORE:   4
MIN 32 OR BELOW:   0    0.50 INCH OR MORE:   1
MIN  0 OR BELOW:   0    1.00 INCH OR MORE:   0

[HDD (BASE 65) ]
TOTAL THIS MO.     0    CLEAR  (SCALE 0-3)  28
DPTR FM NORMAL     0    PTCLDY (SCALE 4-7)   0
TOTAL FM JUL 1     5    CLOUDY (SCALE 8-10)  0
DPTR FM NORMAL     5

[CDD (BASE 65) ]
TOTAL THIS MO.   462
DPTR FM NORMAL    26    [PRESSURE DATA]
TOTAL FM JAN 1  1442    HIGHEST SLP M ON M
DPTR FM NORMAL   -31    LOWEST  SLP 29.67 ON 20

[REMARKS]
