000
CXUS55 KRIW 200945
CF6P60
PRELIMINARY LOCAL CLIMATOLOGICAL DATA (WS FORM: F-6)

                                          STATION:   LAKE YELLOWSTONE WY
                                          MONTH:     FEBRUARY
                                          YEAR:      2017
                                          LATITUDE:   44 32 N
                                          LONGITUDE: 110 25 W

  TEMPERATURE IN F:       :PCPN:    SNOW:  WIND      :SUNSHINE: SKY     :PK WND
================================================================================
1   2   3   4   5  6A  6B    7    8   9   10  11  12  13   14  15   16   17  18
                                     12Z  AVG MX 2MIN
DY MAX MIN AVG DEP HDD CDD  WTR  SNW DPTH SPD SPD DIR MIN PSBL S-S WX    SPD DR
================================================================================

 1  20   6  13   0  52   0 0.17    M    M  2.3 10 260   M    M   0        18 290
 2  17 -18   0 -13  65   0 0.41    M    M  1.1  8 270   M    M   0        13 280
 3  27 -20   4  -9  61   0 0.14    M    M  0.9  5  99   M    M   0         M  M
 4  29  26  28  15  37   0 0.48    M    M  7.9 16 270   M    M   0        28 270
 5  32  23  28  15  37   0 0.43    M    M  7.6 16 260   M    M   0        32 250
 6  30  23  27  14  38   0 1.19    M    M  4.9 15 260   M    M   0        30 280
 7  26  18  22   9  43   0 0.43    M    M  4.9 14 270   M    M   0        22 260
 8  28  16  22   9  43   0 0.24    M    M  5.2 16 280   M    M   0        28 280
 9  36  28  32  19  33   0 0.97    M    M  3.3 15 260   M    M   0        29 270
10  35  27  31  17  34   0 0.76    M    M  5.8 15 270   M    M   0        29 260
11  27  -5  11  -3  54   0 0.06    M    M  5.7 18 280   M    M   0        34 280
12  22 -14   4 -10  61   0 0.00  0.0    M  0.3  5 120   M    M   0         6 120
13  28  -8  10  -4  55   0 0.00  0.0    M  1.1  6 310   M    M   0         7 120
14  30  -5  13  -1  52   0 0.00  0.0    M  0.1  5 320   M    M   0         6 110
15  41  -3  19   4  46   0 0.00  0.0    M  1.1  6 260   M    M   0        14 230
16  43   5  24   9  41   0 0.04    M    M  2.8 13 240   M    M   0        25 280
17  36  22  29  14  36   0 0.00  0.0    M  3.0 12 270   M    M   0        22 260
18  35  26  31  16  34   0 0.22    M    M  0.7  8 250   M    M   0        14 250
19  34  22  28  12  37   0 0.36    M    M  4.1 13 280   M    M   0        20 260
================================================================================
SM  576  169       859   0  5.90     0.0  62.8          M        0
================================================================================
AV 30.3  8.9                               3.3 FASTST   M    M   0    MAX(MPH)
                                 MISC ---->  # 18 280               # 34  280
================================================================================
NOTES:
# LAST OF SEVERAL OCCURRENCES

COLUMN 17 PEAK WIND IN M.P.H.

PRELIMINARY LOCAL CLIMATOLOGICAL DATA (WS FORM: F-6) , PAGE 2

                                          STATION:  LAKE YELLOWSTONE WY
                                          MONTH:    FEBRUARY
                                          YEAR:     2017
                                          LATITUDE:   44 32 N
                                          LONGITUDE: 110 25 W

[TEMPERATURE DATA]      [PRECIPITATION DATA]       SYMBOLS USED IN COLUMN 16

AVERAGE MONTHLY: 19.6   TOTAL FOR MONTH:   5.90    1 = FOG OR MIST
DPTR FM NORMAL:   5.8   DPTR FM NORMAL:    4.95    2 = FOG REDUCING VISIBILITY
HIGHEST:    43 ON 16    GRTST 24HR  1.23 ON  9-10      TO 1/4 MILE OR LESS
LOWEST:    -20 ON  3                               3 = THUNDER
                        SNOW, ICE PELLETS, HAIL    4 = ICE PELLETS
                        TOTAL MONTH:   0.0 INCH    5 = HAIL
                        GRTST 24HR     0.0         6 = FREEZING RAIN OR DRIZZLE
                        GRTST DEPTH:  M  ON   M    7 = DUSTSTORM OR SANDSTORM:
                                                       VSBY 1/2 MILE OR LESS
                                                   8 = SMOKE OR HAZE
[NO. OF DAYS WITH]      [WEATHER - DAYS WITH]      9 = BLOWING SNOW
                                                   X = TORNADO
MAX 32 OR BELOW:  12    0.01 INCH OR MORE:  14
MAX 90 OR ABOVE:   0    0.10 INCH OR MORE:  12
MIN 32 OR BELOW:  19    0.50 INCH OR MORE:   3
MIN  0 OR BELOW:   7    1.00 INCH OR MORE:   1

[HDD (BASE 65) ]
TOTAL THIS MO.   859    CLEAR  (SCALE 0-3)  19
DPTR FM NORMAL  -113    PTCLDY (SCALE 4-7)   0
TOTAL FM JUL 1  7591    CLOUDY (SCALE 8-10)  0
DPTR FM NORMAL    88

[CDD (BASE 65) ]
TOTAL THIS MO.     0
DPTR FM NORMAL     0    [PRESSURE DATA]
TOTAL FM JAN 1     0    HIGHEST SLP M ON M
DPTR FM NORMAL     0    LOWEST  SLP 29.50 ON  6

[REMARKS]
