000
CXUS54 KMAF 201100
CF6PEQ
PRELIMINARY LOCAL CLIMATOLOGICAL DATA (WS FORM: F-6)

                                          STATION:   Pecos Municipal Airport
                                          MONTH:     AUGUST
                                          YEAR:      2017
                                          LATITUDE:   31 22 N
                                          LONGITUDE: 103 31 W

  TEMPERATURE IN F:       :PCPN:    SNOW:  WIND      :SUNSHINE: SKY     :PK WND
================================================================================
1   2   3   4   5  6A  6B    7    8   9   10  11  12  13   14  15   16   17  18
                                     12Z  AVG MX 2MIN
DY MAX MIN AVG DEP HDD CDD  WTR  SNW DPTH SPD SPD DIR MIN PSBL S-S WX    SPD DR
================================================================================

 1  83  67  75   M   0  10 1.02  0.0    0  7.0 21 350   M    M   6 3      29 350
 2  87  69  78   M   0  13 0.00  0.0    0  5.2 10  20   M    M   5        16  20
 3  91  66  79   M   0  14 0.00  0.0    0  4.2 10  90   M    M   0        16  70
 4  94  67  81   M   0  16 0.00  0.0    0  4.7 12  80   M    M   0        18  90
 5  98  70  84   M   0  19 0.00  0.0    0  4.4 15 160   M    M   0         M  M
 6 101  72  87   M   0  22 0.00  0.0    0  7.6 23  80   M    M   0        30  80
 7  94  73  84   M   0  19 0.03  0.0    0  8.8 18 310   M    M   2 3      27 310
 8  90  72  81   M   0  16 0.09  0.0    0  8.6 20  10   M    M   6 3      25  10
 9  94  69  82   M   0  17 0.00  0.0    0  6.7 10  90   M    M   0        17  50
10  98  70  84   M   0  19 0.00  0.0    0  8.3 18 100   M    M   0        27 130
11  98  72  85   M   0  20 0.00  0.0    0  9.4 17 100   M    M   1        24 100
12  94  72  83   M   0  18 0.00  0.0    0  7.1 15 330   M    M   1 3      22 330
13 101  72  87   M   0  22 0.37  0.0    0  4.8 25 160   M    M   3 3      45 160
14  95  72  84   M   0  19 0.01  0.0    0  6.6 15 150   M    M   1        16 220
15  94  75  85   M   0  20 0.00  0.0    0  6.3 18  80   M    M   1 3      22  80
16  99  69  84   M   0  19 0.09  0.0    0  5.8 13 110   M    M   0 3      17 310
17  99  67  83   M   0  18 0.00  0.0    0  6.0 17 140   M    M   0        24 140
18  98  70  84   M   0  19 0.00  0.0    0  5.7 24 110   M    M   0        31 110
19  97  71  84   M   0  19 0.00  0.0    0  4.2 14 350   M    M   2 3       M  M
================================================================================
SM 1805 1335         0 339  1.61     0.0 121.4          M       28
================================================================================
AV 95.0 70.3                               6.4 FASTST   M    M   1    MAX(MPH)
                                 MISC ---->  # 25 160               # 45  160
================================================================================
NOTES:
# LAST OF SEVERAL OCCURRENCES

COLUMN 17 PEAK WIND IN M.P.H.

PRELIMINARY LOCAL CLIMATOLOGICAL DATA (WS FORM: F-6) , PAGE 2

                                          STATION:  Pecos Municipal Airport
                                          MONTH:    AUGUST
                                          YEAR:     2017
                                          LATITUDE:   31 22 N
                                          LONGITUDE: 103 31 W

[TEMPERATURE DATA]      [PRECIPITATION DATA]       SYMBOLS USED IN COLUMN 16

AVERAGE MONTHLY: 82.6   TOTAL FOR MONTH:   1.61    1 = FOG OR MIST
DPTR FM NORMAL:     M   DPTR FM NORMAL:       M    2 = FOG REDUCING VISIBILITY
HIGHEST:   101 ON 13, 6 GRTST 24HR  1.02 ON  1- 1      TO 1/4 MILE OR LESS
LOWEST:     66 ON  3                               3 = THUNDER
                        SNOW, ICE PELLETS, HAIL    4 = ICE PELLETS
                        TOTAL MONTH:   0.0 INCH    5 = HAIL
                        GRTST 24HR     0.0         6 = FREEZING RAIN OR DRIZZLE
                        GRTST DEPTH:   0           7 = DUSTSTORM OR SANDSTORM:
                                                       VSBY 1/2 MILE OR LESS
                                                   8 = SMOKE OR HAZE
[NO. OF DAYS WITH]      [WEATHER - DAYS WITH]      9 = BLOWING SNOW
                                                   X = TORNADO
MAX 32 OR BELOW:   0    0.01 INCH OR MORE:   6
MAX 90 OR ABOVE:  17    0.10 INCH OR MORE:   2
MIN 32 OR BELOW:   0    0.50 INCH OR MORE:   1
MIN  0 OR BELOW:   0    1.00 INCH OR MORE:   1

[HDD (BASE 65) ]
TOTAL THIS MO.     0    CLEAR  (SCALE 0-3)  16
DPTR FM NORMAL     M    PTCLDY (SCALE 4-7)   3
TOTAL FM JUL 1     0    CLOUDY (SCALE 8-10)  0
DPTR FM NORMAL     M

[CDD (BASE 65) ]
TOTAL THIS MO.   339
DPTR FM NORMAL     M    [PRESSURE DATA]
TOTAL FM JAN 1  2049    HIGHEST SLP M ON M
DPTR FM NORMAL     M    LOWEST  SLP M ON M

[REMARKS]
