000
CXUS55 KTBW 221000
CF6PGD
PRELIMINARY LOCAL CLIMATOLOGICAL DATA (WS FORM: F-6)

                                          STATION:   Punta Gorda
                                          MONTH:     DECEMBER
                                          YEAR:      2014
                                          LATITUDE:   26 55 N
                                          LONGITUDE:  82  0 W

  TEMPERATURE IN F:       :PCPN:    SNOW:  WIND      :SUNSHINE: SKY     :PK WND
================================================================================
1   2   3   4   5  6A  6B    7    8   9   10  11  12  13   14  15   16   17  18
                                     12Z  AVG MX 2MIN
DY MAX MIN AVG DEP HDD CDD  WTR  SNW DPTH SPD SPD DIR MIN PSBL S-S WX    SPD DR
================================================================================

 1  82  56  69   2   0   4    T  0.0    0  9.2 20 100   M    M   3        25 110
 2  82  63  73   6   0   8    T  0.0    0  8.6 18  60   M    M   3        22  80
 3  84  62  73   6   0   8 0.00  0.0    0  8.1 18  80   M    M   1        24  90
 4  84  60  72   5   0   7    T  0.0    0  9.4 21  70   M    M   4        24  70
 5  84  64  74   8   0   9    T  0.0    0  8.0 17  60   M    M   3        21  60
 6  85  66  76  10   0  11 0.01  0.0    0  5.4 12 290   M    M   5        14 300
 7  71  61  66   0   0   1 0.00  0.0    0  6.2 12  10   M    M   7 18     14 360
 8  76  58  67   1   0   2    T  0.0    0  7.6 17 360   M    M   6 1      21 360
 9  67  51  59  -7   6   0 0.03  0.0    0 10.8 17 340   M    M   5 1      22 330
10  68  44  56 -10   9   0 0.00  0.0    0  6.2 15 290   M    M   0        21 280
11  69  44  57  -8   8   0 0.00  0.0    0  4.7 16 280   M    M   3 1      20 280
12  60  47  54 -11  11   0 0.00  0.0    0  5.9 10 360   M    M   1 1      14  10
13  72  41  57  -8   8   0 0.00  0.0    0  6.5 12 350   M    M   0        15  30
14  72  39  56  -9   9   0 0.00  0.0    0  5.3 10 260   M    M   0 1      12 360
15  72  39  56  -9   9   0 0.00  0.0    0  2.6  9 240   M    M   0 1      11 300
16  73  42  58  -7   7   0 0.00  0.0    0  3.6 12 230   M    M   3 12     16 270
17  76  50  63  -1   2   0 0.00  0.0    0  4.8 13 230   M    M   3 12     15 230
18  73  46  60  -4   5   0 0.00  0.0    0  4.2 10 300   M    M   1 1      13 280
19  75  43  59  -5   6   0 0.00  0.0    0  4.0  8  50   M    M   0 12     12 110
20  79  48  64   0   1   0 0.00  0.0    0  4.0 13 260   M    M   0 1      17 240
21  80  57  69   5   0   4 0.08  0.0    0  4.4 16 160   M    M   5 1      19 160
================================================================================
SM 1584 1081        81  54  0.12     0.0 129.5          M       53
================================================================================
AV 75.4 51.5                               6.2 FASTST   M    M   3    MAX(MPH)
                                 MISC ---->  # 21  70               # 25  110
================================================================================
NOTES:
# LAST OF SEVERAL OCCURRENCES

COLUMN 17 PEAK WIND IN M.P.H.

PRELIMINARY LOCAL CLIMATOLOGICAL DATA (WS FORM: F-6) , PAGE 2

                                          STATION:  Punta Gorda
                                          MONTH:    DECEMBER
                                          YEAR:     2014
                                          LATITUDE:   26 55 N
                                          LONGITUDE:  82  0 W

[TEMPERATURE DATA]      [PRECIPITATION DATA]       SYMBOLS USED IN COLUMN 16

AVERAGE MONTHLY: 63.5   TOTAL FOR MONTH:   0.12    1 = FOG OR MIST
DPTR FM NORMAL:  -2.0   DPTR FM NORMAL:   -1.35    2 = FOG REDUCING VISIBILITY
HIGHEST:    85 ON  6    GRTST 24HR  0.08 ON 21-21      TO 1/4 MILE OR LESS
LOWEST:     39 ON 15,14                            3 = THUNDER
                        SNOW, ICE PELLETS, HAIL    4 = ICE PELLETS
                        TOTAL MONTH:   0.0 INCH    5 = HAIL
                        GRTST 24HR     0.0         6 = FREEZING RAIN OR DRIZZLE
                        GRTST DEPTH:   0           7 = DUSTSTORM OR SANDSTORM:
                                                       VSBY 1/2 MILE OR LESS
                                                   8 = SMOKE OR HAZE
[NO. OF DAYS WITH]      [WEATHER - DAYS WITH]      9 = BLOWING SNOW
                                                   X = TORNADO
MAX 32 OR BELOW:   0    0.01 INCH OR MORE:   3
MAX 90 OR ABOVE:   0    0.10 INCH OR MORE:   0
MIN 32 OR BELOW:   0    0.50 INCH OR MORE:   0
MIN  0 OR BELOW:   0    1.00 INCH OR MORE:   0

[HDD (BASE 65) ]
TOTAL THIS MO.    81    CLEAR  (SCALE 0-3)  15
DPTR FM NORMAL    21    PTCLDY (SCALE 4-7)   6
TOTAL FM JUL 1   139    CLOUDY (SCALE 8-10)  0
DPTR FM NORMAL    53

[CDD (BASE 65) ]
TOTAL THIS MO.    54
DPTR FM NORMAL   -17    [PRESSURE DATA]
TOTAL FM JAN 1  3841    HIGHEST SLP M ON M
DPTR FM NORMAL   239    LOWEST  SLP 30.00 ON 21

[REMARKS]
