000
CXUS55 KTBW 261135
CF6PGD
PRELIMINARY LOCAL CLIMATOLOGICAL DATA (WS FORM: F-6)

                                          STATION:   Punta Gorda
                                          MONTH:     MARCH
                                          YEAR:      2017
                                          LATITUDE:   26 55 N
                                          LONGITUDE:  82  0 W

  TEMPERATURE IN F:       :PCPN:    SNOW:  WIND      :SUNSHINE: SKY     :PK WND
================================================================================
1   2   3   4   5  6A  6B    7    8   9   10  11  12  13   14  15   16   17  18
                                     12Z  AVG MX 2MIN
DY MAX MIN AVG DEP HDD CDD  WTR  SNW DPTH SPD SPD DIR MIN PSBL S-S WX    SPD DR
================================================================================

 1  87  58  73   6   0   8 0.00  0.0    0  6.2 15 240   M    M   4 12     20 130
 2  86  64  75   8   0  10 0.00  0.0    0  7.9 20 270   M    M   3 1      25 240
 3  82  57  70   3   0   5 0.00  0.0    0 15.4 24  50   M    M   3        33  40
 4  80  51  66  -1   0   1 0.00  0.0    0 14.1 25  60   M    M   1        34  80
 5  79  53  66  -1   0   1    T  0.0    0 12.5 29  90   M    M   3        37  70
 6  80  51  66  -1   0   1 0.00  0.0    0 11.5 25 110   M    M   2        32 100
 7  82  53  68   1   0   3 0.00  0.0    0  9.9 23 110   M    M   5        31 150
 8  82  53  68   0   0   3 0.00  0.0    0  6.1 14 280   M    M   4 1      20 240
 9  84  54  69   1   0   4 0.00  0.0    0  5.3 14 250   M    M   3 12     22 170
10  85  54  70   2   0   5 0.00  0.0    0  7.1 21 290   M    M   1 1      25 300
11  89  61  75   7   0  10 0.00  0.0    0  7.6 17  50   M    M   2 12     20  50
12  83  62  73   5   0   8 0.00  0.0    0  7.7 17 260   M    M   4        22 260
13  82  60  71   3   0   6 0.78  0.0    0  8.9 23 240   M    M   4 13     30 240
14  73  58  66  -2   0   1    T  0.0    0 15.2 25 240   M    M   4        32 240
15  66  47  57 -11   8   0 0.00  0.0    0 10.4 18 290   M    M   0        30 320
16  70  39  55 -13  10   0 0.00  0.0    0  8.9 20  40   M    M   0        23  40
17  77  41  59 -10   6   0 0.00  0.0    0  7.7 17  70   M    M   0 18     24 100
18  80  45  63  -6   2   0 0.00  0.0    0  7.0 20 300   M    M   0 1      24 310
19  82  52  67  -2   0   2 0.00  0.0    0 11.1 23 330   M    M   1        29 340
20  81  45  63  -6   2   0 0.00  0.0    0  7.4 16 300   M    M   0 1      21 330
21  80  48  64  -5   1   0 0.00  0.0    0  6.4 18 240   M    M   0 128    24 230
22  82  52  67  -2   0   2 0.00  0.0    0  6.8 16 260   M    M   4 12     22 310
23  89  63  76   7   0  11 0.00  0.0    0 12.2 28  70   M    M   3 138    35  60
24  85  58  72   3   0   7 0.00  0.0    0 11.8 23 100   M    M   2        34 100
25  85  54  70   1   0   5 0.00  0.0    0  7.9 18 120   M    M   3 1      23 120
================================================================================
SM 2031 1333        29  93  0.78     0.0 233.0          M       56
================================================================================
AV 81.2 53.3                               9.3 FASTST   M    M   2    MAX(MPH)
                                 MISC ---->  # 29  90               # 37   70
================================================================================
NOTES:
# LAST OF SEVERAL OCCURRENCES

COLUMN 17 PEAK WIND IN M.P.H.

PRELIMINARY LOCAL CLIMATOLOGICAL DATA (WS FORM: F-6) , PAGE 2

                                          STATION:  Punta Gorda
                                          MONTH:    MARCH
                                          YEAR:     2017
                                          LATITUDE:   26 55 N
                                          LONGITUDE:  82  0 W

[TEMPERATURE DATA]      [PRECIPITATION DATA]       SYMBOLS USED IN COLUMN 16

AVERAGE MONTHLY: 67.3   TOTAL FOR MONTH:   0.78    1 = FOG OR MIST
DPTR FM NORMAL:  -0.8   DPTR FM NORMAL:   -1.86    2 = FOG REDUCING VISIBILITY
HIGHEST:    89 ON 23,11 GRTST 24HR  0.78 ON 13-13      TO 1/4 MILE OR LESS
LOWEST:     39 ON 16                               3 = THUNDER
                        SNOW, ICE PELLETS, HAIL    4 = ICE PELLETS
                        TOTAL MONTH:   0.0 INCH    5 = HAIL
                        GRTST 24HR     0.0         6 = FREEZING RAIN OR DRIZZLE
                        GRTST DEPTH:   0           7 = DUSTSTORM OR SANDSTORM:
                                                       VSBY 1/2 MILE OR LESS
                                                   8 = SMOKE OR HAZE
[NO. OF DAYS WITH]      [WEATHER - DAYS WITH]      9 = BLOWING SNOW
                                                   X = TORNADO
MAX 32 OR BELOW:   0    0.01 INCH OR MORE:   1
MAX 90 OR ABOVE:   0    0.10 INCH OR MORE:   1
MIN 32 OR BELOW:   0    0.50 INCH OR MORE:   1
MIN  0 OR BELOW:   0    1.00 INCH OR MORE:   0

[HDD (BASE 65) ]
TOTAL THIS MO.    29    CLEAR  (SCALE 0-3)  17
DPTR FM NORMAL    -6    PTCLDY (SCALE 4-7)   8
TOTAL FM JUL 1   172    CLOUDY (SCALE 8-10)  0
DPTR FM NORMAL  -216

[CDD (BASE 65) ]
TOTAL THIS MO.    93
DPTR FM NORMAL   -15    [PRESSURE DATA]
TOTAL FM JAN 1   261    HIGHEST SLP M ON M
DPTR FM NORMAL    17    LOWEST  SLP 29.83 ON 14

[REMARKS]
