000
CXUS55 KPIH 301200
CF6PIH

PRELIMINARY LOCAL CLIMATOLOGICAL DATA (WS FORM: F-6)

                                          STATION:   POCATELLO ID
                                          MONTH:     APRIL
                                          YEAR:      2016
                                          LATITUDE:   42 55 N
                                          LONGITUDE: 112 36 W

  TEMPERATURE IN F:       :PCPN:    SNOW:  WIND      :SUNSHINE: SKY     :PK WND
================================================================================
1   2   3   4   5  6A  6B    7    8   9   10  11  12  13   14  15   16   17  18
                                     12Z  AVG MX 2MIN
DY MAX MIN AVG DEP HDD CDD  WTR  SNW DPTH SPD SPD DIR MIN PSBL S-S WX    SPD DR
================================================================================

 1  60  27  44   2  21   0 0.00  0.0    0  3.8 12 320   M    M   1        16 320
 2  66  29  48   6  17   0 0.00  0.0    0  8.8 22 260   M    M   1        27 260
 3  68  35  52   9  13   0 0.00  0.0    0  9.0 20 240   M    M   3        25 270
 4  58  35  47   4  18   0 0.04  0.0    0 11.9 30 280   M    M   4        39 270
 5  53  29  41  -2  24   0 0.00  0.0    0 16.4 26 240   M    M   2        33 260
 6  64  34  49   6  16   0 0.00  0.0    0 14.3 24 260   M    M   0        28 240
 7  71  31  51   7  14   0 0.00  0.0    0  5.8 13  60   M    M   0        16  50
 8  77  32  55  11  10   0 0.00  0.0    0  5.7 15 310   M    M   0        18 310
 9  71  38  55  11  10   0 0.00  0.0    0 14.9 31 180   M    M   2        39 180
10  66  47  57  13   8   0 0.05  0.0    0  5.8 18  90   M    M   8 3      23  90
11  69  40  55  11  10   0    T  0.0    0  9.0 21 190   M    M   5        25 190
12  69  38  54   9  11   0 0.02  0.0    0  7.8 26 200   M    M   4 3      32 200
13  60  45  53   8  12   0    T  0.0    0 12.5 24 180   M    M   7        31 180
14  52  38  45   0  20   0 0.36  0.0    0 19.2 33 230   M    M   5 1      46 220
15  49  32  41  -4  24   0 0.05    T    0 12.9 24 290   M    M   6 13     28 290
16  60  27  44  -2  21   0 0.00  0.0    0 13.7 28  20   M    M   1        34  20
17  63  30  47   1  18   0 0.00  0.0    0 11.6 23  30   M    M   0        29  50
18  61  28  45  -1  20   0 0.00  0.0    0  6.5 16  40   M    M   2        22  40
19  69  31  50   4  15   0 0.00  0.0    0  6.0 18 230   M    M   1        22 240
20  74  33  54   7  11   0 0.00  0.0    0  3.6 12 280   M    M   1        14 280
21  79  38  59  12   6   0 0.00  0.0    0  6.0 18 180   M    M   1        25 180
22  77  48  63  16   2   0 0.00  0.0    0 18.6 31 180   M    M   2        39 200
23  54  42  48   1  17   0 0.13  0.0    0 14.3 29 230   M    M   8 13     34 220
24  56  39  48   0  17   0 0.18  0.0    0 14.6 24 240   M    M   8        28 240
25  61  34  48   0  17   0 0.07  0.0    0 11.5 28  30   M    M   5 1      34  20
26  56  38  47  -1  18   0 0.12  0.0    0 16.1 26 320   M    M   7        42 290
27  59  40  50   2  15   0 0.00  0.0    0  4.2 15 230   M    M   6 3      18 230
28  63  33  48  -1  17   0 0.00  0.0    0  9.7 21  40   M    M   3        28  30
29  51  39  45  -4  20   0 0.23  0.0    0  6.7 16 260   M    M  10 13     20 270
================================================================================
SM 1836 1030       442   0  1.25    T    300.9          M      103
================================================================================
AV 63.3 35.5                              10.4 FASTST   M    M   4    MAX(MPH)
                                 MISC ---->  # 33 230               # 46  220
================================================================================
NOTES:
# LAST OF SEVERAL OCCURRENCES
SNOWFALL/DEPTH ALWAYS AUGMENTED BY WFO POCATELLO

COLUMN 17 PEAK WIND IN M.P.H.

PRELIMINARY LOCAL CLIMATOLOGICAL DATA (WS FORM: F-6) , PAGE 2

                                          STATION:  POCATELLO ID
                                          MONTH:    APRIL
                                          YEAR:     2016
                                          LATITUDE:   42 55 N
                                          LONGITUDE: 112 36 W

[TEMPERATURE DATA]      [PRECIPITATION DATA]       SYMBOLS USED IN COLUMN 16

AVERAGE MONTHLY: 49.4   TOTAL FOR MONTH:   1.25    1 = FOG OR MIST
DPTR FM NORMAL:   4.0   DPTR FM NORMAL:    0.14    2 = FOG REDUCING VISIBILITY
HIGHEST:    79 ON 21    GRTST 24HR  0.36 ON 14-14      TO 1/4 MILE OR LESS
LOWEST:     27 ON 16, 1                            3 = THUNDER
                        SNOW, ICE PELLETS, HAIL    4 = ICE PELLETS
                        TOTAL MONTH:    T          5 = HAIL
                        GRTST 24HR    T  ON 15-15  6 = FREEZING RAIN OR DRIZZLE
                        GRTST DEPTH:   0           7 = DUSTSTORM OR SANDSTORM:
                                                       VSBY 1/2 MILE OR LESS
                                                   8 = SMOKE OR HAZE
[NO. OF DAYS WITH]      [WEATHER - DAYS WITH]      9 = BLOWING SNOW
                                                   X = TORNADO
MAX 32 OR BELOW:   0    0.01 INCH OR MORE:  10
MAX 90 OR ABOVE:   0    0.10 INCH OR MORE:   5
MIN 32 OR BELOW:  10    0.50 INCH OR MORE:   0
MIN  0 OR BELOW:   0    1.00 INCH OR MORE:   0

[HDD (BASE 65) ]
TOTAL THIS MO.   442    CLEAR  (SCALE 0-3)  16
DPTR FM NORMAL  -124    PTCLDY (SCALE 4-7)  12
TOTAL FM JUL 1  5996    CLOUDY (SCALE 8-10)  1
DPTR FM NORMAL  -682

[CDD (BASE 65) ]
TOTAL THIS MO.     0
DPTR FM NORMAL     0    [PRESSURE DATA]
TOTAL FM JAN 1     0    HIGHEST SLP M ON M
DPTR FM NORMAL     0    LOWEST  SLP 29.52 ON 22

[REMARKS]
