000
CXUS53 KAPX 250631
CF6PLN
PRELIMINARY LOCAL CLIMATOLOGICAL DATA (WS FORM: F-6)

                                          STATION:   PELLSTON
                                          MONTH:     JULY
                                          YEAR:      2017
                                          LATITUDE:   45 34 N
                                          LONGITUDE:  84 48 W

  TEMPERATURE IN F:       :PCPN:    SNOW:  WIND      :SUNSHINE: SKY     :PK WND
================================================================================
1   2   3   4   5  6A  6B    7    8   9   10  11  12  13   14  15   16   17  18
                                     12Z  AVG MX 2MIN
DY MAX MIN AVG DEP HDD CDD  WTR  SNW DPTH SPD SPD DIR MIN PSBL S-S WX    SPD DR
================================================================================

 1  68  52  60  -5   5   0    T    M    M  7.0 17 290   M    M   8 18     22 290
 2  74  51  63  -2   2   0    T    M    M  6.8 21 300   M    M   6        26 250
 3  77  47  62  -3   3   0 0.00    M    M  3.7 13 310   M    M   0        17 310
 4  81  44  63  -2   2   0 0.00    M    M  2.4 12 350   M    M   0        15  50
 5  84  50  67   2   0   2 0.00    M    M  5.3 17 270   M    M   0        23 220
 6  81  62  72   7   0   7 0.24    M    M  5.2 25 270   M    M   1 13     37 270
 7  80  54  67   2   0   2 0.00    M    M  8.6 21 330   M    M   4        27 330
 8  75  48  62  -3   3   0    T    M    M  8.5 17 250   M    M   2        31 270
 9  77  57  67   1   0   2 0.06    M    M  4.3 15 260   M    M   7 1      22 250
10  80  54  67   1   0   2 0.00    M    M  2.3 12 150   M    M   4 12     15 130
11  85  52  69   3   0   4    T    M    M  3.2 13  50   M    M   4 12     16  40
12  69  61  65  -1   0   0 0.01    M    M  9.0 15 110   M    M   9 1      20 110
13  63  59  61  -5   4   0 0.02    M    M 10.1 17 100   M    M  10 1      22  90
14  72  55  64  -2   1   0 0.04    M    M  7.2 15 320   M    M   9 1      18 320
15  79  44  62  -4   3   0 0.00    M    M  6.7 23 250   M    M   4 1      33 240
16  74  48  61  -5   4   0 0.00    M    M  6.2 14  10   M    M   6 1      21  10
17  79  43  61  -5   4   0 0.00    M    M  2.3 13 310   M    M   1 1      17 310
18  86  47  67   1   0   2 0.35    M    M  5.6 25 290   M    M   4 13     36 290
19  83  57  70   4   0   5 0.00    M    M  5.3 14 300   M    M   4        18 280
20  82  55  69   3   0   4 0.00    M    M  5.5 15 290   M    M   3        20 260
21  84  53  69   3   0   4 0.00    M    M  3.7 15 290   M    M   1 12     24 290
22  80  61  71   5   0   6 0.00    M    M  4.0 12  40   M    M   7        15  50
23  70  59  65  -1   0   0 0.56    M    M  8.1 23  50   M    M   8 13     28  50
24  76  49  63  -3   2   0 0.00    M    M  7.9 17 360   M    M   3        22  30
================================================================================
SM 1859 1262        33  40  1.28    M    138.9          M      105
================================================================================
AV 77.5 52.6                               5.8 FASTST   M    M   4    MAX(MPH)
                                 MISC ---->  # 25 270               # 37  270
================================================================================
NOTES:
# LAST OF SEVERAL OCCURRENCES

COLUMN 17 PEAK WIND IN M.P.H.

PRELIMINARY LOCAL CLIMATOLOGICAL DATA (WS FORM: F-6) , PAGE 2

                                          STATION:  PELLSTON
                                          MONTH:    JULY
                                          YEAR:     2017
                                          LATITUDE:   45 34 N
                                          LONGITUDE:  84 48 W

[TEMPERATURE DATA]      [PRECIPITATION DATA]       SYMBOLS USED IN COLUMN 16

AVERAGE MONTHLY: 65.0   TOTAL FOR MONTH:   1.28    1 = FOG OR MIST
DPTR FM NORMAL:  -0.6   DPTR FM NORMAL:   -0.61    2 = FOG REDUCING VISIBILITY
HIGHEST:    86 ON 18    GRTST 24HR  0.56 ON 23-23      TO 1/4 MILE OR LESS
LOWEST:     43 ON 17                               3 = THUNDER
                        SNOW, ICE PELLETS, HAIL    4 = ICE PELLETS
                        TOTAL MONTH:    M          5 = HAIL
                        GRTST 24HR    M  ON   M    6 = FREEZING RAIN OR DRIZZLE
                        GRTST DEPTH:  M  ON   M    7 = DUSTSTORM OR SANDSTORM:
                                                       VSBY 1/2 MILE OR LESS
                                                   8 = SMOKE OR HAZE
[NO. OF DAYS WITH]      [WEATHER - DAYS WITH]      9 = BLOWING SNOW
                                                   X = TORNADO
MAX 32 OR BELOW:   0    0.01 INCH OR MORE:   7
MAX 90 OR ABOVE:   0    0.10 INCH OR MORE:   3
MIN 32 OR BELOW:   0    0.50 INCH OR MORE:   1
MIN  0 OR BELOW:   0    1.00 INCH OR MORE:   0

[HDD (BASE 65) ]
TOTAL THIS MO.    33    CLEAR  (SCALE 0-3)   9
DPTR FM NORMAL   -21    PTCLDY (SCALE 4-7)  12
TOTAL FM JUL 1    33    CLOUDY (SCALE 8-10)  3
DPTR FM NORMAL   -21

[CDD (BASE 65) ]
TOTAL THIS MO.    40
DPTR FM NORMAL   -32    [PRESSURE DATA]
TOTAL FM JAN 1    93    HIGHEST SLP M ON M
DPTR FM NORMAL   -34    LOWEST  SLP 29.71 ON 23

[REMARKS]
