000
CXUS54 KOUN 210800
CF6PNC
PRELIMINARY LOCAL CLIMATOLOGICAL DATA (WS FORM: F-6)

                                          STATION:   PONCA CITY
                                          MONTH:     OCTOBER
                                          YEAR:      2014
                                          LATITUDE:   36 44 N
                                          LONGITUDE:  97  6 W

  TEMPERATURE IN F:       :PCPN:    SNOW:  WIND      :SUNSHINE: SKY     :PK WND
================================================================================
1   2   3   4   5  6A  6B    7    8   9   10  11  12  13   14  15   16   17  18
                                     12Z  AVG MX 2MIN
DY MAX MIN AVG DEP HDD CDD  WTR  SNW DPTH SPD SPD DIR MIN PSBL S-S WX    SPD DR
================================================================================

 1  93  69  81  16   0  16 0.06  0.0    0  9.7 21 160   M    M   2 1      29 210
 2  80  52  66   1   0   1    T  0.0    0 10.9 23 330   M    M   5        34 320
 3  64  37  51 -14  14   0 0.00  0.0    0  9.5 30 360   M    M   0        40 360
 4  78  34  56  -8   9   0 0.00  0.0    0  4.2 15 250   M    M   0        19 240
 5  84  48  66   2   0   1    T    M    0  4.5 25 350   M    M   0        35 350
 6  85  48  67   3   0   2 0.00  0.0    0  4.7 15 210   M    M   0        22 210
 7  94  59  77  14   0  12 0.00  0.0    0  5.5 15  70   M    M   0 18     20  60
 8  89  67  78  15   0  13 0.00  0.0    0 11.4 18 160   M    M   0        26 160
 9  90  68  79  17   0  14 0.80  0.0    0  8.8 18 210   M    M   3 13     26 210
10  69  51  60  -2   5   0 0.76  0.0    0 14.3 26  40   M    M  10 13     37  40
11  62  51  57  -5   8   0 0.00  0.0    0  9.8 21  30   M    M  10        26  10
12  70  50  60  -1   5   0 0.09  0.0    0 10.6 26 150   M    M   2 13     32 140
13  61  53  57  -4   8   0 1.12  0.0    0 13.2 31 350   M    M   8 13     42 340
14  70  44  57  -4   8   0 0.00  0.0    0 10.1 24 340   M    M   0        32 320
15  75  39  57  -3   8   0 0.00  0.0    0  2.3  8 160   M    M   0        11 260
16  86  52  69   9   0   4 0.00  0.0    0  7.6 17 220   M    M   0        24 130
17  76  45  61   1   4   0 0.00  0.0    0  6.8 18  30   M    M   0        23  30
18  68  46  57  -2   8   0 0.00  0.0    0  4.8 15  50   M    M   0        17  50
19  76  46  61   2   4   0 0.00  0.0    0  5.6 15 160   M    M   3        18 160
20  81  55  68   9   0   3 0.00  0.0    0  4.4 12  90   M    M   2 1      15  70
================================================================================
SM 1551 1014        81  66  2.83     0.0 158.7          M       45
================================================================================
AV 77.6 50.7                               7.9 FASTST   M    M   2    MAX(MPH)
                                 MISC ---->  # 31 350               # 42  340
================================================================================
NOTES:
# LAST OF SEVERAL OCCURRENCES

COLUMN 17 PEAK WIND IN M.P.H.

PRELIMINARY LOCAL CLIMATOLOGICAL DATA (WS FORM: F-6) , PAGE 2

                                          STATION:  PONCA CITY
                                          MONTH:    OCTOBER
                                          YEAR:     2014
                                          LATITUDE:   36 44 N
                                          LONGITUDE:  97  6 W

[TEMPERATURE DATA]      [PRECIPITATION DATA]       SYMBOLS USED IN COLUMN 16

AVERAGE MONTHLY: 64.1   TOTAL FOR MONTH:   2.83    1 = FOG OR MIST
DPTR FM NORMAL:   2.2   DPTR FM NORMAL:    0.45    2 = FOG REDUCING VISIBILITY
HIGHEST:    94 ON  7    GRTST 24HR  1.56 ON  9-10      TO 1/4 MILE OR LESS
LOWEST:     34 ON  4                               3 = THUNDER
                        SNOW, ICE PELLETS, HAIL    4 = ICE PELLETS
                        TOTAL MONTH:   0.0 INCH    5 = HAIL
                        GRTST 24HR     0.0         6 = FREEZING RAIN OR DRIZZLE
                        GRTST DEPTH:   0           7 = DUSTSTORM OR SANDSTORM:
                                                       VSBY 1/2 MILE OR LESS
                                                   8 = SMOKE OR HAZE
[NO. OF DAYS WITH]      [WEATHER - DAYS WITH]      9 = BLOWING SNOW
                                                   X = TORNADO
MAX 32 OR BELOW:   0    0.01 INCH OR MORE:   5
MAX 90 OR ABOVE:   3    0.10 INCH OR MORE:   3
MIN 32 OR BELOW:   0    0.50 INCH OR MORE:   3
MIN  0 OR BELOW:   0    1.00 INCH OR MORE:   1

[HDD (BASE 65) ]
TOTAL THIS MO.    81    CLEAR  (SCALE 0-3)  16
DPTR FM NORMAL   -22    PTCLDY (SCALE 4-7)   2
TOTAL FM JUL 1   101    CLOUDY (SCALE 8-10)  2
DPTR FM NORMAL   -35

[CDD (BASE 65) ]
TOTAL THIS MO.    66
DPTR FM NORMAL    26    [PRESSURE DATA]
TOTAL FM JAN 1  1928    HIGHEST SLP M ON M
DPTR FM NORMAL    90    LOWEST  SLP 29.47 ON 13

[REMARKS]
