000
CXUS54 KMOB 221648
CF6PNS
PRELIMINARY LOCAL CLIMATOLOGICAL DATA (WS FORM: F-6)

                                          STATION:   PENSACOLA
                                          MONTH:     APRIL
                                          YEAR:      2014
                                          LATITUDE:   30 28 N
                                          LONGITUDE:  87 12 W

  TEMPERATURE IN F:       :PCPN:    SNOW:  WIND      :SUNSHINE: SKY     :PK WND
================================================================================
1   2   3   4   5  6A  6B    7    8   9   10  11  12  13   14  15   16   17  18
                                     12Z  AVG MX 2MIN
DY MAX MIN AVG DEP HDD CDD  WTR  SNW DPTH SPD SPD DIR MIN PSBL S-S WX    SPD DR
================================================================================

 1  71  49  60  -3   5   0 0.00  0.0    0  5.4 15 170   M    M   0 1      19 170
 2  77  62  70   6   0   5 0.00  0.0    0  8.6 16 150   M    M   6 1      24 170
 3  77  67  72   8   0   7 0.00  0.0    0 11.9 20 160   M    M   5 1      25 160
 4  78  66  72   8   0   7    T  0.0    0  9.5 23 330   M    M   7 1      31 340
 5  73  62  68   4   0   3 0.72  0.0    0  6.9 16 250   M    M  10 138    27 190
 6  72  59  66   2   0   1 0.08  0.0    0 11.3 24 160   M    M  10 123    35 150
 7  78  60  69   4   0   4 1.03  0.0    0 13.3 25 290   M    M   6 13     33 300
 8  69  51  60  -5   5   0    T  0.0    0  9.6 22 320   M    M   3        30 300
 9  74  51  63  -2   2   0 0.00  0.0    0 10.3 22 340   M    M   1        27 340
10  73  50  62  -3   3   0 0.00  0.0    0  6.3 15 140   M    M   0        20 180
11  75  57  66   0   0   1 0.00  0.0    0  6.9 17 130   M    M   1 1      22 120
12  78  58  68   2   0   3 0.00  0.0    0  5.1 14 170   M    M   2 12     18 140
13  79  65  72   6   0   7 0.00  0.0    0 10.6 21 160   M    M   3        27 160
14  79  67  73   7   0   8 2.63  0.0    0 12.6 35 200   M    M   7 13     46 190
15  67  47  57  -9   8   0 0.67  0.0    0 15.3 30 330   M    M   5 13     38 340
16  68  42  55 -12  10   0 0.00  0.0    0  6.4 15  10   M    M   0        22 360
17  74  55  65  -2   0   0 0.86  0.0    0  8.0 14  60   M    M   8 13     18  70
18  63  58  61  -6   4   0 3.07  0.0    0 12.0 20 360   M    M  10 1      30 350
19  79  56  68   1   0   3    T  0.0    0 12.6 23 330   M    M   7        30 330
20  66  56  61  -7   4   0 0.00  0.0    0  5.5 16  30   M    M   4        22 360
21  75  54  65  -3   0   0 0.00  0.0    0  5.3 13 250   M    M   0 1      15 250
================================================================================
SM 1545 1192        41  49  9.06     0.0 193.4          M       95
================================================================================
AV 73.6 56.8                               9.2 FASTST   M    M   5    MAX(MPH)
                                 MISC ---->  # 35 200               # 46  190
================================================================================
NOTES:
# LAST OF SEVERAL OCCURRENCES

COLUMN 17 PEAK WIND IN M.P.H.

PRELIMINARY LOCAL CLIMATOLOGICAL DATA (WS FORM: F-6) , PAGE 2

                                          STATION:  PENSACOLA
                                          MONTH:    APRIL
                                          YEAR:     2014
                                          LATITUDE:   30 28 N
                                          LONGITUDE:  87 12 W

[TEMPERATURE DATA]      [PRECIPITATION DATA]       SYMBOLS USED IN COLUMN 16

AVERAGE MONTHLY: 65.2   TOTAL FOR MONTH:   9.06    1 = FOG OR MIST
DPTR FM NORMAL:  -0.4   DPTR FM NORMAL:    5.91    2 = FOG REDUCING VISIBILITY
HIGHEST:    79 ON 19,14 GRTST 24HR  3.93 ON 17-18      TO 1/4 MILE OR LESS
LOWEST:     42 ON 16                               3 = THUNDER
                        SNOW, ICE PELLETS, HAIL    4 = ICE PELLETS
                        TOTAL MONTH:   0.0 INCH    5 = HAIL
                        GRTST 24HR     0.0         6 = FREEZING RAIN OR DRIZZLE
                        GRTST DEPTH:   0           7 = DUSTSTORM OR SANDSTORM:
                                                       VSBY 1/2 MILE OR LESS
                                                   8 = SMOKE OR HAZE
[NO. OF DAYS WITH]      [WEATHER - DAYS WITH]      9 = BLOWING SNOW
                                                   X = TORNADO
MAX 32 OR BELOW:   0    0.01 INCH OR MORE:   7
MAX 90 OR ABOVE:   0    0.10 INCH OR MORE:   6
MIN 32 OR BELOW:   0    0.50 INCH OR MORE:   6
MIN  0 OR BELOW:   0    1.00 INCH OR MORE:   3

[HDD (BASE 65) ]
TOTAL THIS MO.    41    CLEAR  (SCALE 0-3)   9
DPTR FM NORMAL    -4    PTCLDY (SCALE 4-7)   9
TOTAL FM JUL 1  1583    CLOUDY (SCALE 8-10)  3
DPTR FM NORMAL    54

[CDD (BASE 65) ]
TOTAL THIS MO.    49
DPTR FM NORMAL    -8    [PRESSURE DATA]
TOTAL FM JAN 1    70    HIGHEST SLP M ON M
DPTR FM NORMAL   -34    LOWEST  SLP 29.63 ON  7

[REMARKS]
