000
CXUS55 KPAH 280633
CF6POF
PRELIMINARY LOCAL CLIMATOLOGICAL DATA (WS FORM: F-6)

                                          STATION:   POPLAR BLUFF MO
                                          MONTH:     AUGUST
                                          YEAR:      2016
                                          LATITUDE:   36 46 N
                                          LONGITUDE:  90 19 W

  TEMPERATURE IN F:       :PCPN:    SNOW:  WIND      :SUNSHINE: SKY     :PK WND
================================================================================
1   2   3   4   5  6A  6B    7    8   9   10  11  12  13   14  15   16   17  18
                                     12Z  AVG MX 2MIN
DY MAX MIN AVG DEP HDD CDD  WTR  SNW DPTH SPD SPD DIR MIN PSBL S-S WX    SPD DR
================================================================================

 1  89  72  81   2   0  16 0.28  0.0    0  3.5 17 150   M    M   4 1      30 240
 2  90  75  83   4   0  18 0.00  0.0    0  2.2 10  90   M    M   0 1      14  60
 3  89  75  82   3   0  17    T  0.0    0  3.7 12 340   M    M   3 1      24  70
 4  93  73  83   4   0  18 0.00  0.0    0  1.3  8 180   M    M   1        12 170
 5  95  76  86   7   0  21 0.01  0.0    0  3.2 17  50   M    M   1 1      22  60
 6  87  74  81   2   0  16 0.73  0.0    0  3.4 22 320   M    M   8 18     29 320
 7  87  72  80   1   0  15 0.00  0.0    0  5.4 10  50   M    M   5        15  50
 8  88  70  79   0   0  14 0.00  0.0    0  2.9  7  30   M    M   2 1       9 250
 9  90  70  80   1   0  15 0.00  0.0    0  0.9  6  80   M    M   0 1       8  50
10  93  72  83   4   0  18 0.00  0.0    0  2.2  7 100   M    M   1 1      10 100
11  91  75  83   4   0  18 0.00  0.0    0  2.5  8 110   M    M   1 1      12  90
12  90  75  83   5   0  18 0.00  0.0    0  4.3 15 140   M    M   3        20 130
13  78  73  76  -2   0  11 2.03  0.0    M  4.3 13 200   M    M   9 1      17 180
14  79  70  75  -3   0  10 3.06  0.0    0  7.0 18  90   M    M   8 12     25  80
15  77  73  75  -3   0  10 0.90  0.0    0  8.4 21 230   M    M  10 1      29 210
16  77  71  74  -4   0   9 0.20  0.0    0  2.7  9 160   M    M   9 1      11 170
17  83  72  78   0   0  13 0.11  0.0    0  3.7  9 190   M    M   6 1      13 190
18  80  73  77  -1   0  12 0.00  0.0    0  4.9 15 220   M    M   6 1      20 220
19  84  73  79   1   0  14 1.11  0.0    0  5.5 12 140   M    M   8 1      16 140
20  84  73  79   1   0  14 0.43  0.0    0  6.1 16 220   M    M   6 1      23 210
21  83  64  74  -4   0   9 0.00  0.0    0  4.9 13 330   M    M   2        24  10
22  83  61  72  -5   0   7 0.00  0.0    0  2.5  8  80   M    M   1        16 360
23  84  67  76  -1   0  11    T  0.0    0  4.7 14 230   M    M   6 1      19 150
24  91  72  82   5   0  17 0.00  0.0    0  7.2 16 200   M    M   0 1      23 210
25  93  72  83   6   0  18 0.00  0.0    0  3.4  9 260   M    M   2 12     13 280
26  91  72  82   5   0  17 0.42  0.0    0  3.4 21 290   M    M   1 1      28 160
27  91  70  81   5   0  16 0.00  0.0    0  2.0  7 140   M    M   0        11 110
================================================================================
SM 2340 1935         0 392  9.28     0.0 106.2          M      103
================================================================================
AV 86.7 71.7                               3.9 FASTST   M    M   4    MAX(MPH)
                                 MISC ---->  # 22 320               # 30  240
================================================================================
NOTES:
# LAST OF SEVERAL OCCURRENCES

COLUMN 17 PEAK WIND IN M.P.H.

PRELIMINARY LOCAL CLIMATOLOGICAL DATA (WS FORM: F-6) , PAGE 2

                                          STATION:  POPLAR BLUFF MO
                                          MONTH:    AUGUST
                                          YEAR:     2016
                                          LATITUDE:   36 46 N
                                          LONGITUDE:  90 19 W

[TEMPERATURE DATA]      [PRECIPITATION DATA]       SYMBOLS USED IN COLUMN 16

AVERAGE MONTHLY: 79.2   TOTAL FOR MONTH:   9.28    1 = FOG OR MIST
DPTR FM NORMAL:   1.0   DPTR FM NORMAL:    6.29    2 = FOG REDUCING VISIBILITY
HIGHEST:    95 ON  5    GRTST 24HR  3.32 ON 14-15      TO 1/4 MILE OR LESS
LOWEST:     61 ON 22                               3 = THUNDER
                        SNOW, ICE PELLETS, HAIL    4 = ICE PELLETS
                        TOTAL MONTH:   0.0 INCH    5 = HAIL
                        GRTST 24HR     0.0         6 = FREEZING RAIN OR DRIZZLE
                        GRTST DEPTH:   0           7 = DUSTSTORM OR SANDSTORM:
                                                       VSBY 1/2 MILE OR LESS
                                                   8 = SMOKE OR HAZE
[NO. OF DAYS WITH]      [WEATHER - DAYS WITH]      9 = BLOWING SNOW
                                                   X = TORNADO
MAX 32 OR BELOW:   0    0.01 INCH OR MORE:  11
MAX 90 OR ABOVE:  11    0.10 INCH OR MORE:  10
MIN 32 OR BELOW:   0    0.50 INCH OR MORE:   5
MIN  0 OR BELOW:   0    1.00 INCH OR MORE:   3

[HDD (BASE 65) ]
TOTAL THIS MO.     0    CLEAR  (SCALE 0-3)  14
DPTR FM NORMAL     0    PTCLDY (SCALE 4-7)   8
TOTAL FM JUL 1     0    CLOUDY (SCALE 8-10)  5
DPTR FM NORMAL     0

[CDD (BASE 65) ]
TOTAL THIS MO.   392
DPTR FM NORMAL    36    [PRESSURE DATA]
TOTAL FM JAN 1  1427    HIGHEST SLP M ON M
DPTR FM NORMAL   122    LOWEST  SLP 29.70 ON 20

[REMARKS]
