545
CXUS55 KALY 290710
CF6POU
PRELIMINARY LOCAL CLIMATOLOGICAL DATA (WS FORM: F-6)

                                          STATION:   POUGHKEEPSIE NY
                                          MONTH:     APRIL
                                          YEAR:      2016
                                          LATITUDE:   41 37 N
                                          LONGITUDE:  73 53 W

  TEMPERATURE IN F:       :PCPN:    SNOW:  WIND      :SUNSHINE: SKY     :PK WND
================================================================================
1   2   3   4   5  6A  6B    7    8   9   10  11  12  13   14  15   16   17  18
                                     12Z  AVG MX 2MIN
DY MAX MIN AVG DEP HDD CDD  WTR  SNW DPTH SPD SPD DIR MIN PSBL S-S WX    SPD DR
================================================================================

 1  78  52  65  22   0   0 0.01    M    M  8.6 25  10   M    M   7        33  10
 2  58  40  49   6  16   0 0.18    M    M  4.9 17 230   M    M   8 1      25 230
 3  41  32  37  -7  28   0 0.21    M    M 12.6 29 290   M    M   6 1      45 300
 4  33  25  29 -15  36   0 0.29    M    M  7.4 17  10   M    M  10 1268   23  20
 5  41  21  31 -14  34   0 0.00    M    M  7.5 20  10   M    M   0        26  10
 6  47  19  33 -12  32   0 0.00    M    M  6.0 18 170   M    M   2        28 180
 7  63  41  52   7  13   0 0.29    M    M  7.7 21 170   M    M   7 8      32 160
 8  50  30  40  -6  25   0    T    M    M 11.2 24 280   M    M   8        30 290
 9  47  26  37  -9  28   0 0.00    M    M  6.7 20 330   M    M   7        27 360
10  51  23  37 -10  28   0 0.00    M    M  5.5 16 250   M    M   2        24 240
11  58  43  51   4  14   0 0.08    M    M  4.8 13 160   M    M  10 1      18 190
12  58  36  47  -1  18   0 0.37    M    M  7.0 22 310   M    M   5 18     30 320
13  57  28  43  -5  22   0 0.00    M    M  4.0 16  30   M    M   0        21  10
14  62  35  49   1  16   0 0.00    M    M  5.8 16 330   M    M   1        20 330
15  66  30  48  -1  17   0 0.00    M    M  3.6 13  20   M    M   0        16 230
16  68  34  51   2  14   0 0.00    M    M  3.6 15  30   M    M   0        18 350
17  78  34  56   7   9   0 0.00    M    M  0.7  9  10   M    M   0        12  10
18  80  40  60  10   5   0 0.00    M    M  1.8 10 360   M    M   0        13  20
19  69  45  57   7   8   0 0.00    M    M  9.7 24  10   M    M   3        33  10
20  66  40  53   3  12   0 0.00    M    M  6.5 23  30   M    M   0        28  30
21  78  35  57   6   8   0 0.00    M    M  4.7 18 240   M    M   1        26 230
22  81  56  69  18   0   4 0.09    M    M  3.9 17 270   M    M   6 1      22 280
23  66  50  58   6   7   0    T    M    M  9.6 22  10   M    M   3 1      30  30
24  66  41  54   2  11   0 0.00    M    M  5.5 16  20   M    M   1        22  30
25  70  49  60   8   5   0 0.00    M    M  3.3 13  20   M    M   7        16  30
26  53  45  49  -4  16   0 0.42    M    M  4.5 16 320   M    M  10 18     20 330
27  66  42  54   1  11   0 0.00    M    M  4.3 13 240   M    M   3        16 220
28  62  35  49  -4  16   0    T    M    M  3.6 14  10   M    M   3        19 350
================================================================================
SM 1713 1027       449   4  1.94    M    165.0          M      110
================================================================================
AV 61.2 36.7                               5.9 FASTST   M    M   4    MAX(MPH)
                                 MISC ---->  # 29 290               # 45  300
================================================================================
NOTES:
# LAST OF SEVERAL OCCURRENCES

COLUMN 17 PEAK WIND IN M.P.H.

PRELIMINARY LOCAL CLIMATOLOGICAL DATA (WS FORM: F-6) , PAGE 2

                                          STATION:  POUGHKEEPSIE NY
                                          MONTH:    APRIL
                                          YEAR:     2016
                                          LATITUDE:   41 37 N
                                          LONGITUDE:  73 53 W

[TEMPERATURE DATA]      [PRECIPITATION DATA]       SYMBOLS USED IN COLUMN 16

AVERAGE MONTHLY: 48.9   TOTAL FOR MONTH:   1.94    1 = FOG OR MIST
DPTR FM NORMAL:   0.6   DPTR FM NORMAL:   -1.58    2 = FOG REDUCING VISIBILITY
HIGHEST:    81 ON 22    GRTST 24HR  0.42 ON 25-26      TO 1/4 MILE OR LESS
LOWEST:     19 ON  6                               3 = THUNDER
                        SNOW, ICE PELLETS, HAIL    4 = ICE PELLETS
                        TOTAL MONTH:    M          5 = HAIL
                        GRTST 24HR    M  ON   M    6 = FREEZING RAIN OR DRIZZLE
                        GRTST DEPTH:  M  ON   M    7 = DUSTSTORM OR SANDSTORM:
                                                       VSBY 1/2 MILE OR LESS
                                                   8 = SMOKE OR HAZE
[NO. OF DAYS WITH]      [WEATHER - DAYS WITH]      9 = BLOWING SNOW
                                                   X = TORNADO
MAX 32 OR BELOW:   0    0.01 INCH OR MORE:   9
MAX 90 OR ABOVE:   0    0.10 INCH OR MORE:   6
MIN 32 OR BELOW:   9    0.50 INCH OR MORE:   0
MIN  0 OR BELOW:   0    1.00 INCH OR MORE:   0

[HDD (BASE 65) ]
TOTAL THIS MO.   449    CLEAR  (SCALE 0-3)  15
DPTR FM NORMAL   -21    PTCLDY (SCALE 4-7)  10
TOTAL FM JUL 1  4564    CLOUDY (SCALE 8-10)  3
DPTR FM NORMAL -1351

[CDD (BASE 65) ]
TOTAL THIS MO.     4
DPTR FM NORMAL     4    [PRESSURE DATA]
TOTAL FM JAN 1     4    HIGHEST SLP M ON M
DPTR FM NORMAL     4    LOWEST  SLP 29.24 ON  7

[REMARKS]
