000
CXUS55 KLOX 181655
CF6PRB
PRELIMINARY LOCAL CLIMATOLOGICAL DATA (WS FORM: F-6)

                                          STATION:   PASO ROBLES AIRPORT CA
                                          MONTH:     FEBRUARY
                                          YEAR:      2018
                                          LATITUDE:   35 40 N
                                          LONGITUDE: 120 38 W

  TEMPERATURE IN F:       :PCPN:    SNOW:  WIND      :SUNSHINE: SKY     :PK WND
================================================================================
1   2   3   4   5  6A  6B    7    8   9   10  11  12  13   14  15   16   17  18
                                     12Z  AVG MX 2MIN
DY MAX MIN AVG DEP HDD CDD  WTR  SNW DPTH SPD SPD DIR MIN PSBL S-S WX    SPD DR
================================================================================

 1  75  36  56   8   9   0 0.00  0.0    0  6.1 20 110   M    M   0 1      26 100
 2  78  39  59  11   6   0 0.00  0.0    0  3.8 15 100   M    M   0        18 100
 3  81  37  59  10   6   0 0.00  0.0    0  4.1 14 100   M    M   0 18     17 100
 4  80  38  59  10   6   0 0.00  0.0    0  3.2 12 100   M    M   0 18     13  90
 5  79  38  59  10   6   0 0.00  0.0    0  2.5 14  90   M    M   0 18     17  90
 6  77  40  59  10   6   0 0.00  0.0    0  5.1 16 100   M    M   0        20  90
 7  83  36  60  11   5   0 0.00  0.0    0  2.5  9 290   M    M   0        10 120
 8  83  35  59  10   6   0 0.00  0.0    0  4.3 15 120   M    M   0        17  60
 9  81  38  60  11   5   0 0.00  0.0    0  3.2 15 120   M    M   0        17 120
10  77  37  57   7   8   0 0.00  0.0    0  5.8 21 340   M    M   0        25 340
11  71  31  51   1  14   0 0.00  0.0    0  6.8 20 210   M    M   0        25 210
12  60  32  46  -4  19   0 0.00  0.0    0  4.0 16  20   M    M   3        20 340
13  64  30  47  -3  18   0    T    M    0  4.9 20 100   M    M   5        25  90
14  68  37  53   3  12   0 0.00  0.0    0  4.9 18 320   M    M   5        25 320
15  67  31  49  -1  16   0 0.00  0.0    0  6.8 21 320   M    M   0        27 320
16  71  28  50   0  15   0 0.00  0.0    0  4.6 16 100   M    M   0        19 130
17  75  28  52   2  13   0 0.00  0.0    0  4.1 16 210   M    M   0        21 280
================================================================================
SM 1270  591       170   0    T      0.0  76.9          M       13
================================================================================
AV 74.7 34.8                               4.5 FASTST   M    M   1    MAX(MPH)
                                 MISC ---->  # 21 340                 27    M
================================================================================
NOTES:
# LAST OF SEVERAL OCCURRENCES

COLUMN 17 PEAK WIND IN M.P.H.

PRELIMINARY LOCAL CLIMATOLOGICAL DATA (WS FORM: F-6) , PAGE 2

                                          STATION:  PASO ROBLES AIRPORT CA
                                          MONTH:    FEBRUARY
                                          YEAR:     2018
                                          LATITUDE:   35 40 N
                                          LONGITUDE: 120 38 W

[TEMPERATURE DATA]      [PRECIPITATION DATA]       SYMBOLS USED IN COLUMN 16

AVERAGE MONTHLY: 54.7   TOTAL FOR MONTH:      T    1 = FOG OR MIST
DPTR FM NORMAL:   5.4   DPTR FM NORMAL:   -1.51    2 = FOG REDUCING VISIBILITY
HIGHEST:    83 ON  8, 7 GRTST 24HR    T  ON 13-13      TO 1/4 MILE OR LESS
LOWEST:     28 ON 17,16                            3 = THUNDER
                        SNOW, ICE PELLETS, HAIL    4 = ICE PELLETS
                        TOTAL MONTH:   0.0 INCH    5 = HAIL
                        GRTST 24HR     0.0         6 = FREEZING RAIN OR DRIZZLE
                        GRTST DEPTH:   0           7 = DUSTSTORM OR SANDSTORM:
                                                       VSBY 1/2 MILE OR LESS
                                                   8 = SMOKE OR HAZE
[NO. OF DAYS WITH]      [WEATHER - DAYS WITH]      9 = BLOWING SNOW
                                                   X = TORNADO
MAX 32 OR BELOW:   0    0.01 INCH OR MORE:   0
MAX 90 OR ABOVE:   0    0.10 INCH OR MORE:   0
MIN 32 OR BELOW:   6    0.50 INCH OR MORE:   0
MIN  0 OR BELOW:   0    1.00 INCH OR MORE:   0

[HDD (BASE 65) ]
TOTAL THIS MO.   170    CLEAR  (SCALE 0-3)  15
DPTR FM NORMAL   -96    PTCLDY (SCALE 4-7)   2
TOTAL FM JUL 1  1450    CLOUDY (SCALE 8-10)  0
DPTR FM NORMAL  -492

[CDD (BASE 65) ]
TOTAL THIS MO.     0
DPTR FM NORMAL     0    [PRESSURE DATA]
TOTAL FM JAN 1     0    HIGHEST SLP M ON M
DPTR FM NORMAL     0    LOWEST  SLP 29.77 ON 12

[REMARKS]
