000
CXUS56 KFGZ 290900
CF6PRC
PRELIMINARY LOCAL CLIMATOLOGICAL DATA (WS FORM: F-6)

                                          STATION:   PRESCOTT AZ AIRPORT
                                          MONTH:     MAY
                                          YEAR:      2017
                                          LATITUDE:   34 39 N
                                          LONGITUDE: 112 26 W

  TEMPERATURE IN F:       :PCPN:    SNOW:  WIND      :SUNSHINE: SKY     :PK WND
================================================================================
1   2   3   4   5  6A  6B    7    8   9   10  11  12  13   14  15   16   17  18
                                     12Z  AVG MX 2MIN
DY MAX MIN AVG DEP HDD CDD  WTR  SNW DPTH SPD SPD DIR MIN PSBL S-S WX    SPD DR
================================================================================

 1  77  40  59   2   6   0 0.00    M    M  7.9 21 270   M    M   0        28 220
 2  80  44  62   5   3   0 0.00    M    M  8.3 20 250   M    M   0        25 280
 3  82  47  65   7   0   0 0.00    M    M  5.2 16 340   M    M   0        20 360
 4  86  46  66   8   0   1 0.00    M    M  6.5 16 240   M    M   0        20 260
 5  88  50  69  11   0   4 0.00    M    M  7.9 21 210   M    M   1        27 200
 6  77  55  66   7   0   1 0.00    M    M 14.6 30 200   M    M   1        41 160
 7  60  40  50  -9  15   0    T    M    M 12.7 32 160   M    M   4        43 150
 8  70  38  54  -5  11   0 0.00    M    M  6.6 23  30   M    M   5 3      31  90
 9  51  41  46 -14  19   0 0.40    M    M  7.0 21 150   M    M   7 1      26 140
10  58  37  48 -12  17   0 0.00    M    M  6.8 15 260   M    M   4        19 260
11  78  41  60   0   5   0 0.00  0.0    0  5.8 16 310   M    M   1        22 340
12  79  48  64   4   1   0 0.00  0.0    0  7.8 21 200   M    M   1        27 220
13  76  48  62   1   3   0 0.00  0.0    0 10.7 26 210   M    M   0        35 200
14  72  43  58  -3   7   0 0.00  0.0    0 11.3 23 200   M    M   0        33 190
15  67  46  57  -4   8   0 0.00  0.0    0 13.0 30 210   M    M   1        42 220
16  62  42  52 -10  13   0 0.00  0.0    0  9.0 20 170   M    M   2        27 180
17  66  44  55  -7  10   0    T    M    0 12.7 29 360   M    M   4        35 230
18  68  35  52 -10  13   0 0.00  0.0    0 10.5 32 340   M    M   2        42 350
19  70  34  52 -11  13   0 0.00  0.0    0  6.8 21 350   M    M   0        28 320
20  78  41  60  -3   5   0 0.00  0.0    0  5.4 18 310   M    M   0        21  10
21  83  44  64   1   1   0 0.00  0.0    0  4.5 15 330   M    M   1        22 360
22  85  48  67   4   0   2 0.00  0.0    0  7.7 20 340   M    M   1        26 360
23  88  48  68   4   0   3 0.00  0.0    0  5.4 18 360   M    M   0        25 360
24  89  51  70   6   0   5 0.00  0.0    0 10.0 26 230   M    M   0 8      36 240
25  83  56  70   6   0   5 0.00  0.0    0 11.1 24 230   M    M   0        36 250
26  77  51  64  -1   1   0 0.00  0.0    0 10.0 22 140   M    M   0        29 140
27  81  48  65   0   0   0 0.00  0.0    0  6.2 17 260   M    M   0        23 260
28  85  48  67   2   0   2 0.00  0.0    0  6.1 17 130   M    M   0        23 130
================================================================================
SM 2116 1254       151  23  0.40     0.0 237.5          M       35
================================================================================
AV 75.6 44.8                               8.5 FASTST   M    M   1    MAX(MPH)
                                 MISC ---->  # 32 160               # 43  150
================================================================================
NOTES:
# LAST OF SEVERAL OCCURRENCES

COLUMN 17 PEAK WIND IN M.P.H.

PRELIMINARY LOCAL CLIMATOLOGICAL DATA (WS FORM: F-6) , PAGE 2

                                          STATION:  PRESCOTT AZ AIRPORT
                                          MONTH:    MAY
                                          YEAR:     2017
                                          LATITUDE:   34 39 N
                                          LONGITUDE: 112 26 W

[TEMPERATURE DATA]      [PRECIPITATION DATA]       SYMBOLS USED IN COLUMN 16

AVERAGE MONTHLY: 60.2   TOTAL FOR MONTH:   0.40    1 = FOG OR MIST
DPTR FM NORMAL:  -1.0   DPTR FM NORMAL:   -0.02    2 = FOG REDUCING VISIBILITY
HIGHEST:    89 ON 24    GRTST 24HR  0.40 ON  9- 9      TO 1/4 MILE OR LESS
LOWEST:     34 ON 19                               3 = THUNDER
                        SNOW, ICE PELLETS, HAIL    4 = ICE PELLETS
                        TOTAL MONTH:   0.0 INCH    5 = HAIL
                        GRTST 24HR     0.0         6 = FREEZING RAIN OR DRIZZLE
                        GRTST DEPTH:   0           7 = DUSTSTORM OR SANDSTORM:
                                                       VSBY 1/2 MILE OR LESS
                                                   8 = SMOKE OR HAZE
[NO. OF DAYS WITH]      [WEATHER - DAYS WITH]      9 = BLOWING SNOW
                                                   X = TORNADO
MAX 32 OR BELOW:   0    0.01 INCH OR MORE:   1
MAX 90 OR ABOVE:   0    0.10 INCH OR MORE:   1
MIN 32 OR BELOW:   0    0.50 INCH OR MORE:   0
MIN  0 OR BELOW:   0    1.00 INCH OR MORE:   0

[HDD (BASE 65) ]
TOTAL THIS MO.   151    CLEAR  (SCALE 0-3)  23
DPTR FM NORMAL    13    PTCLDY (SCALE 4-7)   5
TOTAL FM JUL 1  3537    CLOUDY (SCALE 8-10)  0
DPTR FM NORMAL  -720

[CDD (BASE 65) ]
TOTAL THIS MO.    23
DPTR FM NORMAL    -9    [PRESSURE DATA]
TOTAL FM JAN 1    23    HIGHEST SLP M ON M
DPTR FM NORMAL   -11    LOWEST  SLP 29.57 ON  6

[REMARKS]
