027
CXUS56 KFGZ 240900
CF6PRC
PRELIMINARY LOCAL CLIMATOLOGICAL DATA (WS FORM: F-6)

                                          STATION:   PRESCOTT AZ AIRPORT
                                          MONTH:     MAY
                                          YEAR:      2016
                                          LATITUDE:   34 39 N
                                          LONGITUDE: 112 26 W

  TEMPERATURE IN F:       :PCPN:    SNOW:  WIND      :SUNSHINE: SKY     :PK WND
================================================================================
1   2   3   4   5  6A  6B    7    8   9   10  11  12  13   14  15   16   17  18
                                     12Z  AVG MX 2MIN
DY MAX MIN AVG DEP HDD CDD  WTR  SNW DPTH SPD SPD DIR MIN PSBL S-S WX    SPD DR
================================================================================

 1  58  40  49  -8  16   0 0.01    M    M  4.1 15 360   M    M   8        17 360
 2  67  37  52  -5  13   0    T    M    M  4.9 26  10   M    M   3        33 360
 3  75  38  57  -1   8   0 0.00    M    M  4.4 15 130   M    M   0        21 150
 4  82  46  64   6   1   0 0.00    M    M  9.9 26 150   M    M   0        34 160
 5  77  50  64   6   1   0 0.00    M    M 12.0 29 140   M    M   0        41 160
 6  63  41  52  -7  13   0 0.08    M    M 12.1 26 220   M    M   5 1      34 140
 7  58  43  51  -8  14   0    T    M    M  7.6 17 240   M    M   7        22 230
 8  55  39  47 -12  18   0 0.35    M    M  5.8 15 340   M    M   6 1      20 250
 9  70  42  56  -4   9   0 0.00    M    M  8.3 17 240   M    M   1        23 250
10  74  45  60   0   5   0 0.00    M    M  7.2 17 230   M    M   0        23 240
11  81  46  64   4   1   0 0.00    M    M  4.5 15 110   M    M   1        24 340
12  86  47  67   7   0   2 0.00    M    M  5.8 14 270   M    M   0        21 110
13  86  50  68   7   0   3 0.00    M    M  8.1 17 200   M    M   0        26 230
14  83  55  69   8   0   4 0.00    M    M  8.5 21 220   M    M   1        30 170
15  76  51  64   3   1   0 0.00  0.0    0 11.2 28 240   M    M   1        35 240
16  74  51  63   1   2   0 0.00  0.0    0  9.0 22 250   M    M   3        29 260
17  69  48  59  -3   6   0 0.04    M    0  6.7 28 320   M    M   5 3      31 320
18  69  49  59  -3   6   0    T    M    0  4.5 24 280   M    M   6        29 290
19  77  44  61  -2   4   0 0.00    M    M  6.7 21 240   M    M   2        26 230
20  78  54  66   3   0   1 0.00    M    M 14.9 29 200   M    M   1        42 200
21  70  52  61  -2   4   0 0.00    M    M 16.1 29 210   M    M   1        38 190
22  72  47  60  -3   5   0 0.00    M    M  9.1 23 240   M    M   0        39 250
23  72  41  57  -7   8   0 0.00    M    M  9.0 21 180   M    M   0        26 180
================================================================================
SM 1672 1056       135  10  0.48     0.0 190.4          M       51
================================================================================
AV 72.7 45.9                               8.3 FASTST   M    M   2    MAX(MPH)
                                 MISC ---->  # 29 140               # 42  200
================================================================================
NOTES:
# LAST OF SEVERAL OCCURRENCES

COLUMN 17 PEAK WIND IN M.P.H.

PRELIMINARY LOCAL CLIMATOLOGICAL DATA (WS FORM: F-6) , PAGE 2

                                          STATION:  PRESCOTT AZ AIRPORT
                                          MONTH:    MAY
                                          YEAR:     2016
                                          LATITUDE:   34 39 N
                                          LONGITUDE: 112 26 W

[TEMPERATURE DATA]      [PRECIPITATION DATA]       SYMBOLS USED IN COLUMN 16

AVERAGE MONTHLY: 59.3   TOTAL FOR MONTH:   0.48    1 = FOG OR MIST
DPTR FM NORMAL:  -1.1   DPTR FM NORMAL:    0.14    2 = FOG REDUCING VISIBILITY
HIGHEST:    86 ON 13,12 GRTST 24HR  0.40 ON 30- 1      TO 1/4 MILE OR LESS
LOWEST:     37 ON  2                               3 = THUNDER
                        SNOW, ICE PELLETS, HAIL    4 = ICE PELLETS
                        TOTAL MONTH:   0.0 INCH    5 = HAIL
                        GRTST 24HR     0.0         6 = FREEZING RAIN OR DRIZZLE
                        GRTST DEPTH:   0           7 = DUSTSTORM OR SANDSTORM:
                                                       VSBY 1/2 MILE OR LESS
                                                   8 = SMOKE OR HAZE
[NO. OF DAYS WITH]      [WEATHER - DAYS WITH]      9 = BLOWING SNOW
                                                   X = TORNADO
MAX 32 OR BELOW:   0    0.01 INCH OR MORE:   4
MAX 90 OR ABOVE:   0    0.10 INCH OR MORE:   1
MIN 32 OR BELOW:   0    0.50 INCH OR MORE:   0
MIN  0 OR BELOW:   0    1.00 INCH OR MORE:   0

[HDD (BASE 65) ]
TOTAL THIS MO.   135    CLEAR  (SCALE 0-3)  16
DPTR FM NORMAL    10    PTCLDY (SCALE 4-7)   7
TOTAL FM JUL 1  3778    CLOUDY (SCALE 8-10)  0
DPTR FM NORMAL  -466

[CDD (BASE 65) ]
TOTAL THIS MO.    10
DPTR FM NORMAL   -11    [PRESSURE DATA]
TOTAL FM JAN 1    10    HIGHEST SLP M ON M
DPTR FM NORMAL   -13    LOWEST  SLP 29.69 ON M

[REMARKS]
