000
CXUS55 KALY 310710
CF6PSF
PRELIMINARY LOCAL CLIMATOLOGICAL DATA (WS FORM: F-6)

                                          STATION:   PITTSFIELD MA
                                          MONTH:     AUGUST
                                          YEAR:      2016
                                          LATITUDE:   42 25 N
                                          LONGITUDE:  73 18 W

  TEMPERATURE IN F:       :PCPN:    SNOW:  WIND      :SUNSHINE: SKY     :PK WND
================================================================================
1   2   3   4   5  6A  6B    7    8   9   10  11  12  13   14  15   16   17  18
                                     12Z  AVG MX 2MIN
DY MAX MIN AVG DEP HDD CDD  WTR  SNW DPTH SPD SPD DIR MIN PSBL S-S WX    SPD DR
================================================================================

 1  72  63  68   0   0   3 0.16    M    M  4.6 10 110   M    M  10 1      15 110
 2  74  56  65  -3   0   0 0.51    M    M  2.9 10 300   M    M   5 1      14  90
 3  79  51  65  -3   0   0 0.00    M    M  2.4 10 160   M    M   4 12     14 150
 4  81  52  67  -1   0   2 0.00    M    M  2.1 10 250   M    M   0 12     13 260
 5  82  55  69   1   0   4 0.00    M    M  5.5 15 230   M    M   0 12     23 210
 6  81  63  72   4   0   7 0.08    M    M  8.3 16 280   M    M   5        22 280
 7  80  56  68   0   0   3 0.00    M    M  6.9 20 290   M    M   2 12     24 280
 8  79  53  66  -2   0   1 0.00    M    M  3.0 13 280   M    M   1        16 290
 9  82  51  67   0   0   2 0.00    M    M  2.7 14 250   M    M   1 1      18 240
10  81  64  73   6   0   8 0.33    M    M  4.7 14 210   M    M   7 1      20 230
11  88  67  78  11   0  13 0.00    M    M  3.3 15 210   M    M   5 12     22 220
12  87  70  79  12   0  14 0.29    M    M  5.3 25 300   M    M   4 13     40 290
13  90  68  79  12   0  14 0.19    M    M  4.1 22 300   M    M   4 123    31 310
14  86  69  78  11   0  13 0.01    M    M  6.6 18 250   M    M   5 13     24 240
15  80  64  72   5   0   7 0.00    M    M  4.3 14 270   M    M   1        20 250
16  81  62  72   5   0   7 0.26    M    M  7.2 22 190   M    M   5 1      33 200
17  76  60  68   1   0   3    T    M    M  9.6 23 260   M    M   5        33 250
18  82  59  71   4   0   6 0.00    M    M  4.0 14 250   M    M   3 12     18 260
19  81  56  69   3   0   4 0.00    M    M  3.1 13 300   M    M   3 12     16 300
20  83  51  67   1   0   2 0.00    M    M  5.0 16 140   M    M   1 1      22 120
21  80  62  71   5   0   6 0.78    M    M  7.9 21 150   M    M   7 1      31 150
22  67  50  59  -7   6   0 0.00    M    M  9.1 21 280   M    M   7        27 270
23  74  45  60  -6   5   0 0.00    M    M  3.7 13 250   M    M   1 12     18 260
24  80  51  66   0   0   1 0.00    M    M  3.0 12 180   M    M   2 12     17 170
25  81  56  69   3   0   4    T    M    M  5.8 15 200   M    M   3 1      23 240
26  83  62  73   8   0   8 0.01    M    M  6.8 16 280   M    M   4 1      21 280
27  83  56  70   5   0   5 0.00    M    M  2.1 10 280   M    M   0 1      14 290
28  83  57  70   5   0   5 0.00    M    M  5.3 15 240   M    M   0 1      22 210
29  80  55  68   4   0   3 0.00    M    M  6.2 17 290   M    M   4        25 320
30  77  49  63  -1   2   0 0.00    M    M  2.7 13 250   M    M   0 1      17 250
================================================================================
SM 2413 1733        13 145  2.62    M    148.2          M       99
================================================================================
AV 80.4 57.8                               4.9 FASTST   M    M   3    MAX(MPH)
                                 MISC ---->  # 25 300               # 40  290
================================================================================
NOTES:
# LAST OF SEVERAL OCCURRENCES

COLUMN 17 PEAK WIND IN M.P.H.

PRELIMINARY LOCAL CLIMATOLOGICAL DATA (WS FORM: F-6) , PAGE 2

                                          STATION:  PITTSFIELD MA
                                          MONTH:    AUGUST
                                          YEAR:     2016
                                          LATITUDE:   42 25 N
                                          LONGITUDE:  73 18 W

[TEMPERATURE DATA]      [PRECIPITATION DATA]       SYMBOLS USED IN COLUMN 16

AVERAGE MONTHLY: 69.1   TOTAL FOR MONTH:   2.62    1 = FOG OR MIST
DPTR FM NORMAL:   2.5   DPTR FM NORMAL:   -1.35    2 = FOG REDUCING VISIBILITY
HIGHEST:    90 ON 13    GRTST 24HR  1.63 ON 31- 1      TO 1/4 MILE OR LESS
LOWEST:     45 ON 23                               3 = THUNDER
                        SNOW, ICE PELLETS, HAIL    4 = ICE PELLETS
                        TOTAL MONTH:    M          5 = HAIL
                        GRTST 24HR    M  ON   M    6 = FREEZING RAIN OR DRIZZLE
                        GRTST DEPTH:  M  ON   M    7 = DUSTSTORM OR SANDSTORM:
                                                       VSBY 1/2 MILE OR LESS
                                                   8 = SMOKE OR HAZE
[NO. OF DAYS WITH]      [WEATHER - DAYS WITH]      9 = BLOWING SNOW
                                                   X = TORNADO
MAX 32 OR BELOW:   0    0.01 INCH OR MORE:  10
MAX 90 OR ABOVE:   1    0.10 INCH OR MORE:   7
MIN 32 OR BELOW:   0    0.50 INCH OR MORE:   2
MIN  0 OR BELOW:   0    1.00 INCH OR MORE:   0

[HDD (BASE 65) ]
TOTAL THIS MO.    13    CLEAR  (SCALE 0-3)  12
DPTR FM NORMAL   -27    PTCLDY (SCALE 4-7)  17
TOTAL FM JUL 1    24    CLOUDY (SCALE 8-10)  1
DPTR FM NORMAL   -47

[CDD (BASE 65) ]
TOTAL THIS MO.   145
DPTR FM NORMAL    51    [PRESSURE DATA]
TOTAL FM JAN 1   380    HIGHEST SLP M ON M
DPTR FM NORMAL   109    LOWEST  SLP 29.68 ON  6

[REMARKS]
