000
CXUS56 KSGX 261445
CF6PSP
PRELIMINARY LOCAL CLIMATOLOGICAL DATA (WS FORM: F-6)

                                          STATION:   PALM SPRINGS INTL AIRPORT CA
                                          MONTH:     NOVEMBER
                                          YEAR:      2014
                                          LATITUDE:   33 49 N
                                          LONGITUDE: 116 30 W

  TEMPERATURE IN F:       :PCPN:    SNOW:  WIND      :SUNSHINE: SKY     :PK WND
================================================================================
1   2   3   4   5  6A  6B    7    8   9   10  11  12  13   14  15   16   17  18
                                     12Z  AVG MX 2MIN
DY MAX MIN AVG DEP HDD CDD  WTR  SNW DPTH SPD SPD DIR MIN PSBL S-S WX    SPD DR
================================================================================

 1  69  54  62  -8   3   0 0.00  0.0    0  9.6 26 340   M    M   6        30 320
 2  76  47  62  -8   3   0 0.00  0.0    0  5.2 15 320   M    M   1        20 310
 3  78  50  64  -6   1   0 0.00  0.0    0  6.1 15  40   M    M   0        19 350
 4  82  59  71   2   0   6 0.00  0.0    0  6.8 18 350   M    M   0        24 340
 5  90  59  75   6   0  10 0.00  0.0    0  5.9 13 350   M    M   0        16 330
 6  89  60  75   7   0  10 0.00  0.0    0  5.5 12 340   M    M   0        14 320
 7  89  60  75   7   0  10 0.00  0.0    0  6.3 10 330   M    M   0        13 320
 8  91  63  77   9   0  12 0.00  0.0    0  5.1 10 330   M    M   0        12 290
 9  90  59  75   8   0  10 0.00  0.0    0  4.5 12 110   M    M   0        14 110
10  84  59  72   5   0   7 0.00  0.0    0  4.1 13 310   M    M   0        16 310
11  73  52  63  -3   2   0 0.00  0.0    0  8.1 21 310   M    M   1        27 320
12  74  56  65  -1   0   0 0.00  0.0    0  7.1 16 330   M    M   1        20 320
13  72  52  62  -4   3   0 0.00  0.0    0  4.3 15 330   M    M   2        19 330
14  75  56  66   1   0   1 0.00  0.0    0  3.3 14 310   M    M   2        18 320
15  76  53  65   0   0   0 0.00  0.0    0  3.1 16 120   M    M   0        21 120
16  71  59  65   1   0   0 0.00  0.0    0 10.4 23 330   M    M   1 8      31 300
17  77  56  67   3   0   2 0.00  0.0    0  4.1 12 260   M    M   1        16 250
18  76  51  64   1   1   0 0.00  0.0    0  5.5 12  90   M    M   3        15 100
19  75  50  63   0   2   0 0.00  0.0    0  3.6 10 340   M    M   2        12 120
20  77  51  64   2   1   0 0.00  0.0    0  4.6 13 330   M    M   1        17 330
21  72  54  63   1   2   0 0.07  0.0    0  3.1 16 310   M    M   2        20 310
22  78  48  63   1   2   0 0.00  0.0    0  4.2 13 330   M    M   1        16 330
23  77  53  65   4   0   0 0.00  0.0    0  6.8 23  10   M    M   0        30 330
24  80  50  65   4   0   0 0.00  0.0    0  6.4 21  10   M    M   1        24  20
25  74  50  62   2   3   0 0.00  0.0    0  5.5 10 320   M    M   0        14 300
================================================================================
SM 1965 1361        23  68  0.07     0.0 139.2          M       25
================================================================================
AV 78.6 54.4                               5.6 FASTST   M    M   1    MAX(MPH)
                                 MISC ---->  # 26 340               # 31  300
================================================================================
NOTES:
# LAST OF SEVERAL OCCURRENCES

COLUMN 17 PEAK WIND IN M.P.H.

PRELIMINARY LOCAL CLIMATOLOGICAL DATA (WS FORM: F-6) , PAGE 2

                                          STATION:  PALM SPRINGS INTL AIRPORT CA
                                          MONTH:    NOVEMBER
                                          YEAR:     2014
                                          LATITUDE:   33 49 N
                                          LONGITUDE: 116 30 W

[TEMPERATURE DATA]      [PRECIPITATION DATA]       SYMBOLS USED IN COLUMN 16

AVERAGE MONTHLY: 66.5   TOTAL FOR MONTH:   0.07    1 = FOG OR MIST
DPTR FM NORMAL:   1.1   DPTR FM NORMAL:   -0.34    2 = FOG REDUCING VISIBILITY
HIGHEST:    91 ON  8    GRTST 24HR  0.07 ON 21-21      TO 1/4 MILE OR LESS
LOWEST:     47 ON  2                               3 = THUNDER
                        SNOW, ICE PELLETS, HAIL    4 = ICE PELLETS
                        TOTAL MONTH:   0.0 INCH    5 = HAIL
                        GRTST 24HR     0.0         6 = FREEZING RAIN OR DRIZZLE
                        GRTST DEPTH:   0           7 = DUSTSTORM OR SANDSTORM:
                                                       VSBY 1/2 MILE OR LESS
                                                   8 = SMOKE OR HAZE
[NO. OF DAYS WITH]      [WEATHER - DAYS WITH]      9 = BLOWING SNOW
                                                   X = TORNADO
MAX 32 OR BELOW:   0    0.01 INCH OR MORE:   1
MAX 90 OR ABOVE:   3    0.10 INCH OR MORE:   0
MIN 32 OR BELOW:   0    0.50 INCH OR MORE:   0
MIN  0 OR BELOW:   0    1.00 INCH OR MORE:   0

[HDD (BASE 65) ]
TOTAL THIS MO.    23    CLEAR  (SCALE 0-3)  24
DPTR FM NORMAL   -38    PTCLDY (SCALE 4-7)   1
TOTAL FM JUL 1    23    CLOUDY (SCALE 8-10)  0
DPTR FM NORMAL   -42

[CDD (BASE 65) ]
TOTAL THIS MO.    68
DPTR FM NORMAL    -5    [PRESSURE DATA]
TOTAL FM JAN 1  4920    HIGHEST SLP M ON M
DPTR FM NORMAL   785    LOWEST  SLP 29.80 ON  9

[REMARKS]
