000
CXUS54 KFWD 170730
CF6PWG
PRELIMINARY LOCAL CLIMATOLOGICAL DATA (WS FORM: F-6)

                                          STATION:   WACO MCGREGOR
                                          MONTH:     AUGUST
                                          YEAR:      2017
                                          LATITUDE:   31 28 N
                                          LONGITUDE:  97 19 W

  TEMPERATURE IN F:       :PCPN:    SNOW:  WIND      :SUNSHINE: SKY     :PK WND
================================================================================
1   2   3   4   5  6A  6B    7    8   9   10  11  12  13   14  15   16   17  18
                                     12Z  AVG MX 2MIN
DY MAX MIN AVG DEP HDD CDD  WTR  SNW DPTH SPD SPD DIR MIN PSBL S-S WX    SPD DR
================================================================================

 1  95  70  83  -1   0  18 0.00  0.0    0  4.3 10  30   M    M   1         M  M
 2  82  72  77  -7   0  12 1.45  0.0    0  6.0 12  20   M    M   5 1       M  M
 3  90  74  82  -2   0  17 0.11  0.0    0  4.1  9  60   M    M   4 1       M  M
 4  94  72  83  -1   0  18 0.00  0.0    0  3.1  8 100   M    M   0 3       M  M
 5  98  73  86   2   0  21 0.00  0.0    0 10.1 17 160   M    M   1        22 160
 6 100  72  86   2   0  21 0.16  0.0    0 13.7 18 170   M    M   1 3      24 190
 7  84  72  78  -6   0  13 0.26  0.0    0  4.4  9 190   M    M   4         M  M
 8  89  74  82  -2   0  17 0.05  0.0    0  8.4 14  50   M    M   4 1      18  30
 9  90  71  81  -3   0  16 0.00  0.0    0  7.0 12  90   M    M   2        17  90
10  98  72  85   1   0  20 0.00  0.0    0  4.9 10 170   M    M   2 13      M  M
11 101  75  88   4   0  23 0.00  0.0    M  6.1 10 260   M    M   0         M  M
12 101  77  89   5   0  24 0.00  0.0    0  8.6 14 170   M    M   0        16 200
13  99  79  89   5   0  24 0.00  0.0    0  9.4 16 130   M    M   0        22 180
14  99  78  89   5   0  24 0.05  0.0    0 11.2 15 180   M    M   1        21 200
15 100  82  91   7   0  26 0.00  0.0    0 13.3 18 170   M    M   0        25 190
16 100  78  89   5   0  24 0.00  0.0    0 14.0 23 180   M    M   1        29 170
================================================================================
SM 1520 1191         0 318  2.08     0.0 128.6          M       26
================================================================================
AV 95.0 74.4                               8.0 FASTST   M    M   2    MAX(MPH)
                                 MISC ---->  # 23 180                 29    M
================================================================================
NOTES:
# LAST OF SEVERAL OCCURRENCES

COLUMN 17 PEAK WIND IN M.P.H.

PRELIMINARY LOCAL CLIMATOLOGICAL DATA (WS FORM: F-6) , PAGE 2

                                          STATION:  WACO MCGREGOR
                                          MONTH:    AUGUST
                                          YEAR:     2017
                                          LATITUDE:   31 28 N
                                          LONGITUDE:  97 19 W

[TEMPERATURE DATA]      [PRECIPITATION DATA]       SYMBOLS USED IN COLUMN 16

AVERAGE MONTHLY: 84.7   TOTAL FOR MONTH:   2.08    1 = FOG OR MIST
DPTR FM NORMAL:   0.7   DPTR FM NORMAL:    0.95    2 = FOG REDUCING VISIBILITY
HIGHEST:   101 ON 12,11 GRTST 24HR  1.45 ON  2- 2      TO 1/4 MILE OR LESS
LOWEST:     70 ON  1                               3 = THUNDER
                        SNOW, ICE PELLETS, HAIL    4 = ICE PELLETS
                        TOTAL MONTH:   0.0 INCH    5 = HAIL
                        GRTST 24HR     0.0         6 = FREEZING RAIN OR DRIZZLE
                        GRTST DEPTH:   0           7 = DUSTSTORM OR SANDSTORM:
                                                       VSBY 1/2 MILE OR LESS
                                                   8 = SMOKE OR HAZE
[NO. OF DAYS WITH]      [WEATHER - DAYS WITH]      9 = BLOWING SNOW
                                                   X = TORNADO
MAX 32 OR BELOW:   0    0.01 INCH OR MORE:   6
MAX 90 OR ABOVE:  13    0.10 INCH OR MORE:   4
MIN 32 OR BELOW:   0    0.50 INCH OR MORE:   1
MIN  0 OR BELOW:   0    1.00 INCH OR MORE:   1

[HDD (BASE 65) ]
TOTAL THIS MO.     0    CLEAR  (SCALE 0-3)  12
DPTR FM NORMAL     0    PTCLDY (SCALE 4-7)   4
TOTAL FM JUL 1     0    CLOUDY (SCALE 8-10)  0
DPTR FM NORMAL     0

[CDD (BASE 65) ]
TOTAL THIS MO.   318
DPTR FM NORMAL    14    [PRESSURE DATA]
TOTAL FM JAN 1  2086    HIGHEST SLP M ON M
DPTR FM NORMAL   423    LOWEST  SLP M ON M

[REMARKS]
