000
CXUS53 KMKX 240717
CF6RAC
PRELIMINARY LOCAL CLIMATOLOGICAL DATA (WS FORM: F-6)

                                          STATION:   RACINE WI
                                          MONTH:     JUNE
                                          YEAR:      2017
                                          LATITUDE:   42 45 N
                                          LONGITUDE:  87 49 W

  TEMPERATURE IN F:       :PCPN:    SNOW:  WIND      :SUNSHINE: SKY     :PK WND
================================================================================
1   2   3   4   5  6A  6B    7    8   9   10  11  12  13   14  15   16   17  18
                                     12Z  AVG MX 2MIN
DY MAX MIN AVG DEP HDD CDD  WTR  SNW DPTH SPD SPD DIR MIN PSBL S-S WX    SPD DR
================================================================================

 1  71  47  59  -1   6   0 0.00  0.0    0  6.4 14 160   M    M   0        17 160
 2  80  54  67   6   0   2 0.00  0.0    0  7.3 14 150   M    M   0        17 160
 3  79  61  70   9   0   5 0.46  0.0    0  7.2 20  10   M    M   2 13     25  20
 4  88  64  76  14   0  11 0.25  0.0    0  7.6 18 230   M    M   1 3      27 220
 5  68  54  61  -1   4   0 0.00  0.0    0 15.4 26  10   M    M   1 1      35  20
 6  68  52  60  -2   5   0 0.00    M    M 13.6 18  10   M    M   0        25  10
 7  74  49  62  -1   3   0 0.00    M    M  3.1  9  40   M    M   1        12  30
 8  78  50  64   1   1   0    T    M    M  6.3 15 170   M    M   1        19 180
 9  77  57  67   3   0   2 0.00  0.0    0  5.9 14  40   M    M   2        16  40
10  89  59  74  10   0   9 0.00  0.0    0 14.1 28 210   M    M   1        40 210
11  88  73  81  17   0  16 0.00  0.0    0 12.6 20 230   M    M   0        28 220
12  90  66  78  13   0  13    T  0.0    0 11.0 36 310   M    M   1        43 320
13  77  58  68   3   0   3 0.00  0.0    0  5.2 16 320   M    M   2 1      20 330
14  82  60  71   5   0   6 0.11  0.0    0  7.9 18 160   M    M   2 13     24 140
15  90  67  79  13   0  14 0.05  0.0    0  6.9 15 300   M    M   3 13     23 290
16  84  69  77  11   0  12 0.05  0.0    0  9.4 21 250   M    M   1        30 260
17  85  65  75   8   0  10 1.64  0.0    0  6.2 20 220   M    M   6 13     27 220
18  78  62  70   3   0   5 0.01  0.0    0  9.6 21 280   M    M   6 1      28 280
19  77  58  68   1   0   3 0.17  0.0    0  7.2 31 310   M    M   3 13     44 310
20  73  57  65  -3   0   0 0.20  0.0    0  6.9 23 360   M    M   2 13     29 360
21  73  55  64  -4   1   0 0.00  0.0    0  6.6 14 180   M    M   1        17 170
22  88  66  77   9   0  12    T  0.0    0  9.0 22 230   M    M   2 13     29 230
23  81  62  72   3   0   7 0.91    M    M  8.2 20 330   M    M   4 13     26 260
================================================================================
SM 1838 1365        20 130  3.85     0.0 193.6          M       42
================================================================================
AV 79.9 59.4                               8.4 FASTST   M    M   2    MAX(MPH)
                                 MISC ---->  # 36 310               # 44  310
================================================================================
NOTES:
# LAST OF SEVERAL OCCURRENCES

COLUMN 17 PEAK WIND IN M.P.H.

PRELIMINARY LOCAL CLIMATOLOGICAL DATA (WS FORM: F-6) , PAGE 2

                                          STATION:  RACINE WI
                                          MONTH:    JUNE
                                          YEAR:     2017
                                          LATITUDE:   42 45 N
                                          LONGITUDE:  87 49 W

[TEMPERATURE DATA]      [PRECIPITATION DATA]       SYMBOLS USED IN COLUMN 16

AVERAGE MONTHLY: 69.6   TOTAL FOR MONTH:   3.85    1 = FOG OR MIST
DPTR FM NORMAL:   4.9   DPTR FM NORMAL:    0.72    2 = FOG REDUCING VISIBILITY
HIGHEST:    90 ON 15,12 GRTST 24HR  1.64 ON 17-17      TO 1/4 MILE OR LESS
LOWEST:     47 ON  1                               3 = THUNDER
                        SNOW, ICE PELLETS, HAIL    4 = ICE PELLETS
                        TOTAL MONTH:   0.0 INCH    5 = HAIL
                        GRTST 24HR     0.0         6 = FREEZING RAIN OR DRIZZLE
                        GRTST DEPTH:   0           7 = DUSTSTORM OR SANDSTORM:
                                                       VSBY 1/2 MILE OR LESS
                                                   8 = SMOKE OR HAZE
[NO. OF DAYS WITH]      [WEATHER - DAYS WITH]      9 = BLOWING SNOW
                                                   X = TORNADO
MAX 32 OR BELOW:   0    0.01 INCH OR MORE:  10
MAX 90 OR ABOVE:   2    0.10 INCH OR MORE:   7
MIN 32 OR BELOW:   0    0.50 INCH OR MORE:   2
MIN  0 OR BELOW:   0    1.00 INCH OR MORE:   1

[HDD (BASE 65) ]
TOTAL THIS MO.    20    CLEAR  (SCALE 0-3)  20
DPTR FM NORMAL   -55    PTCLDY (SCALE 4-7)   3
TOTAL FM JUL 1  5810    CLOUDY (SCALE 8-10)  0
DPTR FM NORMAL -1079

[CDD (BASE 65) ]
TOTAL THIS MO.   130
DPTR FM NORMAL    63    [PRESSURE DATA]
TOTAL FM JAN 1   145    HIGHEST SLP M ON M
DPTR FM NORMAL    62    LOWEST  SLP 29.48 ON 18

[REMARKS]
