511
CXUS56 KSGX 161445
CF6RAL
PRELIMINARY LOCAL CLIMATOLOGICAL DATA (WS FORM: F-6)

                                          STATION:   RIVERSIDE MUNI AIRPORT CA
                                          MONTH:     AUGUST
                                          YEAR:      2017
                                          LATITUDE:   33 57 N
                                          LONGITUDE: 117 27 W

  TEMPERATURE IN F:       :PCPN:    SNOW:  WIND      :SUNSHINE: SKY     :PK WND
================================================================================
1   2   3   4   5  6A  6B    7    8   9   10  11  12  13   14  15   16   17  18
                                     12Z  AVG MX 2MIN
DY MAX MIN AVG DEP HDD CDD  WTR  SNW DPTH SPD SPD DIR MIN PSBL S-S WX    SPD DR
================================================================================

 1 105  71  88   8   0  23 0.04  0.0    0  5.8 28 170   M    M   2 13     35 150
 2  97  74  86   6   0  21 0.00  0.0    0  3.1 14 270   M    M   3        17 270
 3 102  75  89   9   0  24 0.00  0.0    0  6.9 22 270   M    M   4        27 280
 4  97  72  85   5   0  20 0.00  0.0    0  6.6 21 270   M    M   1        26 270
 5  94  67  81   1   0  16 0.00  0.0    0  5.8 18 260   M    M   0        23 250
 6  92  65  79  -1   0  14 0.00  0.0    0  5.3 16 270   M    M   0        22 270
 7  93  66  80   0   0  15 0.00  0.0    0  5.4 16 260   M    M   0        24 240
 8 101  67  84   4   0  19 0.00  0.0    0  4.6 17 270   M    M   0        23 270
 9  97  65  81   1   0  16 0.00  0.0    0  4.6 18 270   M    M   0        23 280
10  97  65  81   1   0  16 0.00  0.0    0  6.4 20 280   M    M   0        25 270
11  99  66  83   3   0  18 0.00  0.0    0  6.5 20 270   M    M   0        25 270
12  98  65  82   2   0  17 0.00  0.0    0  5.5 18 270   M    M   0 18     23 270
13  96  63  80   0   0  15 0.00  0.0    0  6.2 21 270   M    M   2 18     26 270
14  89  63  76  -4   0  11 0.00  0.0    0  6.1 17 270   M    M   2 18     25 270
15  80  63  72  -8   0   7 0.00  0.0    0  5.0 18 270   M    M   5        21 270
================================================================================
SM 1437 1007         0 252  0.04     0.0  83.8          M       19
================================================================================
AV 95.8 67.1                               5.6 FASTST   M    M   1    MAX(MPH)
                                 MISC ---->  # 28 170               # 35  150
================================================================================
NOTES:
# LAST OF SEVERAL OCCURRENCES

COLUMN 17 PEAK WIND IN M.P.H.

PRELIMINARY LOCAL CLIMATOLOGICAL DATA (WS FORM: F-6) , PAGE 2

                                          STATION:  RIVERSIDE MUNI AIRPORT CA
                                          MONTH:    AUGUST
                                          YEAR:     2017
                                          LATITUDE:   33 57 N
                                          LONGITUDE: 117 27 W

[TEMPERATURE DATA]      [PRECIPITATION DATA]       SYMBOLS USED IN COLUMN 16

AVERAGE MONTHLY: 81.5   TOTAL FOR MONTH:   0.04    1 = FOG OR MIST
DPTR FM NORMAL:   1.5   DPTR FM NORMAL:   -0.04    2 = FOG REDUCING VISIBILITY
HIGHEST:   105 ON  1    GRTST 24HR  0.04 ON  1- 1      TO 1/4 MILE OR LESS
LOWEST:     63 ON 15,14                            3 = THUNDER
                        SNOW, ICE PELLETS, HAIL    4 = ICE PELLETS
                        TOTAL MONTH:   0.0 INCH    5 = HAIL
                        GRTST 24HR     0.0         6 = FREEZING RAIN OR DRIZZLE
                        GRTST DEPTH:   0           7 = DUSTSTORM OR SANDSTORM:
                                                       VSBY 1/2 MILE OR LESS
                                                   8 = SMOKE OR HAZE
[NO. OF DAYS WITH]      [WEATHER - DAYS WITH]      9 = BLOWING SNOW
                                                   X = TORNADO
MAX 32 OR BELOW:   0    0.01 INCH OR MORE:   1
MAX 90 OR ABOVE:  13    0.10 INCH OR MORE:   0
MIN 32 OR BELOW:   0    0.50 INCH OR MORE:   0
MIN  0 OR BELOW:   0    1.00 INCH OR MORE:   0

[HDD (BASE 65) ]
TOTAL THIS MO.     0    CLEAR  (SCALE 0-3)  12
DPTR FM NORMAL     0    PTCLDY (SCALE 4-7)   3
TOTAL FM JUL 1     0    CLOUDY (SCALE 8-10)  0
DPTR FM NORMAL     0

[CDD (BASE 65) ]
TOTAL THIS MO.   252
DPTR FM NORMAL    27    [PRESSURE DATA]
TOTAL FM JAN 1  1391    HIGHEST SLP M ON M
DPTR FM NORMAL   354    LOWEST  SLP 29.78 ON 11

[REMARKS]
