000
CXUS53 KUNR 010945
CF6RAP
PRELIMINARY LOCAL CLIMATOLOGICAL DATA (WS FORM: F-6)

                                          STATION:   RAPID CITY AIRPORT SD
                                          MONTH:     JUNE
                                          YEAR:      2015
                                          LATITUDE:   44  2 N
                                          LONGITUDE: 103  4 W

  TEMPERATURE IN F:       :PCPN:    SNOW:  WIND      :SUNSHINE: SKY     :PK WND
================================================================================
1   2   3   4   5  6A  6B    7    8   9   10  11  12  13   14  15   16   17  18
                                     12Z  AVG MX 2MIN
DY MAX MIN AVG DEP HDD CDD  WTR  SNW DPTH SPD SPD DIR MIN PSBL S-S WX    SPD DR
================================================================================

 1  86  49  68   8   0   3 0.00  0.0    0  9.6 24 160   M    M   0 3      28 150
 2  82  55  69   9   0   4 1.22  0.0    0 10.6 43 300   M    M   1 13     52 290
 3  69  53  61   1   4   0 0.21  0.0    0 10.5 23 350   M    M   5 13     28 340
 4  64  53  59  -2   6   0 0.64  0.0    0  8.7 39  80   M    M  10 13     45  80
 5  75  59  67   6   0   2 0.00  0.0    0  7.7 22 130   M    M   7        25 130
 6  76  59  68   7   0   3    T  0.0    0  7.1 16  10   M    M   5 3      20 340
 7  80  57  69   7   0   4 0.00  0.0    0 10.4 23 340   M    M   2 3      29 340
 8  87  55  71   9   0   6 0.00  0.0    0  5.3 16 180   M    M   0        21 170
 9  91  57  74  12   0   9 0.00  0.0    0  6.4 15  20   M    M   0 3      20  10
10  68  55  62  -1   3   0 0.19  0.0    0 10.0 29  60   M    M   5 13     36  50
11  60  54  57  -6   8   0 0.84  0.0    0  6.6 14  70   M    M  10 1      15  70
12  77  55  66   3   0   1 0.00  0.0    0 12.7 24 170   M    M   1        30 180
13  80  54  67   3   0   2 0.00  0.0    0 10.7 21 350   M    M   2        25 360
14  71  53  62  -2   3   0 0.04  0.0    0  7.4 32 330   M    M   7 13     39 330
15  69  56  63  -1   2   0 0.16  0.0    0  5.7 14  30   M    M   8 1      16  30
16  74  53  64  -1   1   0 0.16  0.0    0 10.3 22 150   M    M   4 1      27 150
17  76  54  65   0   0   0 0.84  0.0    0  5.7 36  20   M    M   5 123    48  20
18  75  55  65   0   0   0 0.00  0.0    0  8.2 17 140   M    M   1        24 130
19  82  60  71   5   0   6 0.03  0.0    0 11.2 38  10   M    M   2 13     45 360
20  81  56  69   3   0   4 0.44  0.0    0  7.9 32 350   M    M   1 13     38 350
21  83  60  72   6   0   7 0.24  0.0    0 12.3 48 330   M    M   1 13     59 340
22  75  56  66  -1   0   1 0.00  0.0    0 12.4 38 330   M    M   1 3      48 320
23  77  59  68   1   0   3 0.09  0.0    0  8.6 20 180   M    M   5 13     24 190
24  78  59  69   2   0   4 1.77  0.0    0 10.4 30  80   M    M   3 13     39  80
25  71  59  65  -3   0   0 0.15  0.0    0  6.5 15 350   M    M   6 13     19 350
26  79  54  67  -1   0   2 0.00  0.0    0  3.3 10 120   M    M   1        13 120
27  89  55  72   4   0   7 0.00  0.0    0  4.6 15  10   M    M   0        19  10
28  85  58  72   3   0   7 0.00  0.0    0  5.3 12 300   M    M   0        14 300
29  90  60  75   6   0  10 0.05  0.0    0  6.3 24 300   M    M   0 3      32 300
30  89  63  76   7   0  11 0.05  0.0    0  5.1 16  10   M    M   0 13     20  20
================================================================================
SM 2339 1685        27  96  7.12     0.0 247.5          M       93
================================================================================
AV 78.0 56.2                               8.2 FASTST   M    M   3    MAX(MPH)
                                 MISC ---->  # 48 330               # 59  340
================================================================================
NOTES:
# LAST OF SEVERAL OCCURRENCES

COLUMN 17 PEAK WIND IN M.P.H.

PRELIMINARY LOCAL CLIMATOLOGICAL DATA (WS FORM: F-6) , PAGE 2

                                          STATION:  RAPID CITY AIRPORT SD
                                          MONTH:    JUNE
                                          YEAR:     2015
                                          LATITUDE:   44  2 N
                                          LONGITUDE: 103  4 W

[TEMPERATURE DATA]      [PRECIPITATION DATA]       SYMBOLS USED IN COLUMN 16

AVERAGE MONTHLY: 67.1   TOTAL FOR MONTH:   7.12    1 = FOG OR MIST
DPTR FM NORMAL:   2.6   DPTR FM NORMAL:    4.59    2 = FOG REDUCING VISIBILITY
HIGHEST:    91 ON  9    GRTST 24HR  1.79 ON 23-24      TO 1/4 MILE OR LESS
LOWEST:     49 ON  1                               3 = THUNDER
                        SNOW, ICE PELLETS, HAIL    4 = ICE PELLETS
                        TOTAL MONTH:   0.0 INCH    5 = HAIL
                        GRTST 24HR     0.0         6 = FREEZING RAIN OR DRIZZLE
                        GRTST DEPTH:   0           7 = DUSTSTORM OR SANDSTORM:
                                                       VSBY 1/2 MILE OR LESS
                                                   8 = SMOKE OR HAZE
[NO. OF DAYS WITH]      [WEATHER - DAYS WITH]      9 = BLOWING SNOW
                                                   X = TORNADO
MAX 32 OR BELOW:   0    0.01 INCH OR MORE:  17
MAX 90 OR ABOVE:   2    0.10 INCH OR MORE:  12
MIN 32 OR BELOW:   0    0.50 INCH OR MORE:   5
MIN  0 OR BELOW:   0    1.00 INCH OR MORE:   2

[HDD (BASE 65) ]
TOTAL THIS MO.    27    CLEAR  (SCALE 0-3)  18
DPTR FM NORMAL   -72    PTCLDY (SCALE 4-7)  10
TOTAL FM JUL 1  6815    CLOUDY (SCALE 8-10)  2
DPTR FM NORMAL  -338

[CDD (BASE 65) ]
TOTAL THIS MO.    96
DPTR FM NORMAL    12    [PRESSURE DATA]
TOTAL FM JAN 1    96    HIGHEST SLP 30.20 ON 15
DPTR FM NORMAL    -3    LOWEST  SLP 29.54 ON 19

[REMARKS]
#FINAL-06-15#
