000
CXUS56 KMFR 211000
CF6RBG
PRELIMINARY LOCAL CLIMATOLOGICAL DATA (WS FORM: F-6)

                                          STATION:   ROSEBURG OR
                                          MONTH:     OCTOBER
                                          YEAR:      2014
                                          LATITUDE:   43 13 N
                                          LONGITUDE: 123 22 W

  TEMPERATURE IN F:       :PCPN:    SNOW:  WIND      :SUNSHINE: SKY     :PK WND
================================================================================
1   2   3   4   5  6A  6B    7    8   9   10  11  12  13   14  15   16   17  18
                                     12Z  AVG MX 2MIN
DY MAX MIN AVG DEP HDD CDD  WTR  SNW DPTH SPD SPD DIR MIN PSBL S-S WX    SPD DR
================================================================================

 1  71  48  60   0   5   0 0.00    M    M  3.8 16  10   M    M   2        20 360
 2  78  45  62   2   3   0 0.00    M    M  3.0 13  10   M    M   0        15  10
 3  88  47  68   8   0   3 0.00    M    M  1.1  7 320   M    M   0 18     11 290
 4  90  50  70  10   0   5 0.00    M    M  1.1 12 360   M    M   0 18     14  10
 5  87  50  69  10   0   4 0.00    M    M  1.6  9 330   M    M   0 18     12 330
 6  89  52  71  12   0   6 0.00    M    M  1.3  9 340   M    M   0 18     11 340
 7  89  54  72  14   0   7 0.00    M    M  1.1 10 360   M    M   0        12 360
 8  80  55  68  10   0   3 0.00    M    M  2.8 12 360   M    M   2 1      16  10
 9  81  51  66   8   0   1 0.00    M    M  1.7 10  10   M    M   2 128    13  10
10  81  50  66   8   0   1 0.00    M    M  1.4 13  20   M    M   0        15 330
11  75  52  64   7   1   0 0.01    M    M  2.0 13 360   M    M   4 18     17 360
12  77  47  62   5   3   0 0.00    M    M  1.7  9  10   M    M   2        12 340
13  81  44  63   7   2   0 0.00    M    M  1.8 10 260   M    M   0        14 290
14  64  55  60   4   5   0 0.48    M    M  2.6  8 290   M    M  10 1      11 300
15  65  50  58   2   7   0 0.57    M    M  3.5 15 160   M    M   6 1      20 140
16  73  47  60   5   5   0 0.00    M    M  1.2  7 180   M    M   2 1      16  99
17  72  55  64   9   1   0 0.05    M    M  1.7 14 160   M    M   8        17 160
18  79  56  68  13   0   3 0.00    M    M  0.7  6  10   M    M   5 18      8 290
19  80  52  66  12   0   1 0.00    M    M  2.4 14 170   M    M   1 18     20 170
20  65  52  59   5   6   0 0.41    M    M  3.2 12 150   M    M   8 1      15 150
================================================================================
SM 1565 1012        38  34  1.52    M     39.7          M       52
================================================================================
AV 78.2 50.6                               2.0 FASTST   M    M   3    MAX(MPH)
                                 MISC ---->  # 16  10               # 20  360
================================================================================
NOTES:
# LAST OF SEVERAL OCCURRENCES

COLUMN 17 PEAK WIND IN M.P.H.

PRELIMINARY LOCAL CLIMATOLOGICAL DATA (WS FORM: F-6) , PAGE 2

                                          STATION:  ROSEBURG OR
                                          MONTH:    OCTOBER
                                          YEAR:     2014
                                          LATITUDE:   43 13 N
                                          LONGITUDE: 123 22 W

[TEMPERATURE DATA]      [PRECIPITATION DATA]       SYMBOLS USED IN COLUMN 16

AVERAGE MONTHLY: 64.4   TOTAL FOR MONTH:   1.52    1 = FOG OR MIST
DPTR FM NORMAL:   7.2   DPTR FM NORMAL:    0.22    2 = FOG REDUCING VISIBILITY
HIGHEST:    90 ON  4    GRTST 24HR  0.83 ON 14-15      TO 1/4 MILE OR LESS
LOWEST:     44 ON 13                               3 = THUNDER
                        SNOW, ICE PELLETS, HAIL    4 = ICE PELLETS
                        TOTAL MONTH:    M          5 = HAIL
                        GRTST 24HR    M  ON   M    6 = FREEZING RAIN OR DRIZZLE
                        GRTST DEPTH:  M  ON   M    7 = DUSTSTORM OR SANDSTORM:
                                                       VSBY 1/2 MILE OR LESS
                                                   8 = SMOKE OR HAZE
[NO. OF DAYS WITH]      [WEATHER - DAYS WITH]      9 = BLOWING SNOW
                                                   X = TORNADO
MAX 32 OR BELOW:   0    0.01 INCH OR MORE:   5
MAX 90 OR ABOVE:   1    0.10 INCH OR MORE:   3
MIN 32 OR BELOW:   0    0.50 INCH OR MORE:   1
MIN  0 OR BELOW:   0    1.00 INCH OR MORE:   0

[HDD (BASE 65) ]
TOTAL THIS MO.    38    CLEAR  (SCALE 0-3)  14
DPTR FM NORMAL  -120    PTCLDY (SCALE 4-7)   4
TOTAL FM JUL 1    58    CLOUDY (SCALE 8-10)  2
DPTR FM NORMAL  -189

[CDD (BASE 65) ]
TOTAL THIS MO.    34
DPTR FM NORMAL    32    [PRESSURE DATA]
TOTAL FM JAN 1   914    HIGHEST SLP M ON M
DPTR FM NORMAL   436    LOWEST  SLP  0.00 ON 14

[REMARKS]
