000
CXUS51 KPHI 240800
CF6RDG
PRELIMINARY LOCAL CLIMATOLOGICAL DATA (WS FORM: F-6)

                                          STATION:   READING PA
                                          MONTH:     NOVEMBER
                                          YEAR:      2017
                                          LATITUDE:   40 22 N
                                          LONGITUDE:  75 58 W

  TEMPERATURE IN F:       :PCPN:    SNOW:  WIND      :SUNSHINE: SKY     :PK WND
================================================================================
1   2   3   4   5  6A  6B    7    8   9   10  11  12  13   14  15   16   17  18
                                     12Z  AVG MX 2MIN
DY MAX MIN AVG DEP HDD CDD  WTR  SNW DPTH SPD SPD DIR MIN PSBL S-S WX    SPD DR
================================================================================

 1  51  34  43  -6  22   0 0.01    M    M  3.3  8 360   M    M   8        10  10
 2  73  46  60  11   5   0    T    M    M  4.4 13 230   M    M   3 1      16 240
 3  72  48  60  12   5   0    T    M    M  6.9 20 350   M    M   4        23 360
 4  58  37  48   0  17   0 0.16    M    M  3.6 13 130   M    M   1 1      17 150
 5  63  49  56   8   9   0 0.02    M    M  4.5 15 210   M    M  10 1      24 220
 6  67  42  55   8  10   0 0.05    M    M  8.4 25 340   M    M   8 1      32 330
 7  45  35  40  -7  25   0 0.52    M    M  5.0 16  20   M    M   6 18     21  30
 8  50  33  42  -5  23   0 0.00    M    M  5.0 14  20   M    M   6 1      19  20
 9  49  31  40  -6  25   0 0.06    M    M  2.7  9 270   M    M   8 1      12 260
10  46  20  33 -13  32   0 0.00    M    M 13.7 26 320   M    M   2 1      34 330
11  39  18  29 -17  36   0 0.00    M    M  4.4 14 320   M    M   0        16 290
12  47  24  36  -9  29   0 0.00    M    M  0.8  7 180   M    M   1         9 310
13  45  33  39  -6  26   0 0.15    M    M  2.8  9  10   M    M   8 1      11  20
14  48  34  41  -4  24   0 0.00    M    M  3.0 10 340   M    M  10 1      14 360
15  50  31  41  -3  24   0 0.00    M    M  3.9 10 160   M    M   5 1      16 130
16  56  42  49   5  16   0 0.03    M    M  9.6 30 300   M    M   7 1      35 300
17  49  30  40  -4  25   0 0.00    M    M  9.2 24 330   M    M   3        29 330
18  55  28  42  -1  23   0 0.60    M    M  2.4 12 150   M    M   5 1      16 190
19  59  38  49   6  16   0 0.18    M    M 18.0 33 300   M    M   6        47 270
20  47  32  40  -2  25   0 0.00    M    M 10.4 25 300   M    M   2        34 300
21  56  28  42   0  23   0 0.00    M    M  4.2 16 200   M    M   0        22 210
22  54  33  44   2  21   0 0.00    M    M 11.3 25 330   M    M   6        33 340
23  41  25  33  -8  32   0 0.00    M    M  5.8 16 340   M    M   0        21 330
================================================================================
SM 1220  771       493   0  1.78    M    143.3          M      109
================================================================================
AV 53.0 33.5                               6.2 FASTST   M    M   5    MAX(MPH)
                                 MISC ---->  # 33 300               # 47  270
================================================================================
NOTES:
# LAST OF SEVERAL OCCURRENCES

COLUMN 17 PEAK WIND IN M.P.H.

PRELIMINARY LOCAL CLIMATOLOGICAL DATA (WS FORM: F-6) , PAGE 2

                                          STATION:  READING PA
                                          MONTH:    NOVEMBER
                                          YEAR:     2017
                                          LATITUDE:   40 22 N
                                          LONGITUDE:  75 58 W

[TEMPERATURE DATA]      [PRECIPITATION DATA]       SYMBOLS USED IN COLUMN 16

AVERAGE MONTHLY: 43.3   TOTAL FOR MONTH:   1.78    1 = FOG OR MIST
DPTR FM NORMAL:  -2.0   DPTR FM NORMAL:   -0.73    2 = FOG REDUCING VISIBILITY
HIGHEST:    73 ON  2    GRTST 24HR  0.60 ON 18-18      TO 1/4 MILE OR LESS
LOWEST:     18 ON 11                               3 = THUNDER
                        SNOW, ICE PELLETS, HAIL    4 = ICE PELLETS
                        TOTAL MONTH:    M          5 = HAIL
                        GRTST 24HR    M  ON   M    6 = FREEZING RAIN OR DRIZZLE
                        GRTST DEPTH:  M  ON   M    7 = DUSTSTORM OR SANDSTORM:
                                                       VSBY 1/2 MILE OR LESS
                                                   8 = SMOKE OR HAZE
[NO. OF DAYS WITH]      [WEATHER - DAYS WITH]      9 = BLOWING SNOW
                                                   X = TORNADO
MAX 32 OR BELOW:   0    0.01 INCH OR MORE:  10
MAX 90 OR ABOVE:   0    0.10 INCH OR MORE:   5
MIN 32 OR BELOW:  10    0.50 INCH OR MORE:   2
MIN  0 OR BELOW:   0    1.00 INCH OR MORE:   0

[HDD (BASE 65) ]
TOTAL THIS MO.   493    CLEAR  (SCALE 0-3)   7
DPTR FM NORMAL    40    PTCLDY (SCALE 4-7)  12
TOTAL FM JUL 1   745    CLOUDY (SCALE 8-10)  4
DPTR FM NORMAL  -146

[CDD (BASE 65) ]
TOTAL THIS MO.     0
DPTR FM NORMAL     0    [PRESSURE DATA]
TOTAL FM JAN 1  1086    HIGHEST SLP M ON M
DPTR FM NORMAL   190    LOWEST  SLP 29.30 ON 19

[REMARKS]
