000
CXUS52 KRAH 181345
CF6RDU
PRELIMINARY LOCAL CLIMATOLOGICAL DATA (WS FORM: F-6)

                                          STATION:   RALEIGH-DURHAM INTL AIRPORT NC
                                          MONTH:     DECEMBER
                                          YEAR:      2014
                                          LATITUDE:   35 52 N
                                          LONGITUDE:  78 47 W

  TEMPERATURE IN F:       :PCPN:    SNOW:  WIND      :SUNSHINE: SKY     :PK WND
================================================================================
1   2   3   4   5  6A  6B    7    8   9   10  11  12  13   14  15   16   17  18
                                     12Z  AVG MX 2MIN
DY MAX MIN AVG DEP HDD CDD  WTR  SNW DPTH SPD SPD DIR MIN PSBL S-S WX    SPD DR
================================================================================

 1  74  44  59  12   6   0 0.00  0.0    0  6.0 13 210   M    M   1        15 230
 2  55  46  51   4  14   0    T  0.0    0  6.4 18  50   M    M  10 1      25  50
 3  57  44  51   4  14   0    T  0.0    0  4.3 15 220   M    M   9 12     18 220
 4  54  40  47   1  18   0 0.00  0.0    0  6.2 18  90   M    M   8 12     17  80
 5  52  40  46   0  19   0 0.00  0.0    0  2.5  8  90   M    M   9        10  50
 6  56  46  51   5  14   0 0.16  0.0    0  3.6 16  20   M    M  10 1      31  30
 7  53  35  44  -2  21   0 0.00  0.0    0 12.9 24  40   M    M   5        37  40
 8  45  34  40  -5  25   0 0.13  0.0    0  8.5 17  30   M    M   9 1      24  30
 9  45  35  40  -5  25   0 0.50    M    0  3.5  9 340   M    M  10 1      17 320
10  50  31  41  -4  24   0 0.00  0.0    0  5.3 15 300   M    M   3        24 310
11  48  26  37  -7  28   0 0.00  0.0    0  5.3 15 250   M    M   2        21 260
12  57  26  42  -2  23   0 0.00  0.0    0  3.6 15 300   M    M   3        21 280
13  60  28  44   0  21   0 0.00  0.0    0  1.6  9 310   M    M   2        15 300
14  58  29  44   0  21   0 0.00  0.0    0  1.4 10  30   M    M   1        15  30
15  60  30  45   2  20   0 0.00  0.0    0  1.6 12  90   M    M   3        15 130
16  52  37  45   2  20   0 0.32  0.0    0  3.1 10 200   M    M   7 18     14 180
17  60  39  50   7  15   0 0.00  0.0    0  3.6 13 250   M    M   3        16 230
================================================================================
SM  936  610       328   0  1.11     0.0  79.4          M       95
================================================================================
AV 55.1 35.9                               4.7 FASTST   M    M   6    MAX(MPH)
                                 MISC ---->  # 24  40               # 37   40
================================================================================
NOTES:
# LAST OF SEVERAL OCCURRENCES

COLUMN 17 PEAK WIND IN M.P.H.

PRELIMINARY LOCAL CLIMATOLOGICAL DATA (WS FORM: F-6) , PAGE 2

                                          STATION:  RALEIGH-DURHAM INTL AIRPORT NC
                                          MONTH:    DECEMBER
                                          YEAR:     2014
                                          LATITUDE:   35 52 N
                                          LONGITUDE:  78 47 W

[TEMPERATURE DATA]      [PRECIPITATION DATA]       SYMBOLS USED IN COLUMN 16

AVERAGE MONTHLY: 45.5   TOTAL FOR MONTH:   1.11    1 = FOG OR MIST
DPTR FM NORMAL:   0.5   DPTR FM NORMAL:   -0.57    2 = FOG REDUCING VISIBILITY
HIGHEST:    74 ON  1    GRTST 24HR  0.50 ON  9- 9      TO 1/4 MILE OR LESS
LOWEST:     26 ON 12,11                            3 = THUNDER
                        SNOW, ICE PELLETS, HAIL    4 = ICE PELLETS
                        TOTAL MONTH:   0.0 INCH    5 = HAIL
                        GRTST 24HR     0.0         6 = FREEZING RAIN OR DRIZZLE
                        GRTST DEPTH:   0           7 = DUSTSTORM OR SANDSTORM:
                                                       VSBY 1/2 MILE OR LESS
                                                   8 = SMOKE OR HAZE
[NO. OF DAYS WITH]      [WEATHER - DAYS WITH]      9 = BLOWING SNOW
                                                   X = TORNADO
MAX 32 OR BELOW:   0    0.01 INCH OR MORE:   4
MAX 90 OR ABOVE:   0    0.10 INCH OR MORE:   4
MIN 32 OR BELOW:   6    0.50 INCH OR MORE:   1
MIN  0 OR BELOW:   0    1.00 INCH OR MORE:   0

[HDD (BASE 65) ]
TOTAL THIS MO.   328    CLEAR  (SCALE 0-3)   7
DPTR FM NORMAL   -13    PTCLDY (SCALE 4-7)   3
TOTAL FM JUL 1   992    CLOUDY (SCALE 8-10)  7
DPTR FM NORMAL    70

[CDD (BASE 65) ]
TOTAL THIS MO.     0
DPTR FM NORMAL     0    [PRESSURE DATA]
TOTAL FM JAN 1  1657    HIGHEST SLP  0.00 ON  4
DPTR FM NORMAL   -71    LOWEST  SLP  0.00 ON  4

[REMARKS]
