000
CXUS53 KMPX 301000
CF6RGK
PRELIMINARY LOCAL CLIMATOLOGICAL DATA (WS FORM: F-6)

                                          STATION:   RED_WING MN
                                          MONTH:     APRIL
                                          YEAR:      2016
                                          LATITUDE:   44 34 N
                                          LONGITUDE:  92 29 W

  TEMPERATURE IN F:       :PCPN:    SNOW:  WIND      :SUNSHINE: SKY     :PK WND
================================================================================
1   2   3   4   5  6A  6B    7    8   9   10  11  12  13   14  15   16   17  18
                                     12Z  AVG MX 2MIN
DY MAX MIN AVG DEP HDD CDD  WTR  SNW DPTH SPD SPD DIR MIN PSBL S-S WX    SPD DR
================================================================================

 1  43  30  37   M  28   0    M    M    M  8.3 17 290   M    M   5 1      27 320
 2  37  30  34   M  31   0    M    M    M 13.5 27 310   M    M   6        39 310
 3  72  32  52   M  13   0 0.00  0.0    0  8.7 15 310   M    M   3        23 360
 4  39  28  34   M  31   0 0.00  0.0    0  5.3 12 300   M    M   7        22 360
 5  37  28  33   M  32   0    M    M    M  9.5 17 140   M    M   6        25 140
 6  46  34  40   M  25   0 0.02  0.0    0  6.4  9 320   M    M   7        18 320
 7  45  30  38   M  27   0    M    M    M  4.9 10 310   M    M   9         M  M
 8  37  27  32   M  33   0    M    M    M 10.9 18 350   M    M   7        29 350
 9  43  18  31   M  34   0 0.00    M    M  8.3 18 150   M    M   1        24 150
10  61  37  49   M  16   0 0.00    M    M 12.5 20 290   M    M   1        25 290
11  45  27  36   M  29   0 0.00    M    M 11.1 18 310   M    M   3        30 320
12  50  21  36   M  29   0 0.00    M    M  4.5 12 120   M    M   4        18 120
13  70  45  58   M   7   0 0.00    M    M 11.0 17 120   M    M   3        22 160
14  75  48  62   M   3   0 0.00    M    M 10.7 17 200   M    M   2        24 200
15  77  52  65   M   0   0 0.00    M    M 11.0 16 150   M    M   1        27 150
16  81  55  68   M   0   3 0.00    M    M  8.8 15 150   M    M   4 8      22 200
17  82  59  71   M   0   6 0.00    M    M  6.4 10 170   M    M   5        18 210
18  81  54  68   M   0   3 0.26    M    M  5.4 13 110   M    M   4         M  M
19  57  54  56   M   9   0 0.14    M    M  7.8 14 100   M    M   9        20 100
20  64  52  58   M   7   0 0.16    M    M  6.0  9 130   M    M   8 1       M  M
21  68  50  59   M   6   0 0.02    M    M  4.1 13 350   M    M   9 12     18 350
22  59  43  51   M  14   0 0.00    M    M  5.2 12  10   M    M   5        22  10
23  72  36  54   M  11   0 0.00    M    M  7.7 15 200   M    M   3        20 190
24  61  54  58   M   7   0 0.10    M    M 10.4 15 130   M    M   8 3      32 190
25  72  48  60   M   5   0 0.08    M    M  8.2 15 120   M    M   8 13     21 120
26  50  45  48   M  17   0 0.00    M    M  8.9 16  90   M    M   9        21  80
27  55  39  47   M  18   0 0.38    M    M 13.0 23  90   M    M   5        35  90
28  45  37  41   M  24   0 0.30    M    M  8.8 14  80   M    M  10        24 110
29  57  36  47   M  18   0 0.00    M    M  4.1 12 170   M    M   4 1       M  M
================================================================================
SM 1681 1149       474  12  1.46     0.0 241.4          M      156
================================================================================
AV 58.0 39.6                               8.3 FASTST   M    M   5    MAX(MPH)
                                 MISC ---->  # 27 310                 39    M
================================================================================
NOTES:
# LAST OF SEVERAL OCCURRENCES

COLUMN 17 PEAK WIND IN M.P.H.

PRELIMINARY LOCAL CLIMATOLOGICAL DATA (WS FORM: F-6) , PAGE 2

                                          STATION:  RED_WING MN
                                          MONTH:    APRIL
                                          YEAR:     2016
                                          LATITUDE:   44 34 N
                                          LONGITUDE:  92 29 W

[TEMPERATURE DATA]      [PRECIPITATION DATA]       SYMBOLS USED IN COLUMN 16

AVERAGE MONTHLY: 48.8   TOTAL FOR MONTH:   1.46    1 = FOG OR MIST
DPTR FM NORMAL:     M   DPTR FM NORMAL:       M    2 = FOG REDUCING VISIBILITY
HIGHEST:    82 ON 17    GRTST 24HR  0.38 ON 27-27      TO 1/4 MILE OR LESS
LOWEST:     18 ON  9                               3 = THUNDER
                        SNOW, ICE PELLETS, HAIL    4 = ICE PELLETS
                        TOTAL MONTH:   0.0 INCH    5 = HAIL
                        GRTST 24HR     0.0         6 = FREEZING RAIN OR DRIZZLE
                        GRTST DEPTH:   0           7 = DUSTSTORM OR SANDSTORM:
                                                       VSBY 1/2 MILE OR LESS
                                                   8 = SMOKE OR HAZE
[NO. OF DAYS WITH]      [WEATHER - DAYS WITH]      9 = BLOWING SNOW
                                                   X = TORNADO
MAX 32 OR BELOW:   0    0.01 INCH OR MORE:   9
MAX 90 OR ABOVE:   0    0.10 INCH OR MORE:   6
MIN 32 OR BELOW:  10    0.50 INCH OR MORE:   0
MIN  0 OR BELOW:   0    1.00 INCH OR MORE:   0

[HDD (BASE 65) ]
TOTAL THIS MO.   474    CLEAR  (SCALE 0-3)   6
DPTR FM NORMAL     M    PTCLDY (SCALE 4-7)  18
TOTAL FM JUL 1  6088    CLOUDY (SCALE 8-10)  5
DPTR FM NORMAL     M

[CDD (BASE 65) ]
TOTAL THIS MO.    12
DPTR FM NORMAL     M    [PRESSURE DATA]
TOTAL FM JAN 1    12    HIGHEST SLP M ON M
DPTR FM NORMAL     M    LOWEST  SLP M ON M

[REMARKS]
