000
CXUS55 KGJT 281000
CF6RIL
PRELIMINARY LOCAL CLIMATOLOGICAL DATA (WS FORM: F-6)

                                          STATION:   RIFLE CO
                                          MONTH:     JULY
                                          YEAR:      2015
                                          LATITUDE:   39 31 N
                                          LONGITUDE: 107 43 W

  TEMPERATURE IN F:       :PCPN:    SNOW:  WIND      :SUNSHINE: SKY     :PK WND
================================================================================
1   2   3   4   5  6A  6B    7    8   9   10  11  12  13   14  15   16   17  18
                                     12Z  AVG MX 2MIN
DY MAX MIN AVG DEP HDD CDD  WTR  SNW DPTH SPD SPD DIR MIN PSBL S-S WX    SPD DR
================================================================================

 1  94  61  78   7   0  13 0.00    M    M  4.6 21 320   M    M   0        26 320
 2  96  62  79   8   0  14 0.00    M    M  5.4 16 350   M    M   0        22 350
 3  93  62  78   7   0  13 0.09    M    M  6.1 23  20   M    M   1 3      32  20
 4  94  61  78   6   0  13 0.11    M    M  5.2 24 310   M    M   1 3      30 300
 5  77  61  69  -3   0   4 0.32    M    M  4.6 14 270   M    M   5 13     19  10
 6  83  58  71  -1   0   6 0.08    M    M  4.9 22 230   M    M   4 3      27 240
 7  72  58  65  -7   0   0 0.52    M    M  3.9 15 330   M    M   6 13     22 320
 8  73  57  65  -7   0   0 0.29    M    M  4.9 22 130   M    M   9 13     30 310
 9  79  52  66  -6   0   1 0.03    M    M  6.4 36 200   M    M   3 3      45 200
10  80  55  68  -5   0   3 0.05    M    M  6.0 32 260   M    M   4 13     39 260
11  81  52  67  -6   0   2 0.08    M    M  5.4 43 240   M    M   1 38     55 240
12  88  54  71  -2   0   6 0.00    M    M  7.6 25 280   M    M   0        29 290
13  87  60  74   1   0   9    T    M    M  5.1 16 160   M    M   0        19 160
14  86  57  72  -1   0   7 0.08    M    M  4.6 30  80   M    M   3        39  80
15  84  54  69  -4   0   4    T    M    M  6.0 45 320   M    M   1 3      58 320
16  89  50  70  -3   0   5 0.00    M    M  7.3 24 260   M    M   0        30 260
17  92  54  73   0   0   8 0.00    M    M  8.5 28 230   M    M   0        35 250
18  83  59  71  -2   0   6 0.03    M    M  8.9 37 320   M    M   3        46 320
19  81  59  70  -3   0   5    T    M    M  4.8 15 140   M    M   6        18 130
20  87  52  70  -3   0   5    T    M    M  5.4 26 310   M    M   3 3      34 310
21  78  59  69  -4   0   4 0.19    M    M  4.6 18 240   M    M   5 13     23 250
22  88  55  72  -1   0   7 0.00    M    M  8.2 25 280   M    M   2        30 250
23  92  57  75   2   0  10    T    M    M  8.4 23 290   M    M   1        30 270
24  87  54  71  -2   0   6 0.00    M    M  8.2 25 130   M    M   2        31 150
25  91  51  71  -2   0   6 0.00    M    M  6.2 20 280   M    M   0        24 270
26  92  52  72  -1   0   7 0.00    M    M  7.5 26 140   M    M   1        34 150
27  93  56  75   2   0  10 0.00    M    M 10.0 30 220   M    M   1        41 220
================================================================================
SM 2320 1522         0 174  1.87    M    168.7          M       62
================================================================================
AV 85.9 56.4                               6.2 FASTST   M    M   2    MAX(MPH)
                                 MISC ---->  # 45 320               # 58  320
================================================================================
NOTES:
# LAST OF SEVERAL OCCURRENCES

COLUMN 17 PEAK WIND IN M.P.H.

PRELIMINARY LOCAL CLIMATOLOGICAL DATA (WS FORM: F-6) , PAGE 2

                                          STATION:  RIFLE CO
                                          MONTH:    JULY
                                          YEAR:     2015
                                          LATITUDE:   39 31 N
                                          LONGITUDE: 107 43 W

[TEMPERATURE DATA]      [PRECIPITATION DATA]       SYMBOLS USED IN COLUMN 16

AVERAGE MONTHLY: 71.1   TOTAL FOR MONTH:   1.87    1 = FOG OR MIST
DPTR FM NORMAL:  -1.4   DPTR FM NORMAL:    0.97    2 = FOG REDUCING VISIBILITY
HIGHEST:    96 ON  2    GRTST 24HR  0.63 ON  7- 8      TO 1/4 MILE OR LESS
LOWEST:     50 ON 16                               3 = THUNDER
                        SNOW, ICE PELLETS, HAIL    4 = ICE PELLETS
                        TOTAL MONTH:    M          5 = HAIL
                        GRTST 24HR    M  ON   M    6 = FREEZING RAIN OR DRIZZLE
                        GRTST DEPTH:  M  ON   M    7 = DUSTSTORM OR SANDSTORM:
                                                       VSBY 1/2 MILE OR LESS
                                                   8 = SMOKE OR HAZE
[NO. OF DAYS WITH]      [WEATHER - DAYS WITH]      9 = BLOWING SNOW
                                                   X = TORNADO
MAX 32 OR BELOW:   0    0.01 INCH OR MORE:  12
MAX 90 OR ABOVE:   9    0.10 INCH OR MORE:   5
MIN 32 OR BELOW:   0    0.50 INCH OR MORE:   1
MIN  0 OR BELOW:   0    1.00 INCH OR MORE:   0

[HDD (BASE 65) ]
TOTAL THIS MO.     0    CLEAR  (SCALE 0-3)  19
DPTR FM NORMAL     0    PTCLDY (SCALE 4-7)   7
TOTAL FM JUL 1     0    CLOUDY (SCALE 8-10)  1
DPTR FM NORMAL     0

[CDD (BASE 65) ]
TOTAL THIS MO.   174
DPTR FM NORMAL   -30    [PRESSURE DATA]
TOTAL FM JAN 1   347    HIGHEST SLP M ON M
DPTR FM NORMAL    41    LOWEST  SLP 29.69 ON 27

[REMARKS]
