000
CXUS55 KGJT 011000
CF6RIL
PRELIMINARY LOCAL CLIMATOLOGICAL DATA (WS FORM: F-6)

                                          STATION:   RIFLE CO
                                          MONTH:     APRIL
                                          YEAR:      2016
                                          LATITUDE:   39 31 N
                                          LONGITUDE: 107 43 W

  TEMPERATURE IN F:       :PCPN:    SNOW:  WIND      :SUNSHINE: SKY     :PK WND
================================================================================
1   2   3   4   5  6A  6B    7    8   9   10  11  12  13   14  15   16   17  18
                                     12Z  AVG MX 2MIN
DY MAX MIN AVG DEP HDD CDD  WTR  SNW DPTH SPD SPD DIR MIN PSBL S-S WX    SPD DR
================================================================================

 1  52  22  37  -7  28   0 0.00    M    M  5.1 16 320   M    M   2        20 330
 2  62  23  43  -1  22   0 0.00    M    M  6.4 24 280   M    M   0        30 280
 3  67  25  46   2  19   0 0.00    M    M  3.4 16 260   M    M   1        21 270
 4  72  30  51   6  14   0 0.00    M    M  5.0 24 280   M    M   1        29 250
 5  62  29  46   1  19   0    T    M    M  8.9 38 310   M    M   4        48 310
 6  67  24  46   1  19   0 0.00    M    M  4.6 18 260   M    M   0        23 260
 7  74  29  52   6  13   0 0.00    M    M  4.6 16  10   M    M   0        19  10
 8  76  33  55   9  10   0 0.00    M    M  5.4 25 250   M    M   2        31 250
 9  58  39  49   3  16   0 0.05    M    M  6.9 32 270   M    M   8        40 260
10  64  37  51   5  14   0 0.22    M    M  6.3 28 160   M    M   4 13     32 160
11  66  35  51   4  14   0    T    M    M  3.8 23 320   M    M   4        30 360
12  67  38  53   6  12   0 0.00    M    M  6.9 23 320   M    M   3        28 320
13  72  37  55   8  10   0 0.00    M    M  5.3 21 260   M    M   3        27 250
14  71  39  55   7  10   0    T    M    M  7.4 36 240   M    M   3        42 240
15  47  33  40  -8  25   0 0.60    M    M  4.7 24 260   M    M   9 12     31 260
16  50  37  44  -4  21   0 0.04    M    M  7.1 23 320   M    M  10        32 320
17  51  36  44  -4  21   0 0.00    M    M  8.3 24 300   M    M   8        32 300
18  51  33  42  -7  23   0    T    M    M  6.9 16 300   M    M   8        21 300
19  53  28  41  -8  24   0 0.00    M    M  4.9 21 270   M    M   5        24 280
20  62  40  51   2  14   0 0.07    M    M  3.5 12 150   M    M   5        14 310
21  72  34  53   4  12   0 0.00    M    M  2.7 12 130   M    M   0        14 130
22  80  36  58   8   7   0 0.00    M    M  5.7 26 200   M    M   0        32 200
23  73  47  60  10   5   0 0.01    M    M 14.6 35 140   M    M   3        51 220
24  66  43  55   5  10   0 0.00    M    M 11.1 25 270   M    M   4        33 280
25  66  36  51   1  14   0 0.24    M    M  8.2 33 170   M    M   4 1      42 170
26  49  35  42  -9  23   0 0.03    M    M  8.6 32 270   M    M   9        40 260
27  56  38  47  -4  18   0    T    M    M  4.4 20 360   M    M   7        23 350
28  53  38  46  -5  19   0 0.18    M    M  5.5 37 270   M    M   8 13     49 270
29  56  40  48  -4  17   0 0.04    M    M  6.5 25 320   M    M   6 8      30 320
30  52  38  45  -7  20   0    T    M    M  5.6 16 320   M    M   7        19 320
================================================================================
SM 1867 1032       493   0  1.48    M    188.3          M      128
================================================================================
AV 62.2 34.4                               6.3 FASTST   M    M   4    MAX(MPH)
                                 MISC ---->  # 38 310               # 51  220
================================================================================
NOTES:
# LAST OF SEVERAL OCCURRENCES

COLUMN 17 PEAK WIND IN M.P.H.

PRELIMINARY LOCAL CLIMATOLOGICAL DATA (WS FORM: F-6) , PAGE 2

                                          STATION:  RIFLE CO
                                          MONTH:    APRIL
                                          YEAR:     2016
                                          LATITUDE:   39 31 N
                                          LONGITUDE: 107 43 W

[TEMPERATURE DATA]      [PRECIPITATION DATA]       SYMBOLS USED IN COLUMN 16

AVERAGE MONTHLY: 48.3   TOTAL FOR MONTH:   1.48    1 = FOG OR MIST
DPTR FM NORMAL:   0.4   DPTR FM NORMAL:    0.34    2 = FOG REDUCING VISIBILITY
HIGHEST:    80 ON 22    GRTST 24HR  0.60 ON 15-15      TO 1/4 MILE OR LESS
LOWEST:     22 ON  1                               3 = THUNDER
                        SNOW, ICE PELLETS, HAIL    4 = ICE PELLETS
                        TOTAL MONTH:    M          5 = HAIL
                        GRTST 24HR    M  ON   M    6 = FREEZING RAIN OR DRIZZLE
                        GRTST DEPTH:  M  ON   M    7 = DUSTSTORM OR SANDSTORM:
                                                       VSBY 1/2 MILE OR LESS
                                                   8 = SMOKE OR HAZE
[NO. OF DAYS WITH]      [WEATHER - DAYS WITH]      9 = BLOWING SNOW
                                                   X = TORNADO
MAX 32 OR BELOW:   0    0.01 INCH OR MORE:  10
MAX 90 OR ABOVE:   0    0.10 INCH OR MORE:   4
MIN 32 OR BELOW:   8    0.50 INCH OR MORE:   1
MIN  0 OR BELOW:   0    1.00 INCH OR MORE:   0

[HDD (BASE 65) ]
TOTAL THIS MO.   493    CLEAR  (SCALE 0-3)  11
DPTR FM NORMAL   -20    PTCLDY (SCALE 4-7)  14
TOTAL FM JUL 1  6123    CLOUDY (SCALE 8-10)  5
DPTR FM NORMAL  -174

[CDD (BASE 65) ]
TOTAL THIS MO.     0
DPTR FM NORMAL     0    [PRESSURE DATA]
TOTAL FM JAN 1     0    HIGHEST SLP 30.50 ON  6
DPTR FM NORMAL     0    LOWEST  SLP 29.41 ON 25

[REMARKS]
#FINAL-04-16#
