645
CXUS56 KSGX 271445
CF6RNM
PRELIMINARY LOCAL CLIMATOLOGICAL DATA (WS FORM: F-6)

                                          STATION:   RAMONA AIRPORT CA
                                          MONTH:     MAY
                                          YEAR:      2017
                                          LATITUDE:   33  2 N
                                          LONGITUDE: 116 55 W

  TEMPERATURE IN F:       :PCPN:    SNOW:  WIND      :SUNSHINE: SKY     :PK WND
================================================================================
1   2   3   4   5  6A  6B    7    8   9   10  11  12  13   14  15   16   17  18
                                     12Z  AVG MX 2MIN
DY MAX MIN AVG DEP HDD CDD  WTR  SNW DPTH SPD SPD DIR MIN PSBL S-S WX    SPD DR
================================================================================

 1  86  41  64   5   1   0 0.00  0.0    0  4.8 13 270   M    M   0        22 290
 2  87  47  67   8   0   2 0.00  0.0    0  3.6 13 260   M    M   0        17 290
 3  89  48  69  10   0   4 0.00  0.0    0  4.5 14 270   M    M   0        18 270
 4  88  51  70  11   0   5 0.00  0.0    0  4.9 16 260   M    M   1 12     32 330
 5  74  51  63   3   2   0 0.00  0.0    0  6.5 16 280   M    M   8 128    20 270
 6  61  45  53  -7  12   0 0.20    M    0  7.9 18 270   M    M  10 18     27 300
 7  52  45  49 -11  16   0 0.91    M    0  6.3 15 180   M    M  10 1      20 180
 8  70  42  56  -4   9   0    T    M    0  4.5 20 300   M    M   2        23 280
 9  68  48  58  -2   7   0 0.00  0.0    0  5.9 13 190   M    M   9 1      17 240
10  63  56  60   0   5   0 0.00  0.0    0  2.6 10 280   M    M  10 1      14 230
11  74  52  63   2   2   0 0.00  0.0    0  4.9 14 290   M    M   3 12     26 270
12  77  53  65   4   0   0 0.00  0.0    0  5.4 15 270   M    M   6 128    17 270
13  73  51  62   1   3   0 0.00  0.0    0  6.0 17 260   M    M   5        20 270
14  70  48  59  -2   6   0 0.00  0.0    0  6.6 14 250   M    M   4        19 210
15  62  46  54  -7  11   0 0.01    M    0  8.0 20 260   M    M   8 1      24 210
16  63  50  57  -5   8   0 0.02  0.0    0  6.0 13 240   M    M   9 1      19 240
17  68  51  60  -2   5   0 0.00  0.0    0  5.7 16 270   M    M   9        20 260
18  76  47  62   0   3   0 0.00  0.0    0  3.7 16 270   M    M   3 12     20 280
19  87  45  66   4   0   1 0.00  0.0    0  7.2 21  90   M    M   0        27  80
20  94  46  70   8   0   5 0.00    M    0  4.5 21 290   M    M   0        26  90
21  91  49  70   8   0   5 0.00  0.0    0  4.6 17 260   M    M   0        21 250
22  90  49  70   8   0   5 0.00  0.0    0  4.7 15 310   M    M   0        25  40
23  92  51  72   9   0   7 0.00  0.0    0  4.3 16 310   M    M   0        20 300
24  83  50  67   4   0   2 0.00  0.0    0  6.8 17 270   M    M   2 12     31 330
25  70  55  63   0   2   0 0.00  0.0    0  6.8 16 270   M    M   8        21 300
26  72  56  64   1   1   0 0.00  0.0    0  6.0 16 280   M    M   7        22 260
================================================================================
SM 1980 1273        93  36  1.14     0.0 142.7          M      114
================================================================================
AV 76.2 49.0                               5.5 FASTST   M    M   4    MAX(MPH)
                                 MISC ---->  # 21  90               # 32  330
================================================================================
NOTES:
# LAST OF SEVERAL OCCURRENCES

COLUMN 17 PEAK WIND IN M.P.H.

PRELIMINARY LOCAL CLIMATOLOGICAL DATA (WS FORM: F-6) , PAGE 2

                                          STATION:  RAMONA AIRPORT CA
                                          MONTH:    MAY
                                          YEAR:     2017
                                          LATITUDE:   33  2 N
                                          LONGITUDE: 116 55 W

[TEMPERATURE DATA]      [PRECIPITATION DATA]       SYMBOLS USED IN COLUMN 16

AVERAGE MONTHLY: 62.6   TOTAL FOR MONTH:   1.14    1 = FOG OR MIST
DPTR FM NORMAL:   1.5   DPTR FM NORMAL:    0.85    2 = FOG REDUCING VISIBILITY
HIGHEST:    94 ON 20    GRTST 24HR  0.91 ON  7- 7      TO 1/4 MILE OR LESS
LOWEST:     41 ON  1                               3 = THUNDER
                        SNOW, ICE PELLETS, HAIL    4 = ICE PELLETS
                        TOTAL MONTH:   0.0 INCH    5 = HAIL
                        GRTST 24HR     0.0         6 = FREEZING RAIN OR DRIZZLE
                        GRTST DEPTH:   0           7 = DUSTSTORM OR SANDSTORM:
                                                       VSBY 1/2 MILE OR LESS
                                                   8 = SMOKE OR HAZE
[NO. OF DAYS WITH]      [WEATHER - DAYS WITH]      9 = BLOWING SNOW
                                                   X = TORNADO
MAX 32 OR BELOW:   0    0.01 INCH OR MORE:   4
MAX 90 OR ABOVE:   4    0.10 INCH OR MORE:   2
MIN 32 OR BELOW:   0    0.50 INCH OR MORE:   1
MIN  0 OR BELOW:   0    1.00 INCH OR MORE:   0

[HDD (BASE 65) ]
TOTAL THIS MO.    93    CLEAR  (SCALE 0-3)  13
DPTR FM NORMAL   -26    PTCLDY (SCALE 4-7)   6
TOTAL FM JUL 1  1902    CLOUDY (SCALE 8-10)  7
DPTR FM NORMAL  -609

[CDD (BASE 65) ]
TOTAL THIS MO.    36
DPTR FM NORMAL    22    [PRESSURE DATA]
TOTAL FM JAN 1    48    HIGHEST SLP M ON M
DPTR FM NORMAL    29    LOWEST  SLP 29.77 ON 24

[REMARKS]
