000
CXUS56 KSGX 281445
CF6RNM
PRELIMINARY LOCAL CLIMATOLOGICAL DATA (WS FORM: F-6)

                                          STATION:   RAMONA AIRPORT CA
                                          MONTH:     AUGUST
                                          YEAR:      2014
                                          LATITUDE:   33  2 N
                                          LONGITUDE: 116 55 W

  TEMPERATURE IN F:       :PCPN:    SNOW:  WIND      :SUNSHINE: SKY     :PK WND
================================================================================
1   2   3   4   5  6A  6B    7    8   9   10  11  12  13   14  15   16   17  18
                                     12Z  AVG MX 2MIN
DY MAX MIN AVG DEP HDD CDD  WTR  SNW DPTH SPD SPD DIR MIN PSBL S-S WX    SPD DR
================================================================================

 1  95  58  77   3   0  12 0.00  0.0    0  5.8 15 270   M    M   0 1      19 270
 2  84  64  74   0   0   9 0.08  0.0    0  3.8 20  40   M    M   4 1      24  20
 3  83  68  76   2   0  11 0.17  0.0    0  4.5 14 280   M    M   9 138    17 270
 4  89  58  74   0   0   9 0.00  0.0    0  5.8 17 260   M    M   1 18     25 250
 5  90  51  71  -3   0   6 0.00  0.0    0  5.1 15 280   M    M   0 1      20 270
 6  83  56  70  -4   0   5 0.00  0.0    0  6.0 16 270   M    M   4 12     21 280
 7  84  58  71  -3   0   6 0.00  0.0    0  4.9 15 270   M    M   4 18     20 290
 8  85  57  71  -3   0   6 0.00  0.0    0  4.7 15 270   M    M   3 18     20 260
 9  85  59  72  -2   0   7 0.00  0.0    0  5.4 16 280   M    M   3 12     22 270
10  90  56  73  -1   0   8 0.00  0.0    0  5.7 15 270   M    M   0 1      21 270
11  93  61  77   3   0  12 0.00  0.0    0  5.5 17 270   M    M   2 12     21 270
12  88  62  75   1   0  10 0.00  0.0    0  6.5 20 270   M    M   2 12     22 260
13  88  60  74   0   0   9 0.00  0.0    0  4.9 14 270   M    M   4 1      19 290
14  92  54  73  -1   0   8 0.00  0.0    0  4.6 15 270   M    M   2 12     20 320
15  94  61  78   4   0  13 0.00  0.0    0  5.1 17 280   M    M   0        20 270
16  96  62  79   5   0  14 0.00  0.0    0  6.4 18 270   M    M   0        25 290
17  95  60  78   4   0  13 0.00  0.0    0  5.5 17 310   M    M   0        23 270
18  92  60  76   2   0  11 0.00  0.0    0  6.4 16 280   M    M   0 1      20 280
19  84  58  71  -3   0   6 0.00  0.0    0  5.8 17 280   M    M   4 18     22 280
20  82  60  71  -3   0   6    T  0.0    0  5.0 15 310   M    M   3        19 300
21  89  59  74   0   0   9    T  0.0    0  5.3 17 270   M    M   4 128    21 300
22  87  57  72  -2   0   7 0.00  0.0    0  4.9 16 290   M    M   0 1      23 280
23  87  49  68  -6   0   3 0.00  0.0    0  5.1 15 290   M    M   0        22 240
24  88  47  68  -6   0   3 0.00  0.0    0  4.3 16 270   M    M   2 12     21 280
25  89  59  74   0   0   9 0.00  0.0    0  4.8 15 270   M    M   0        19 270
26  91  55  73  -1   0   8 0.00  0.0    0  4.9 16 300   M    M   0        21 300
27  96  58  77   3   0  12 0.00  0.0    0  4.5 17 270   M    M   0        22 280
================================================================================
SM 2399 1567         0 232  0.25     0.0 141.2          M       51
================================================================================
AV 88.9 58.0                               5.2 FASTST   M    M   2    MAX(MPH)
                                 MISC ---->  # 20  40               # 25  250
================================================================================
NOTES:
# LAST OF SEVERAL OCCURRENCES

COLUMN 17 PEAK WIND IN M.P.H.

PRELIMINARY LOCAL CLIMATOLOGICAL DATA (WS FORM: F-6) , PAGE 2

                                          STATION:  RAMONA AIRPORT CA
                                          MONTH:    AUGUST
                                          YEAR:     2014
                                          LATITUDE:   33  2 N
                                          LONGITUDE: 116 55 W

[TEMPERATURE DATA]      [PRECIPITATION DATA]       SYMBOLS USED IN COLUMN 16

AVERAGE MONTHLY: 73.4   TOTAL FOR MONTH:   0.25    1 = FOG OR MIST
DPTR FM NORMAL:  -0.6   DPTR FM NORMAL:    0.13    2 = FOG REDUCING VISIBILITY
HIGHEST:    96 ON 27,16 GRTST 24HR  0.25 ON  2- 3      TO 1/4 MILE OR LESS
LOWEST:     47 ON 24                               3 = THUNDER
                        SNOW, ICE PELLETS, HAIL    4 = ICE PELLETS
                        TOTAL MONTH:   0.0 INCH    5 = HAIL
                        GRTST 24HR     0.0         6 = FREEZING RAIN OR DRIZZLE
                        GRTST DEPTH:   0           7 = DUSTSTORM OR SANDSTORM:
                                                       VSBY 1/2 MILE OR LESS
                                                   8 = SMOKE OR HAZE
[NO. OF DAYS WITH]      [WEATHER - DAYS WITH]      9 = BLOWING SNOW
                                                   X = TORNADO
MAX 32 OR BELOW:   0    0.01 INCH OR MORE:   2
MAX 90 OR ABOVE:  11    0.10 INCH OR MORE:   1
MIN 32 OR BELOW:   0    0.50 INCH OR MORE:   0
MIN  0 OR BELOW:   0    1.00 INCH OR MORE:   0

[HDD (BASE 65) ]
TOTAL THIS MO.     0    CLEAR  (SCALE 0-3)  18
DPTR FM NORMAL     0    PTCLDY (SCALE 4-7)   8
TOTAL FM JUL 1     0    CLOUDY (SCALE 8-10)  1
DPTR FM NORMAL    -2

[CDD (BASE 65) ]
TOTAL THIS MO.   232
DPTR FM NORMAL   -10    [PRESSURE DATA]
TOTAL FM JAN 1   694    HIGHEST SLP M ON M
DPTR FM NORMAL   117    LOWEST  SLP 29.78 ON 18

[REMARKS]
